[Tue Jul 21 07:21:10.760937 2026] [security2:error] [pid 230252:tid 230416] [client 92.119.178.3:49796] ModSecurity: Warning. Pattern match "POST" at REQUEST_METHOD. [file "/opt/mod_security/hg_rules.conf"] [line "151"] [id "900405"] [msg "xmlrpc POST logging"] [data "409"] [hostname "vitrineoriginal.online"] [uri "/xmlrpc.php"] [unique_id "al9IFk0Dwhk5-Z44Xro-IAAAArk"]
[Tue Jul 21 07:21:10.766923 2026] [security2:error] [pid 229246:tid 229343] [remote 114.119.157.43:0] ModSecurity: Access denied with code 406 (phase 1). Pattern match "ZoominfoBot|NetcraftSurveyAgent|MJ12bot|(?i:BUbiNG)|D(?i:otbot)| oBot/|MegaIndex\\\\.ru|Barkrowler|Spbot|DomainCrawler|Seznam|CCBot|SiteExplorer|OpenLinkProfiler|Sogou web spider|360Spider|Semrush|Panscient|crawler\\\\.feedback([+]\\\\S+)?@gmail\\\\.com|MauiBo ..." at REQUEST_HEADERS:User-Agent. [file "/opt/mod_security/hg_rules.conf"] [line "585"] [id "999812"] [msg "Problematic Crawler"] [hostname "aud-7.com"] [uri "/good.php"] [unique_id "al9IFiBMYeh5YLVG45xi0QACLGA"], referer: https://aud-7.com/good.php?tvvbf/t310000.html
[Tue Jul 21 07:21:10.825029 2026] [security2:error] [pid 229246:tid 229410] [client 4.204.201.85:17796] ModSecurity: Access denied with code 409 (phase 1). RBL lookup of 85.201.204.4.vulnscan.websitewelcome.com succeeded at REMOTE_ADDR. [file "/opt/mod_security/hg_rules.conf"] [line "1566"] [id "900933"] [msg "Vulnerability Scan RBL: vulnscan.websitewelcome.com"] [hostname "beezar.com.br"] [uri "/class.php"] [unique_id "al9IFiBMYeh5YLVG45xi0gAAAjY"]
[Tue Jul 21 07:21:10.906883 2026] [security2:error] [pid 229246:tid 229476] [client 20.220.225.223:47816] ModSecurity: Access denied with code 409 (phase 1). RBL lookup of 223.225.220.20.vulnscan.websitewelcome.com succeeded at REMOTE_ADDR. [file "/opt/mod_security/hg_rules.conf"] [line "1566"] [id "900933"] [msg "Vulnerability Scan RBL: vulnscan.websitewelcome.com"] [hostname "irrigaplus.com.br"] [uri "/zzz.php"] [unique_id "al9IFiBMYeh5YLVG45xi1AAAAng"]
[Tue Jul 21 07:21:11.071905 2026] [security2:error] [pid 230252:tid 230354] [remote 217.165.161.233:0] ModSecurity: Access denied with code 409 (phase 1). RBL lookup of 233.161.165.217.testwprbl.websitewelcome.com succeeded at REMOTE_ADDR. [file "/opt/mod_security/hg_rules.conf"] [line "176"] [id "900407"] [msg "Wordpress and Joomla Brute RBL: testwprbl.websitewelcome.com"] [hostname "royalbsolutions.com"] [uri "/xmlrpc.php"] [unique_id "al9IF00Dwhk5-Z44Xro-IQACtmM"]
[Tue Jul 21 07:21:11.072087 2026] [security2:error] [pid 230252:tid 230413] [client 217.165.161.233:0] ModSecurity: Warning. Pattern match "POST" at REQUEST_METHOD. [file "/opt/mod_security/hg_rules.conf"] [line "151"] [id "900405"] [msg "xmlrpc POST logging"] [data "409"] [hostname "royalbsolutions.com"] [uri "/xmlrpc.php"] [unique_id "al9IF00Dwhk5-Z44Xro-IQACtmM"]
[Tue Jul 21 07:21:11.112502 2026] [http2:warn] [pid 229246:tid 229461] [client 57.141.18.115:63526] h2_stream(229246-294-1,CLEANUP): started=1, scheduled=1, ready=0, out_buffer=0
[Tue Jul 21 07:21:11.173003 2026] [security2:error] [pid 230252:tid 230395] [client 114.119.144.64:42397] ModSecurity: Access denied with code 406 (phase 1). Pattern match "ZoominfoBot|NetcraftSurveyAgent|MJ12bot|(?i:BUbiNG)|D(?i:otbot)| oBot/|MegaIndex\\\\.ru|Barkrowler|Spbot|DomainCrawler|Seznam|CCBot|SiteExplorer|OpenLinkProfiler|Sogou web spider|360Spider|Semrush|Panscient|crawler\\\\.feedback([+]\\\\S+)?@gmail\\\\.com|MauiBo ..." at REQUEST_HEADERS:User-Agent. [file "/opt/mod_security/hg_rules.conf"] [line "585"] [id "999812"] [msg "Problematic Crawler"] [hostname "www.ellosemijoias.com.br"] [uri "/product-category/pulseiras/pulseiras-semi-joia/"] [unique_id "al9IF00Dwhk5-Z44Xro-JAAAAqQ"], referer: https://www.ellosemijoias.com.br/product-category/pulseiras/pulseiras-semi-joia/?orderby=menu_order
[Tue Jul 21 07:21:11.434080 2026] [security2:error] [pid 230252:tid 230384] [client 4.204.201.85:17896] ModSecurity: Access denied with code 409 (phase 1). RBL lookup of 85.201.204.4.vulnscan.websitewelcome.com succeeded at REMOTE_ADDR. [file "/opt/mod_security/hg_rules.conf"] [line "1566"] [id "900933"] [msg "Vulnerability Scan RBL: vulnscan.websitewelcome.com"] [hostname "beezar.com.br"] [uri "/echkm.php"] [unique_id "al9IF00Dwhk5-Z44Xro-JwAAApk"]
[Tue Jul 21 07:21:11.705691 2026] [security2:error] [pid 229246:tid 229429] [client 20.151.10.161:12046] ModSecurity: Access denied with code 409 (phase 1). RBL lookup of 161.10.151.20.vulnscan.websitewelcome.com succeeded at REMOTE_ADDR. [file "/opt/mod_security/hg_rules.conf"] [line "1566"] [id "900933"] [msg "Vulnerability Scan RBL: vulnscan.websitewelcome.com"] [hostname "webdisk.jandel.com.br"] [uri "/file15.php"] [unique_id "al9IFyBMYeh5YLVG45xi3QAAAkk"]
[Tue Jul 21 07:21:12.171711 2026] [security2:error] [pid 229246:tid 229453] [client 20.104.96.117:59159] ModSecurity: Access denied with code 409 (phase 1). RBL lookup of 117.96.104.20.vulnscan.websitewelcome.com succeeded at REMOTE_ADDR. [file "/opt/mod_security/hg_rules.conf"] [line "1566"] [id "900933"] [msg "Vulnerability Scan RBL: vulnscan.websitewelcome.com"] [hostname "leoamaraldev.com.br"] [uri "/ho.php"] [unique_id "al9IGCBMYeh5YLVG45xi4AAAAmE"]
[Tue Jul 21 07:21:12.227046 2026] [security2:error] [pid 230252:tid 230410] [client 20.206.105.145:30709] ModSecurity: Access denied with code 409 (phase 1). RBL lookup of 145.105.206.20.vulnscan.websitewelcome.com succeeded at REMOTE_ADDR. [file "/opt/mod_security/hg_rules.conf"] [line "1566"] [id "900933"] [msg "Vulnerability Scan RBL: vulnscan.websitewelcome.com"] [hostname "webdisk.psicologafernandaguedes.com"] [uri "/mac.php"] [unique_id "al9IGE0Dwhk5-Z44Xro-MAAAArM"]
[Tue Jul 21 07:21:12.300649 2026] [security2:error] [pid 230252:tid 230445] [client 4.204.201.85:17902] ModSecurity: Access denied with code 409 (phase 1). RBL lookup of 85.201.204.4.vulnscan.websitewelcome.com succeeded at REMOTE_ADDR. [file "/opt/mod_security/hg_rules.conf"] [line "1566"] [id "900933"] [msg "Vulnerability Scan RBL: vulnscan.websitewelcome.com"] [hostname "beezar.com.br"] [uri "/lib.php"] [unique_id "al9IGE0Dwhk5-Z44Xro-OAAAAtY"]
[Tue Jul 21 07:21:12.302737 2026] [security2:error] [pid 229246:tid 229403] [client 74.249.245.134:51019] ModSecurity: Access denied with code 409 (phase 1). RBL lookup of 134.245.249.74.vulnscan.websitewelcome.com succeeded at REMOTE_ADDR. [file "/opt/mod_security/hg_rules.conf"] [line "1566"] [id "900933"] [msg "Vulnerability Scan RBL: vulnscan.websitewelcome.com"] [hostname "drjoaoguedes.com"] [uri "/adminfuns.php"] [unique_id "al9IGCBMYeh5YLVG45xi4gAAAi8"]
[Tue Jul 21 07:21:12.319168 2026] [autoindex:error] [pid 229246:tid 229463] [client 205.210.31.49:58176] AH01276: Cannot serve directory /home2/tiago878/public_html/hostserv/: No matching DirectoryIndex (index.html.var,index.htm,index.html,index.shtml,index.xhtml,index.wml,index.perl,index.pl,index.plx,index.ppl,index.cgi,index.jsp,index.js,index.jp,index.php4,index.php3,index.php,index.phtml,default.htm,default.html,home.htm,index.php5,Default.html,Default.htm,home.html) found, and server-generated directory index forbidden by Options directive
[Tue Jul 21 07:21:12.427222 2026] [security2:error] [pid 230252:tid 230435] [client 47.128.37.143:13046] ModSecurity: Access denied with code 406 (phase 1). Pattern match "ZoominfoBot|NetcraftSurveyAgent|MJ12bot|(?i:BUbiNG)|D(?i:otbot)| oBot/|MegaIndex\\\\.ru|Barkrowler|Spbot|DomainCrawler|Seznam|CCBot|SiteExplorer|OpenLinkProfiler|Sogou web spider|360Spider|Semrush|Panscient|crawler\\\\.feedback([+]\\\\S+)?@gmail\\\\.com|MauiBo ..." at REQUEST_HEADERS:User-Agent. [file "/opt/mod_security/hg_rules.conf"] [line "585"] [id "999812"] [msg "Problematic Crawler"] [hostname "drapatriciavarella.com.br"] [uri "/robots.txt"] [unique_id "al9IGE0Dwhk5-Z44Xro-OgAAAsw"]
[Tue Jul 21 07:21:12.504991 2026] [security2:error] [pid 230252:tid 230400] [client 20.226.60.151:54585] ModSecurity: Access denied with code 409 (phase 1). RBL lookup of 151.60.226.20.vulnscan.websitewelcome.com succeeded at REMOTE_ADDR. [file "/opt/mod_security/hg_rules.conf"] [line "1566"] [id "900933"] [msg "Vulnerability Scan RBL: vulnscan.websitewelcome.com"] [hostname "cpanel.acupunturaebemestar.com.br"] [uri "/gqgsa.php"] [unique_id "al9IGE0Dwhk5-Z44Xro-PAAAAqk"]
[Tue Jul 21 07:21:12.563580 2026] [security2:error] [pid 230252:tid 230416] [client 20.197.192.193:27101] ModSecurity: Access denied with code 409 (phase 1). RBL lookup of 193.192.197.20.vulnscan.websitewelcome.com succeeded at REMOTE_ADDR. [file "/opt/mod_security/hg_rules.conf"] [line "1566"] [id "900933"] [msg "Vulnerability Scan RBL: vulnscan.websitewelcome.com"] [hostname "webmail.oticapersona.com.br"] [uri "/koiy.php"] [unique_id "al9IGE0Dwhk5-Z44Xro-PQAAArk"]
[Tue Jul 21 07:21:12.741118 2026] [http2:warn] [pid 230252:tid 230499] [client 57.141.18.82:56708] h2_stream(230252-113-1,CLEANUP): started=1, scheduled=1, ready=0, out_buffer=0
[Tue Jul 21 07:21:12.823121 2026] [http2:warn] [pid 230252:tid 230450] [client 57.141.18.89:60890] h2_stream(230252-114-1,CLEANUP): started=1, scheduled=1, ready=0, out_buffer=0
[Tue Jul 21 07:21:12.897006 2026] [security2:error] [pid 230252:tid 230485] [client 20.151.10.161:46000] ModSecurity: Access denied with code 409 (phase 1). RBL lookup of 161.10.151.20.vulnscan.websitewelcome.com succeeded at REMOTE_ADDR. [file "/opt/mod_security/hg_rules.conf"] [line "1566"] [id "900933"] [msg "Vulnerability Scan RBL: vulnscan.websitewelcome.com"] [hostname "prospecta.agendaclique.com.br"] [uri "/waf.php"] [unique_id "al9IGE0Dwhk5-Z44Xro-QgAAAv4"]
[Tue Jul 21 07:21:12.963046 2026] [security2:error] [pid 230252:tid 230426] [client 4.204.201.85:17792] ModSecurity: Access denied with code 409 (phase 1). RBL lookup of 85.201.204.4.vulnscan.websitewelcome.com succeeded at REMOTE_ADDR. [file "/opt/mod_security/hg_rules.conf"] [line "1566"] [id "900933"] [msg "Vulnerability Scan RBL: vulnscan.websitewelcome.com"] [hostname "beezar.com.br"] [uri "/login.php"] [unique_id "al9IGE0Dwhk5-Z44Xro-QwAAAsM"]
[Tue Jul 21 07:21:13.098180 2026] [security2:error] [pid 230252:tid 230481] [client 103.121.156.110:62898] ModSecurity: Access denied with code 409 (phase 1). RBL lookup of 110.156.121.103.testwprbl.websitewelcome.com succeeded at REMOTE_ADDR. [file "/opt/mod_security/hg_rules.conf"] [line "176"] [id "900407"] [msg "Wordpress and Joomla Brute RBL: testwprbl.websitewelcome.com"] [hostname "littlefreedom.com.au"] [uri "/xmlrpc.php"] [unique_id "al9IGU0Dwhk5-Z44Xro-RgAAAvo"]
[Tue Jul 21 07:21:13.098318 2026] [security2:error] [pid 230252:tid 230481] [client 103.121.156.110:62898] ModSecurity: Warning. Pattern match "POST" at REQUEST_METHOD. [file "/opt/mod_security/hg_rules.conf"] [line "151"] [id "900405"] [msg "xmlrpc POST logging"] [data "409"] [hostname "littlefreedom.com.au"] [uri "/xmlrpc.php"] [unique_id "al9IGU0Dwhk5-Z44Xro-RgAAAvo"]
[Tue Jul 21 07:21:13.250641 2026] [security2:error] [pid 229246:tid 229394] [client 103.162.129.114:62264] ModSecurity: Access denied with code 409 (phase 1). RBL lookup of 114.129.162.103.testwprbl.websitewelcome.com succeeded at REMOTE_ADDR. [file "/opt/mod_security/hg_rules.conf"] [line "176"] [id "900407"] [msg "Wordpress and Joomla Brute RBL: testwprbl.websitewelcome.com"] [hostname "wilkermoronicriminalista.com"] [uri "/xmlrpc.php"] [unique_id "al9IGSBMYeh5YLVG45xi7wAAAiY"]
[Tue Jul 21 07:21:13.250748 2026] [security2:error] [pid 229246:tid 229394] [client 103.162.129.114:62264] ModSecurity: Warning. Pattern match "POST" at REQUEST_METHOD. [file "/opt/mod_security/hg_rules.conf"] [line "151"] [id "900405"] [msg "xmlrpc POST logging"] [data "409"] [hostname "wilkermoronicriminalista.com"] [uri "/xmlrpc.php"] [unique_id "al9IGSBMYeh5YLVG45xi7wAAAiY"]
[Tue Jul 21 07:21:13.369581 2026] [security2:error] [pid 229246:tid 229381] [client 20.220.225.223:47826] ModSecurity: Access denied with code 409 (phase 1). RBL lookup of 223.225.220.20.vulnscan.websitewelcome.com succeeded at REMOTE_ADDR. [file "/opt/mod_security/hg_rules.conf"] [line "1566"] [id "900933"] [msg "Vulnerability Scan RBL: vulnscan.websitewelcome.com"] [hostname "irrigaplus.com.br"] [uri "/wicked.php"] [unique_id "al9IGSBMYeh5YLVG45xi8QAAAhk"]
[Tue Jul 21 07:21:13.435819 2026] [security2:error] [pid 230252:tid 230385] [client 34.148.166.21:56900] ModSecurity: Access denied with code 409 (phase 1). RBL lookup of 21.166.148.34.testwprbl.websitewelcome.com succeeded at REMOTE_ADDR. [file "/opt/mod_security/hg_rules.conf"] [line "176"] [id "900407"] [msg "Wordpress and Joomla Brute RBL: testwprbl.websitewelcome.com"] [hostname "look.dealspark.com.br"] [uri "/cgi-sys/suspendedpage.cgi/xmlrpc.php"] [unique_id "al9IGE0Dwhk5-Z44Xro-OwAAApo"]
[Tue Jul 21 07:21:13.440861 2026] [security2:error] [pid 229246:tid 229383] [client 20.104.96.117:59143] ModSecurity: Access denied with code 409 (phase 1). RBL lookup of 117.96.104.20.vulnscan.websitewelcome.com succeeded at REMOTE_ADDR. [file "/opt/mod_security/hg_rules.conf"] [line "1566"] [id "900933"] [msg "Vulnerability Scan RBL: vulnscan.websitewelcome.com"] [hostname "leoamaraldev.com.br"] [uri "/xy.php"] [unique_id "al9IGSBMYeh5YLVG45xi9QAAAhs"]
[Tue Jul 21 07:21:13.532218 2026] [security2:error] [pid 229246:tid 229454] [client 4.204.201.85:17814] ModSecurity: Access denied with code 409 (phase 1). RBL lookup of 85.201.204.4.vulnscan.websitewelcome.com succeeded at REMOTE_ADDR. [file "/opt/mod_security/hg_rules.conf"] [line "1566"] [id "900933"] [msg "Vulnerability Scan RBL: vulnscan.websitewelcome.com"] [hostname "beezar.com.br"] [uri "/a2.php"] [unique_id "al9IGSBMYeh5YLVG45xi9wAAAmI"]
[Tue Jul 21 07:21:13.676062 2026] [security2:error] [pid 230252:tid 230495] [client 34.148.166.21:57253] ModSecurity: Access denied with code 406 (phase 1). Pattern match "/wp-includes/wlwmanifest\\\\.xml" at REQUEST_URI. [file "/opt/mod_security/hg_rules.conf"] [line "1541"] [id "900920"] [msg "wlwmanifest spam rule"] [hostname "look.dealspark.com.br"] [uri "/cgi-sys/suspendedpage.cgi/web/wp-includes/wlwmanifest.xml"] [unique_id "al9IGU0Dwhk5-Z44Xro-RwAAAwg"]
[Tue Jul 21 07:21:13.760572 2026] [security2:error] [pid 229246:tid 229493] [client 20.197.192.193:27124] ModSecurity: Access denied with code 409 (phase 1). RBL lookup of 193.192.197.20.vulnscan.websitewelcome.com succeeded at REMOTE_ADDR. [file "/opt/mod_security/hg_rules.conf"] [line "1566"] [id "900933"] [msg "Vulnerability Scan RBL: vulnscan.websitewelcome.com"] [hostname "webmail.oticapersona.com.br"] [uri "/hp2.php"] [unique_id "al9IGSBMYeh5YLVG45xi-gAAAok"]
[Tue Jul 21 07:21:13.902050 2026] [security2:error] [pid 230252:tid 230478] [client 20.206.105.145:30718] ModSecurity: Access denied with code 409 (phase 1). RBL lookup of 145.105.206.20.vulnscan.websitewelcome.com succeeded at REMOTE_ADDR. [file "/opt/mod_security/hg_rules.conf"] [line "1566"] [id "900933"] [msg "Vulnerability Scan RBL: vulnscan.websitewelcome.com"] [hostname "webdisk.psicologafernandaguedes.com"] [uri "/wefile.php"] [unique_id "al9IGU0Dwhk5-Z44Xro-SwAAAvc"]
[Tue Jul 21 07:21:13.949904 2026] [security2:error] [pid 230252:tid 230452] [client 34.148.166.21:51185] ModSecurity: Access denied with code 406 (phase 1). Pattern match "/wp-includes/wlwmanifest\\\\.xml" at REQUEST_URI. [file "/opt/mod_security/hg_rules.conf"] [line "1541"] [id "900920"] [msg "wlwmanifest spam rule"] [hostname "look.dealspark.com.br"] [uri "/cgi-sys/suspendedpage.cgi/wordpress/wp-includes/wlwmanifest.xml"] [unique_id "al9IGU0Dwhk5-Z44Xro-TAAAAt0"]
[Tue Jul 21 07:21:14.059996 2026] [security2:error] [pid 229246:tid 229387] [client 4.204.201.85:17899] ModSecurity: Access denied with code 409 (phase 1). RBL lookup of 85.201.204.4.vulnscan.websitewelcome.com succeeded at REMOTE_ADDR. [file "/opt/mod_security/hg_rules.conf"] [line "1566"] [id "900933"] [msg "Vulnerability Scan RBL: vulnscan.websitewelcome.com"] [hostname "beezar.com.br"] [uri "/d61.php"] [unique_id "al9IGiBMYeh5YLVG45xi_QAAAh8"]
[Tue Jul 21 07:21:14.178438 2026] [http2:warn] [pid 230252:tid 230386] [client 57.141.18.31:41848] h2_stream(230252-116-1,CLEANUP): started=1, scheduled=1, ready=0, out_buffer=0
[Tue Jul 21 07:21:14.221345 2026] [security2:error] [pid 229246:tid 229464] [client 34.148.166.21:64274] ModSecurity: Access denied with code 406 (phase 1). Pattern match "/wp-includes/wlwmanifest\\\\.xml" at REQUEST_URI. [file "/opt/mod_security/hg_rules.conf"] [line "1541"] [id "900920"] [msg "wlwmanifest spam rule"] [hostname "look.dealspark.com.br"] [uri "/cgi-sys/suspendedpage.cgi/2020/wp-includes/wlwmanifest.xml"] [unique_id "al9IGiBMYeh5YLVG45xi_wAAAmw"]
[Tue Jul 21 07:21:14.222750 2026] [security2:error] [pid 229246:tid 229313] [remote 136.232.157.230:0] ModSecurity: Access denied with code 409 (phase 1). RBL lookup of 230.157.232.136.testwprbl.websitewelcome.com succeeded at REMOTE_ADDR. [file "/opt/mod_security/hg_rules.conf"] [line "176"] [id "900407"] [msg "Wordpress and Joomla Brute RBL: testwprbl.websitewelcome.com"] [hostname "compranawebprodutos.com"] [uri "/xmlrpc.php"] [unique_id "al9IGiBMYeh5YLVG45xjAAACekI"]
[Tue Jul 21 07:21:14.222958 2026] [security2:error] [pid 229246:tid 229478] [client 136.232.157.230:0] ModSecurity: Warning. Pattern match "POST" at REQUEST_METHOD. [file "/opt/mod_security/hg_rules.conf"] [line "151"] [id "900405"] [msg "xmlrpc POST logging"] [data "409"] [hostname "compranawebprodutos.com"] [uri "/xmlrpc.php"] [unique_id "al9IGiBMYeh5YLVG45xjAAACekI"]
[Tue Jul 21 07:21:14.277118 2026] [security2:error] [pid 229246:tid 229503] [client 114.119.134.106:52933] ModSecurity: Access denied with code 406 (phase 1). Pattern match "ZoominfoBot|NetcraftSurveyAgent|MJ12bot|(?i:BUbiNG)|D(?i:otbot)| oBot/|MegaIndex\\\\.ru|Barkrowler|Spbot|DomainCrawler|Seznam|CCBot|SiteExplorer|OpenLinkProfiler|Sogou web spider|360Spider|Semrush|Panscient|crawler\\\\.feedback([+]\\\\S+)?@gmail\\\\.com|MauiBo ..." at REQUEST_HEADERS:User-Agent. [file "/opt/mod_security/hg_rules.conf"] [line "585"] [id "999812"] [msg "Problematic Crawler"] [hostname "bcsenepol.com.br"] [uri "/home/sem-titulo-2/"] [unique_id "al9IGiBMYeh5YLVG45xjBAAAApM"], referer: https://bcsenepol.com.br/home/sem-titulo-2/
[Tue Jul 21 07:21:14.283014 2026] [security2:error] [pid 230252:tid 230327] [remote 151.255.40.189:0] ModSecurity: Access denied with code 409 (phase 1). RBL lookup of 189.40.255.151.testwprbl.websitewelcome.com succeeded at REMOTE_ADDR. [file "/opt/mod_security/hg_rules.conf"] [line "176"] [id "900407"] [msg "Wordpress and Joomla Brute RBL: testwprbl.websitewelcome.com"] [hostname "drasumaiajacob.com"] [uri "/xmlrpc.php"] [unique_id "al9IGk0Dwhk5-Z44Xro-TwACs0g"]
[Tue Jul 21 07:21:14.283183 2026] [security2:error] [pid 230252:tid 230410] [client 151.255.40.189:0] ModSecurity: Warning. Pattern match "POST" at REQUEST_METHOD. [file "/opt/mod_security/hg_rules.conf"] [line "151"] [id "900405"] [msg "xmlrpc POST logging"] [data "409"] [hostname "drasumaiajacob.com"] [uri "/xmlrpc.php"] [unique_id "al9IGk0Dwhk5-Z44Xro-TwACs0g"]
[Tue Jul 21 07:21:14.483131 2026] [security2:error] [pid 229246:tid 229414] [client 193.36.225.61:58863] ModSecurity: Access denied with code 409 (phase 1). RBL lookup of 61.225.36.193.vulnscan.websitewelcome.com succeeded at REMOTE_ADDR. [file "/opt/mod_security/hg_rules.conf"] [line "1566"] [id "900933"] [msg "Vulnerability Scan RBL: vulnscan.websitewelcome.com"] [hostname "moldurasbrilhante.com.br"] [uri "/wp-admin/index.php"] [unique_id "al9IGiBMYeh5YLVG45xjBgAAAjo"], referer: https://moldurasbrilhante.com.br/wp-login.php
[Tue Jul 21 07:21:14.484768 2026] [security2:error] [pid 229246:tid 229429] [client 34.148.166.21:50429] ModSecurity: Access denied with code 406 (phase 1). Pattern match "/wp-includes/wlwmanifest\\\\.xml" at REQUEST_URI. [file "/opt/mod_security/hg_rules.conf"] [line "1541"] [id "900920"] [msg "wlwmanifest spam rule"] [hostname "look.dealspark.com.br"] [uri "/cgi-sys/suspendedpage.cgi/2019/wp-includes/wlwmanifest.xml"] [unique_id "al9IGiBMYeh5YLVG45xjBwAAAkk"]
[Tue Jul 21 07:21:14.664330 2026] [security2:error] [pid 229246:tid 229403] [client 20.206.105.145:30604] ModSecurity: Access denied with code 409 (phase 1). RBL lookup of 145.105.206.20.vulnscan.websitewelcome.com succeeded at REMOTE_ADDR. [file "/opt/mod_security/hg_rules.conf"] [line "1566"] [id "900933"] [msg "Vulnerability Scan RBL: vulnscan.websitewelcome.com"] [hostname "webdisk.psicologafernandaguedes.com"] [uri "/modules/mod_simplefileuploadv1.3/elements/filemanager.php"] [unique_id "al9IGiBMYeh5YLVG45xjCQAAAi8"]
[Tue Jul 21 07:21:14.731419 2026] [security2:error] [pid 230252:tid 230420] [client 34.148.166.21:64680] ModSecurity: Access denied with code 406 (phase 1). Pattern match "/wp-includes/wlwmanifest\\\\.xml" at REQUEST_URI. [file "/opt/mod_security/hg_rules.conf"] [line "1541"] [id "900920"] [msg "wlwmanifest spam rule"] [hostname "look.dealspark.com.br"] [uri "/cgi-sys/suspendedpage.cgi/2021/wp-includes/wlwmanifest.xml"] [unique_id "al9IGk0Dwhk5-Z44Xro-UAAAAr0"]
[Tue Jul 21 07:21:14.787477 2026] [http2:warn] [pid 229246:tid 229489] [client 57.141.18.51:39434] h2_stream(229246-298-1,CLEANUP): started=1, scheduled=1, ready=0, out_buffer=0
[Tue Jul 21 07:21:14.810218 2026] [security2:error] [pid 230252:tid 230398] [client 4.204.201.85:17914] ModSecurity: Access denied with code 409 (phase 1). RBL lookup of 85.201.204.4.vulnscan.websitewelcome.com succeeded at REMOTE_ADDR. [file "/opt/mod_security/hg_rules.conf"] [line "1566"] [id "900933"] [msg "Vulnerability Scan RBL: vulnscan.websitewelcome.com"] [hostname "beezar.com.br"] [uri "/info.php"] [unique_id "al9IGk0Dwhk5-Z44Xro-UQAAAqc"]
[Tue Jul 21 07:21:14.946650 2026] [http2:warn] [pid 229246:tid 229440] [client 57.141.18.5:49164] h2_stream(229246-300-1,CLEANUP): started=1, scheduled=1, ready=0, out_buffer=0
[Tue Jul 21 07:21:14.987099 2026] [security2:error] [pid 230252:tid 230400] [client 34.148.166.21:57053] ModSecurity: Access denied with code 406 (phase 1). Pattern match "/wp-includes/wlwmanifest\\\\.xml" at REQUEST_URI. [file "/opt/mod_security/hg_rules.conf"] [line "1541"] [id "900920"] [msg "wlwmanifest spam rule"] [hostname "look.dealspark.com.br"] [uri "/cgi-sys/suspendedpage.cgi/shop/wp-includes/wlwmanifest.xml"] [unique_id "al9IGk0Dwhk5-Z44Xro-VgAAAqk"]
[Tue Jul 21 07:21:15.037493 2026] [security2:error] [pid 230252:tid 230389] [client 20.104.96.117:59680] ModSecurity: Access denied with code 409 (phase 1). RBL lookup of 117.96.104.20.vulnscan.websitewelcome.com succeeded at REMOTE_ADDR. [file "/opt/mod_security/hg_rules.conf"] [line "1566"] [id "900933"] [msg "Vulnerability Scan RBL: vulnscan.websitewelcome.com"] [hostname "leoamaraldev.com.br"] [uri "/loader.php"] [unique_id "al9IG00Dwhk5-Z44Xro-WAAAAp4"]
[Tue Jul 21 07:21:15.101691 2026] [security2:error] [pid 229246:tid 229459] [client 20.220.225.223:34208] ModSecurity: Access denied with code 409 (phase 1). RBL lookup of 223.225.220.20.vulnscan.websitewelcome.com succeeded at REMOTE_ADDR. [file "/opt/mod_security/hg_rules.conf"] [line "1566"] [id "900933"] [msg "Vulnerability Scan RBL: vulnscan.websitewelcome.com"] [hostname "quattrotech.com.br"] [uri "/2x.php"] [unique_id "al9IGyBMYeh5YLVG45xjDwAAAmc"]
[Tue Jul 21 07:21:15.131382 2026] [security2:error] [pid 230252:tid 230430] [client 20.220.225.223:59465] ModSecurity: Access denied with code 409 (phase 1). RBL lookup of 223.225.220.20.vulnscan.websitewelcome.com succeeded at REMOTE_ADDR. [file "/opt/mod_security/hg_rules.conf"] [line "1566"] [id "900933"] [msg "Vulnerability Scan RBL: vulnscan.websitewelcome.com"] [hostname "irrigaplus.com.br"] [uri "/edit.php"] [unique_id "al9IG00Dwhk5-Z44Xro-WgAAAsc"]
[Tue Jul 21 07:21:15.235475 2026] [security2:error] [pid 230252:tid 230501] [client 14.139.42.196:1816] ModSecurity: Access denied with code 409 (phase 1). RBL lookup of 196.42.139.14.testwprbl.websitewelcome.com succeeded at REMOTE_ADDR. [file "/opt/mod_security/hg_rules.conf"] [line "176"] [id "900407"] [msg "Wordpress and Joomla Brute RBL: testwprbl.websitewelcome.com"] [hostname "potencialilimitado.com.br"] [uri "/xmlrpc.php"] [unique_id "al9IG00Dwhk5-Z44Xro-XAAAAw4"]
[Tue Jul 21 07:21:15.235582 2026] [security2:error] [pid 230252:tid 230501] [client 14.139.42.196:1816] ModSecurity: Warning. Pattern match "POST" at REQUEST_METHOD. [file "/opt/mod_security/hg_rules.conf"] [line "151"] [id "900405"] [msg "xmlrpc POST logging"] [data "409"] [hostname "potencialilimitado.com.br"] [uri "/xmlrpc.php"] [unique_id "al9IG00Dwhk5-Z44Xro-XAAAAw4"]
[Tue Jul 21 07:21:15.257705 2026] [security2:error] [pid 230252:tid 230440] [client 34.148.166.21:60358] ModSecurity: Access denied with code 406 (phase 1). Pattern match "/wp-includes/wlwmanifest\\\\.xml" at REQUEST_URI. [file "/opt/mod_security/hg_rules.conf"] [line "1541"] [id "900920"] [msg "wlwmanifest spam rule"] [hostname "look.dealspark.com.br"] [uri "/cgi-sys/suspendedpage.cgi/test/wp-includes/wlwmanifest.xml"] [unique_id "al9IG00Dwhk5-Z44Xro-XQAAAtE"]
[Tue Jul 21 07:21:15.407069 2026] [security2:error] [pid 230252:tid 230395] [client 20.197.192.193:27173] ModSecurity: Access denied with code 409 (phase 1). RBL lookup of 193.192.197.20.vulnscan.websitewelcome.com succeeded at REMOTE_ADDR. [file "/opt/mod_security/hg_rules.conf"] [line "1566"] [id "900933"] [msg "Vulnerability Scan RBL: vulnscan.websitewelcome.com"] [hostname "webmail.oticapersona.com.br"] [uri "/hp3.php"] [unique_id "al9IG00Dwhk5-Z44Xro-XwAAAqQ"]
[Tue Jul 21 07:21:15.463452 2026] [security2:error] [pid 229246:tid 229391] [client 45.251.232.145:64771] ModSecurity: Access denied with code 409 (phase 1). RBL lookup of 145.232.251.45.testwprbl.websitewelcome.com succeeded at REMOTE_ADDR. [file "/opt/mod_security/hg_rules.conf"] [line "176"] [id "900407"] [msg "Wordpress and Joomla Brute RBL: testwprbl.websitewelcome.com"] [hostname "havoy.com.br"] [uri "/xmlrpc.php"] [unique_id "al9IGyBMYeh5YLVG45xjFwAAAiM"]
[Tue Jul 21 07:21:15.463947 2026] [security2:error] [pid 229246:tid 229391] [client 45.251.232.145:64771] ModSecurity: Warning. Pattern match "POST" at REQUEST_METHOD. [file "/opt/mod_security/hg_rules.conf"] [line "151"] [id "900405"] [msg "xmlrpc POST logging"] [data "409"] [hostname "havoy.com.br"] [uri "/xmlrpc.php"] [unique_id "al9IGyBMYeh5YLVG45xjFwAAAiM"]
[Tue Jul 21 07:21:15.541703 2026] [security2:error] [pid 229246:tid 229441] [client 34.148.166.21:54746] ModSecurity: Access denied with code 406 (phase 1). Pattern match "/wp-includes/wlwmanifest\\\\.xml" at REQUEST_URI. [file "/opt/mod_security/hg_rules.conf"] [line "1541"] [id "900920"] [msg "wlwmanifest spam rule"] [hostname "look.dealspark.com.br"] [uri "/cgi-sys/suspendedpage.cgi/site/wp-includes/wlwmanifest.xml"] [unique_id "al9IGyBMYeh5YLVG45xjGQAAAlU"]
[Tue Jul 21 07:21:15.585733 2026] [security2:error] [pid 229246:tid 229496] [client 4.204.201.85:44006] ModSecurity: Access denied with code 409 (phase 1). RBL lookup of 85.201.204.4.vulnscan.websitewelcome.com succeeded at REMOTE_ADDR. [file "/opt/mod_security/hg_rules.conf"] [line "1566"] [id "900933"] [msg "Vulnerability Scan RBL: vulnscan.websitewelcome.com"] [hostname "beezar.com.br"] [uri "/11.php"] [unique_id "al9IGyBMYeh5YLVG45xjGwAAAow"]
[Tue Jul 21 07:21:16.004018 2026] [security2:error] [pid 230252:tid 230392] [client 20.197.192.193:27094] ModSecurity: Access denied with code 409 (phase 1). RBL lookup of 193.192.197.20.vulnscan.websitewelcome.com succeeded at REMOTE_ADDR. [file "/opt/mod_security/hg_rules.conf"] [line "1566"] [id "900933"] [msg "Vulnerability Scan RBL: vulnscan.websitewelcome.com"] [hostname "webmail.oticapersona.com.br"] [uri "/aa1.php"] [unique_id "al9IHE0Dwhk5-Z44Xro-aAAAAqE"]
[Tue Jul 21 07:21:16.014747 2026] [security2:error] [pid 229246:tid 229501] [client 114.119.138.178:51841] ModSecurity: Access denied with code 406 (phase 1). Pattern match "ZoominfoBot|NetcraftSurveyAgent|MJ12bot|(?i:BUbiNG)|D(?i:otbot)| oBot/|MegaIndex\\\\.ru|Barkrowler|Spbot|DomainCrawler|Seznam|CCBot|SiteExplorer|OpenLinkProfiler|Sogou web spider|360Spider|Semrush|Panscient|crawler\\\\.feedback([+]\\\\S+)?@gmail\\\\.com|MauiBo ..." at REQUEST_HEADERS:User-Agent. [file "/opt/mod_security/hg_rules.conf"] [line "585"] [id "999812"] [msg "Problematic Crawler"] [hostname "www.dharmanet.com.br"] [uri "/honganji"] [unique_id "al9IHCBMYeh5YLVG45xjIQAAApE"], referer: http://www.buddhanet.info/wbd/region.php?id=7900&offset=5325
[Tue Jul 21 07:21:16.132548 2026] [security2:error] [pid 230252:tid 230465] [client 20.104.96.117:59183] ModSecurity: Access denied with code 409 (phase 1). RBL lookup of 117.96.104.20.vulnscan.websitewelcome.com succeeded at REMOTE_ADDR. [file "/opt/mod_security/hg_rules.conf"] [line "1566"] [id "900933"] [msg "Vulnerability Scan RBL: vulnscan.websitewelcome.com"] [hostname "leoamaraldev.com.br"] [uri "/spadex.php"] [unique_id "al9IHE0Dwhk5-Z44Xro-aQAAAuo"]
[Tue Jul 21 07:21:16.165386 2026] [security2:error] [pid 229246:tid 229355] [remote 2401:4900:88d1:e59:19d5:3e3b:eedf:b645:0] ModSecurity: Access denied with code 406 (phase 2). Operator GT matched 0 at USER:bf_block. [file "/opt/mod_security/hg_rules.conf"] [line "1482"] [id "909121"] [msg "IP address blocked, too many xmlrpc.php failures"] [hostname "aud-7.com"] [uri "/xmlrpc.php"] [unique_id "al9IHCBMYeh5YLVG45xjIgACG2w"]
[Tue Jul 21 07:21:16.165519 2026] [security2:error] [pid 229246:tid 229383] [client 2401:4900:88d1:e59:19d5:3e3b:eedf:b645:0] ModSecurity: Warning. Pattern match "POST" at REQUEST_METHOD. [file "/opt/mod_security/hg_rules.conf"] [line "151"] [id "900405"] [msg "xmlrpc POST logging"] [data "406"] [hostname "aud-7.com"] [uri "/xmlrpc.php"] [unique_id "al9IHCBMYeh5YLVG45xjIgACG2w"]
[Tue Jul 21 07:21:16.246477 2026] [security2:error] [pid 230252:tid 230428] [client 4.204.201.85:17797] ModSecurity: Access denied with code 409 (phase 1). RBL lookup of 85.201.204.4.vulnscan.websitewelcome.com succeeded at REMOTE_ADDR. [file "/opt/mod_security/hg_rules.conf"] [line "1566"] [id "900933"] [msg "Vulnerability Scan RBL: vulnscan.websitewelcome.com"] [hostname "beezar.com.br"] [uri "/v2.php"] [unique_id "al9IHE0Dwhk5-Z44Xro-agAAAsU"]
[Tue Jul 21 07:21:16.376432 2026] [security2:error] [pid 230252:tid 230510] [client 173.252.95.57:34208] ModSecurity: Access denied with code 409 (phase 1). RBL lookup of 57.95.252.173.vulnscan.websitewelcome.com succeeded at REMOTE_ADDR. [file "/opt/mod_security/hg_rules.conf"] [line "1566"] [id "900933"] [msg "Vulnerability Scan RBL: vulnscan.websitewelcome.com"] [hostname "saude.agendaclique.com.br"] [uri "/webhook/meta_router.php"] [unique_id "al9IG00Dwhk5-Z44Xro-WwAAAxc"]
[Tue Jul 21 07:21:16.473172 2026] [http2:warn] [pid 230252:tid 230492] [client 57.141.18.95:54948] h2_stream(230252-125-1,CLEANUP): started=1, scheduled=1, ready=0, out_buffer=0
[Tue Jul 21 07:21:16.701256 2026] [security2:error] [pid 229246:tid 229431] [client 20.206.105.145:30694] ModSecurity: Access denied with code 409 (phase 1). RBL lookup of 145.105.206.20.vulnscan.websitewelcome.com succeeded at REMOTE_ADDR. [file "/opt/mod_security/hg_rules.conf"] [line "1566"] [id "900933"] [msg "Vulnerability Scan RBL: vulnscan.websitewelcome.com"] [hostname "webdisk.psicologafernandaguedes.com"] [uri "/wp-admin/css/colour.php"] [unique_id "al9IHCBMYeh5YLVG45xjLAAAAks"]
[Tue Jul 21 07:21:16.888439 2026] [security2:error] [pid 230252:tid 230389] [client 4.204.201.85:17816] ModSecurity: Access denied with code 409 (phase 1). RBL lookup of 85.201.204.4.vulnscan.websitewelcome.com succeeded at REMOTE_ADDR. [file "/opt/mod_security/hg_rules.conf"] [line "1566"] [id "900933"] [msg "Vulnerability Scan RBL: vulnscan.websitewelcome.com"] [hostname "beezar.com.br"] [uri "/panel.php"] [unique_id "al9IHE0Dwhk5-Z44Xro-cwAAAp4"]
[Tue Jul 21 07:21:17.342001 2026] [security2:error] [pid 230252:tid 230412] [client 20.104.96.117:59138] ModSecurity: Access denied with code 409 (phase 1). RBL lookup of 117.96.104.20.vulnscan.websitewelcome.com succeeded at REMOTE_ADDR. [file "/opt/mod_security/hg_rules.conf"] [line "1566"] [id "900933"] [msg "Vulnerability Scan RBL: vulnscan.websitewelcome.com"] [hostname "leoamaraldev.com.br"] [uri "/2x.php"] [unique_id "al9IHU0Dwhk5-Z44Xro-dQAAArU"]
[Tue Jul 21 07:21:17.438213 2026] [security2:error] [pid 229246:tid 229403] [client 20.151.10.161:11762] ModSecurity: Access denied with code 409 (phase 1). RBL lookup of 161.10.151.20.vulnscan.websitewelcome.com succeeded at REMOTE_ADDR. [file "/opt/mod_security/hg_rules.conf"] [line "1566"] [id "900933"] [msg "Vulnerability Scan RBL: vulnscan.websitewelcome.com"] [hostname "webdisk.jandel.com.br"] [uri "/jp.php"] [unique_id "al9IHSBMYeh5YLVG45xjNAAAAi8"]
[Tue Jul 21 07:21:17.581767 2026] [security2:error] [pid 230252:tid 230496] [client 20.206.105.145:30644] ModSecurity: Access denied with code 409 (phase 1). RBL lookup of 145.105.206.20.vulnscan.websitewelcome.com succeeded at REMOTE_ADDR. [file "/opt/mod_security/hg_rules.conf"] [line "1566"] [id "900933"] [msg "Vulnerability Scan RBL: vulnscan.websitewelcome.com"] [hostname "webdisk.psicologafernandaguedes.com"] [uri "/like.php"] [unique_id "al9IHU0Dwhk5-Z44Xro-eQAAAwk"]
[Tue Jul 21 07:21:17.581957 2026] [http2:warn] [pid 230252:tid 230453] [client 57.141.18.75:31792] h2_stream(230252-129-1,CLEANUP): started=1, scheduled=1, ready=0, out_buffer=0
[Tue Jul 21 07:21:17.644007 2026] [security2:error] [pid 229246:tid 229430] [client 74.249.245.134:62296] ModSecurity: Access denied with code 409 (phase 1). RBL lookup of 134.245.249.74.vulnscan.websitewelcome.com succeeded at REMOTE_ADDR. [file "/opt/mod_security/hg_rules.conf"] [line "1566"] [id "900933"] [msg "Vulnerability Scan RBL: vulnscan.websitewelcome.com"] [hostname "drjoaoguedes.com"] [uri "/php8.php"] [unique_id "al9IHSBMYeh5YLVG45xjOQAAAko"]
[Tue Jul 21 07:21:17.649901 2026] [proxy:error] [pid 230252:tid 230395] (111)Connection refused: AH00957: http: attempt to connect to 127.0.0.1:2079 (127.0.0.1:2079) failed
[Tue Jul 21 07:21:17.649969 2026] [proxy_http:error] [pid 230252:tid 230395] [client 161.35.142.61:58978] AH01114: HTTP: failed to make connection to backend: 127.0.0.1
[Tue Jul 21 07:21:17.650558 2026] [proxy:error] [pid 230252:tid 230395] (111)Connection refused: AH00957: http: attempt to connect to 127.0.0.1:2079 (127.0.0.1:2079) failed
[Tue Jul 21 07:21:17.650586 2026] [proxy_http:error] [pid 230252:tid 230395] [client 161.35.142.61:58978] AH01114: HTTP: failed to make connection to backend: 127.0.0.1
[Tue Jul 21 07:21:17.728333 2026] [security2:error] [pid 229246:tid 229432] [client 8.228.118.177:54822] ModSecurity: Access denied with code 406 (phase 1). Pattern match "/wp-includes/wlwmanifest\\\\.xml" at REQUEST_URI. [file "/opt/mod_security/hg_rules.conf"] [line "1541"] [id "900920"] [msg "wlwmanifest spam rule"] [hostname "www.g7laboratoriooptico.com.br"] [uri "/wp-includes/wlwmanifest.xml"] [unique_id "al9IHSBMYeh5YLVG45xjOgAAAkw"]
[Tue Jul 21 07:21:17.745587 2026] [security2:error] [pid 229246:tid 229404] [client 20.197.192.193:27156] ModSecurity: Access denied with code 409 (phase 1). RBL lookup of 193.192.197.20.vulnscan.websitewelcome.com succeeded at REMOTE_ADDR. [file "/opt/mod_security/hg_rules.conf"] [line "1566"] [id "900933"] [msg "Vulnerability Scan RBL: vulnscan.websitewelcome.com"] [hostname "webmail.oticapersona.com.br"] [uri "/acew67.php"] [unique_id "al9IHSBMYeh5YLVG45xjOwAAAjA"]
[Tue Jul 21 07:21:17.883019 2026] [proxy:error] [pid 230252:tid 230385] (111)Connection refused: AH00957: http: attempt to connect to 127.0.0.1:2079 (127.0.0.1:2079) failed
[Tue Jul 21 07:21:17.883094 2026] [proxy_http:error] [pid 230252:tid 230385] [client 161.35.142.61:58982] AH01114: HTTP: failed to make connection to backend: 127.0.0.1, referer: http://cpcontacts.dpatrick.com.br/
[Tue Jul 21 07:21:17.883746 2026] [proxy:error] [pid 230252:tid 230385] (111)Connection refused: AH00957: http: attempt to connect to 127.0.0.1:2079 (127.0.0.1:2079) failed
[Tue Jul 21 07:21:17.883780 2026] [proxy_http:error] [pid 230252:tid 230385] [client 161.35.142.61:58982] AH01114: HTTP: failed to make connection to backend: 127.0.0.1, referer: http://cpcontacts.dpatrick.com.br/
[Tue Jul 21 07:21:17.975759 2026] [security2:error] [pid 230252:tid 230384] [client 8.228.118.177:54753] ModSecurity: Access denied with code 409 (phase 1). RBL lookup of 177.118.228.8.testwprbl.websitewelcome.com succeeded at REMOTE_ADDR. [file "/opt/mod_security/hg_rules.conf"] [line "176"] [id "900407"] [msg "Wordpress and Joomla Brute RBL: testwprbl.websitewelcome.com"] [hostname "www.g7laboratoriooptico.com.br"] [uri "/xmlrpc.php"] [unique_id "al9IHU0Dwhk5-Z44Xro-fQAAApk"]
[Tue Jul 21 07:21:18.016197 2026] [security2:error] [pid 230252:tid 230409] [client 20.104.96.117:59655] ModSecurity: Access denied with code 409 (phase 1). RBL lookup of 117.96.104.20.vulnscan.websitewelcome.com succeeded at REMOTE_ADDR. [file "/opt/mod_security/hg_rules.conf"] [line "1566"] [id "900933"] [msg "Vulnerability Scan RBL: vulnscan.websitewelcome.com"] [hostname "leoamaraldev.com.br"] [uri "/ctex1.php"] [unique_id "al9IHk0Dwhk5-Z44Xro-fwAAArI"]
[Tue Jul 21 07:21:18.063116 2026] [security2:error] [pid 229246:tid 229391] [client 20.220.225.223:36831] ModSecurity: Access denied with code 409 (phase 1). RBL lookup of 223.225.220.20.vulnscan.websitewelcome.com succeeded at REMOTE_ADDR. [file "/opt/mod_security/hg_rules.conf"] [line "1566"] [id "900933"] [msg "Vulnerability Scan RBL: vulnscan.websitewelcome.com"] [hostname "irrigaplus.com.br"] [uri "/kua.php"] [unique_id "al9IHiBMYeh5YLVG45xjQAAAAiM"]
[Tue Jul 21 07:21:18.227876 2026] [security2:error] [pid 229246:tid 229408] [client 8.228.118.177:65447] ModSecurity: Access denied with code 406 (phase 1). Pattern match "/wp-includes/wlwmanifest\\\\.xml" at REQUEST_URI. [file "/opt/mod_security/hg_rules.conf"] [line "1541"] [id "900920"] [msg "wlwmanifest spam rule"] [hostname "www.g7laboratoriooptico.com.br"] [uri "/blog/wp-includes/wlwmanifest.xml"] [unique_id "al9IHiBMYeh5YLVG45xjQgAAAjQ"]
[Tue Jul 21 07:21:18.346530 2026] [proxy:error] [pid 229246:tid 229472] (111)Connection refused: AH00957: http: attempt to connect to 127.0.0.1:2079 (127.0.0.1:2079) failed
[Tue Jul 21 07:21:18.346568 2026] [proxy_http:error] [pid 229246:tid 229472] [client 161.35.142.61:47716] AH01114: HTTP: failed to make connection to backend: 127.0.0.1
[Tue Jul 21 07:21:18.347319 2026] [proxy:error] [pid 229246:tid 229472] (111)Connection refused: AH00957: http: attempt to connect to 127.0.0.1:2079 (127.0.0.1:2079) failed
[Tue Jul 21 07:21:18.347358 2026] [proxy_http:error] [pid 229246:tid 229472] [client 161.35.142.61:47716] AH01114: HTTP: failed to make connection to backend: 127.0.0.1
[Tue Jul 21 07:21:18.389525 2026] [security2:error] [pid 230252:tid 230399] [client 20.226.60.151:54497] ModSecurity: Access denied with code 409 (phase 1). RBL lookup of 151.60.226.20.vulnscan.websitewelcome.com succeeded at REMOTE_ADDR. [file "/opt/mod_security/hg_rules.conf"] [line "1566"] [id "900933"] [msg "Vulnerability Scan RBL: vulnscan.websitewelcome.com"] [hostname "cpanel.acupunturaebemestar.com.br"] [uri "/elbzl.php"] [unique_id "al9IHk0Dwhk5-Z44Xro-ggAAAqg"]
[Tue Jul 21 07:21:18.442657 2026] [security2:error] [pid 230252:tid 230478] [client 114.119.141.152:43445] ModSecurity: Access denied with code 406 (phase 1). Pattern match "ZoominfoBot|NetcraftSurveyAgent|MJ12bot|(?i:BUbiNG)|D(?i:otbot)| oBot/|MegaIndex\\\\.ru|Barkrowler|Spbot|DomainCrawler|Seznam|CCBot|SiteExplorer|OpenLinkProfiler|Sogou web spider|360Spider|Semrush|Panscient|crawler\\\\.feedback([+]\\\\S+)?@gmail\\\\.com|MauiBo ..." at REQUEST_HEADERS:User-Agent. [file "/opt/mod_security/hg_rules.conf"] [line "585"] [id "999812"] [msg "Problematic Crawler"] [hostname "www.ssvistorias.com.br"] [uri "/zgkb.php"] [unique_id "al9IHk0Dwhk5-Z44Xro-gwAAAvc"], referer: http://www.ssvistorias.com.br/zgkb.php?mall/-gdq/21/tg_22276/
[Tue Jul 21 07:21:18.478501 2026] [security2:error] [pid 230252:tid 230484] [client 8.228.118.177:55272] ModSecurity: Access denied with code 406 (phase 1). Pattern match "/wp-includes/wlwmanifest\\\\.xml" at REQUEST_URI. [file "/opt/mod_security/hg_rules.conf"] [line "1541"] [id "900920"] [msg "wlwmanifest spam rule"] [hostname "www.g7laboratoriooptico.com.br"] [uri "/web/wp-includes/wlwmanifest.xml"] [unique_id "al9IHk0Dwhk5-Z44Xro-hQAAAv0"]
[Tue Jul 21 07:21:18.616156 2026] [http2:warn] [pid 230252:tid 230506] [client 57.141.18.72:43702] h2_stream(230252-131-1,CLEANUP): started=1, scheduled=1, ready=0, out_buffer=0
[Tue Jul 21 07:21:18.655502 2026] [security2:error] [pid 230252:tid 230454] [client 193.36.225.65:53047] ModSecurity: Access denied with code 409 (phase 1). RBL lookup of 65.225.36.193.vulnscan.websitewelcome.com succeeded at REMOTE_ADDR. [file "/opt/mod_security/hg_rules.conf"] [line "1566"] [id "900933"] [msg "Vulnerability Scan RBL: vulnscan.websitewelcome.com"] [hostname "moldurasbrilhante.com.br"] [uri "/wp-login.php"] [unique_id "al9IHk0Dwhk5-Z44Xro-hAAAAt8"], referer: https://moldurasbrilhante.com.br/wp-login.php
[Tue Jul 21 07:21:18.711644 2026] [security2:error] [pid 230252:tid 230441] [client 20.197.192.193:27103] ModSecurity: Access denied with code 409 (phase 1). RBL lookup of 193.192.197.20.vulnscan.websitewelcome.com succeeded at REMOTE_ADDR. [file "/opt/mod_security/hg_rules.conf"] [line "1566"] [id "900933"] [msg "Vulnerability Scan RBL: vulnscan.websitewelcome.com"] [hostname "webmail.oticapersona.com.br"] [uri "/bscclapb.php"] [unique_id "al9IHk0Dwhk5-Z44Xro-igAAAtI"]
[Tue Jul 21 07:21:18.726312 2026] [security2:error] [pid 230252:tid 230510] [client 8.228.118.177:64088] ModSecurity: Access denied with code 406 (phase 1). Pattern match "/wp-includes/wlwmanifest\\\\.xml" at REQUEST_URI. [file "/opt/mod_security/hg_rules.conf"] [line "1541"] [id "900920"] [msg "wlwmanifest spam rule"] [hostname "www.g7laboratoriooptico.com.br"] [uri "/wordpress/wp-includes/wlwmanifest.xml"] [unique_id "al9IHk0Dwhk5-Z44Xro-iwAAAxc"]
[Tue Jul 21 07:21:18.974305 2026] [security2:error] [pid 230252:tid 230421] [client 8.228.118.177:63134] ModSecurity: Access denied with code 406 (phase 1). Pattern match "/wp-includes/wlwmanifest\\\\.xml" at REQUEST_URI. [file "/opt/mod_security/hg_rules.conf"] [line "1541"] [id "900920"] [msg "wlwmanifest spam rule"] [hostname "www.g7laboratoriooptico.com.br"] [uri "/website/wp-includes/wlwmanifest.xml"] [unique_id "al9IHk0Dwhk5-Z44Xro-jQAAAr4"]
[Tue Jul 21 07:21:19.059317 2026] [security2:error] [pid 229246:tid 229453] [client 74.7.241.190:0] ModSecurity: Warning. Matched phrase "oBot" at REQUEST_HEADERS:User-Agent. [file "/opt/mod_security/hg_rules.conf"] [line "168"] [id "350001"] [msg "BAD BOT - Detected LOGGING"] [data "200"] [hostname "printcom.com.br"] [uri "/index.php"] [unique_id "al9IHSBMYeh5YLVG45xjNwACYRI"], referer: http://printcom.com.br/robots.txt
[Tue Jul 21 07:21:19.100501 2026] [security2:error] [pid 230252:tid 230435] [client 114.119.158.106:0] ModSecurity: Access denied with code 406 (phase 1). Pattern match "ZoominfoBot|NetcraftSurveyAgent|MJ12bot|(?i:BUbiNG)|D(?i:otbot)| oBot/|MegaIndex\\\\.ru|Barkrowler|Spbot|DomainCrawler|Seznam|CCBot|SiteExplorer|OpenLinkProfiler|Sogou web spider|360Spider|Semrush|Panscient|crawler\\\\.feedback([+]\\\\S+)?@gmail\\\\.com|MauiBo ..." at REQUEST_HEADERS:User-Agent. [file "/opt/mod_security/hg_rules.conf"] [line "585"] [id "999812"] [msg "Problematic Crawler"] [hostname "www.sobradoimoveis.com.br"] [uri "/imovel/casa-3-quartos-com-garagem-13405m2-venda-atiradores-joinville-sc-kr444"] [unique_id "al9IH00Dwhk5-Z44Xro-kAAAAsw"], referer: https://www.sobradoimoveis.com.br/imovel/casa-3-quartos-com-garagem-13405m2-venda-atiradores-joinville-sc-kr444?opcao=KR444&cd_empresa=4
[Tue Jul 21 07:21:19.107416 2026] [security2:error] [pid 229246:tid 229452] [client 4.204.201.85:17795] ModSecurity: Access denied with code 409 (phase 1). RBL lookup of 85.201.204.4.vulnscan.websitewelcome.com succeeded at REMOTE_ADDR. [file "/opt/mod_security/hg_rules.conf"] [line "1566"] [id "900933"] [msg "Vulnerability Scan RBL: vulnscan.websitewelcome.com"] [hostname "beezar.com.br"] [uri "/dex.php"] [unique_id "al9IHyBMYeh5YLVG45xjUwAAAmA"]
[Tue Jul 21 07:21:19.111636 2026] [security2:error] [pid 230252:tid 230332] [remote 103.190.239.132:0] ModSecurity: Access denied with code 409 (phase 1). RBL lookup of 132.239.190.103.testwprbl.websitewelcome.com succeeded at REMOTE_ADDR. [file "/opt/mod_security/hg_rules.conf"] [line "176"] [id "900407"] [msg "Wordpress and Joomla Brute RBL: testwprbl.websitewelcome.com"] [hostname "vidrosprovetro.com.br"] [uri "/xmlrpc.php"] [unique_id "al9IH00Dwhk5-Z44Xro-kQACp00"]
[Tue Jul 21 07:21:19.111770 2026] [security2:error] [pid 230252:tid 230398] [client 103.190.239.132:0] ModSecurity: Warning. Pattern match "POST" at REQUEST_METHOD. [file "/opt/mod_security/hg_rules.conf"] [line "151"] [id "900405"] [msg "xmlrpc POST logging"] [data "409"] [hostname "vidrosprovetro.com.br"] [uri "/xmlrpc.php"] [unique_id "al9IH00Dwhk5-Z44Xro-kQACp00"]
[Tue Jul 21 07:21:19.121530 2026] [security2:error] [pid 230252:tid 230326] [remote 2001:4490:4ec1:ec62:f01d:f50d:c923:184c:0] ModSecurity: Access denied with code 406 (phase 2). Operator GT matched 0 at USER:bf_block. [file "/opt/mod_security/hg_rules.conf"] [line "1482"] [id "909121"] [msg "IP address blocked, too many xmlrpc.php failures"] [hostname "getveltrixhealth.com"] [uri "/xmlrpc.php"] [unique_id "al9IH00Dwhk5-Z44Xro-kgAC8Uc"]
[Tue Jul 21 07:21:19.121701 2026] [security2:error] [pid 230252:tid 230472] [client 2001:4490:4ec1:ec62:f01d:f50d:c923:184c:0] ModSecurity: Warning. Pattern match "POST" at REQUEST_METHOD. [file "/opt/mod_security/hg_rules.conf"] [line "151"] [id "900405"] [msg "xmlrpc POST logging"] [data "406"] [hostname "getveltrixhealth.com"] [uri "/xmlrpc.php"] [unique_id "al9IH00Dwhk5-Z44Xro-kgAC8Uc"]
[Tue Jul 21 07:21:19.170584 2026] [http2:warn] [pid 230252:tid 230405] [client 57.141.18.59:53316] h2_stream(230252-135-1,CLEANUP): started=1, scheduled=1, ready=0, out_buffer=0
[Tue Jul 21 07:21:19.226340 2026] [security2:error] [pid 230252:tid 230430] [client 8.228.118.177:63471] ModSecurity: Access denied with code 406 (phase 1). Pattern match "/wp-includes/wlwmanifest\\\\.xml" at REQUEST_URI. [file "/opt/mod_security/hg_rules.conf"] [line "1541"] [id "900920"] [msg "wlwmanifest spam rule"] [hostname "www.g7laboratoriooptico.com.br"] [uri "/wp/wp-includes/wlwmanifest.xml"] [unique_id "al9IH00Dwhk5-Z44Xro-kwAAAsc"]
[Tue Jul 21 07:21:19.286024 2026] [security2:error] [pid 230252:tid 230426] [client 20.104.96.117:59657] ModSecurity: Access denied with code 409 (phase 1). RBL lookup of 117.96.104.20.vulnscan.websitewelcome.com succeeded at REMOTE_ADDR. [file "/opt/mod_security/hg_rules.conf"] [line "1566"] [id "900933"] [msg "Vulnerability Scan RBL: vulnscan.websitewelcome.com"] [hostname "leoamaraldev.com.br"] [uri "/edorxrr.php"] [unique_id "al9IH00Dwhk5-Z44Xro-lQAAAsM"]
[Tue Jul 21 07:21:19.292939 2026] [security2:error] [pid 229246:tid 229476] [client 114.119.140.169:46165] ModSecurity: Access denied with code 406 (phase 1). Pattern match "ZoominfoBot|NetcraftSurveyAgent|MJ12bot|(?i:BUbiNG)|D(?i:otbot)| oBot/|MegaIndex\\\\.ru|Barkrowler|Spbot|DomainCrawler|Seznam|CCBot|SiteExplorer|OpenLinkProfiler|Sogou web spider|360Spider|Semrush|Panscient|crawler\\\\.feedback([+]\\\\S+)?@gmail\\\\.com|MauiBo ..." at REQUEST_HEADERS:User-Agent. [file "/opt/mod_security/hg_rules.conf"] [line "585"] [id "999812"] [msg "Problematic Crawler"] [hostname "tragaseushow.com.br"] [uri "/projeto/monica-tomasi"] [unique_id "al9IHyBMYeh5YLVG45xjVAAAAng"], referer: http://tragaseushow.com.br/projeto/monica-tomasi
[Tue Jul 21 07:21:19.339211 2026] [security2:error] [pid 230252:tid 230496] [client 20.220.225.223:52782] ModSecurity: Access denied with code 409 (phase 1). RBL lookup of 223.225.220.20.vulnscan.websitewelcome.com succeeded at REMOTE_ADDR. [file "/opt/mod_security/hg_rules.conf"] [line "1566"] [id "900933"] [msg "Vulnerability Scan RBL: vulnscan.websitewelcome.com"] [hostname "irrigaplus.com.br"] [uri "/ez.php"] [unique_id "al9IH00Dwhk5-Z44Xro-lwAAAwk"]
[Tue Jul 21 07:21:19.403187 2026] [security2:error] [pid 230252:tid 230385] [client 20.206.105.145:30685] ModSecurity: Access denied with code 409 (phase 1). RBL lookup of 145.105.206.20.vulnscan.websitewelcome.com succeeded at REMOTE_ADDR. [file "/opt/mod_security/hg_rules.conf"] [line "1566"] [id "900933"] [msg "Vulnerability Scan RBL: vulnscan.websitewelcome.com"] [hostname "webdisk.psicologafernandaguedes.com"] [uri "/.well-known/about.php"] [unique_id "al9IH00Dwhk5-Z44Xro-mAAAApo"]
[Tue Jul 21 07:21:19.477494 2026] [security2:error] [pid 230252:tid 230409] [client 8.228.118.177:58720] ModSecurity: Access denied with code 406 (phase 1). Pattern match "/wp-includes/wlwmanifest\\\\.xml" at REQUEST_URI. [file "/opt/mod_security/hg_rules.conf"] [line "1541"] [id "900920"] [msg "wlwmanifest spam rule"] [hostname "www.g7laboratoriooptico.com.br"] [uri "/news/wp-includes/wlwmanifest.xml"] [unique_id "al9IH00Dwhk5-Z44Xro-nAAAArI"]
[Tue Jul 21 07:21:19.526934 2026] [security2:error] [pid 230252:tid 230509] [client 20.226.60.151:54473] ModSecurity: Access denied with code 409 (phase 1). RBL lookup of 151.60.226.20.vulnscan.websitewelcome.com succeeded at REMOTE_ADDR. [file "/opt/mod_security/hg_rules.conf"] [line "1566"] [id "900933"] [msg "Vulnerability Scan RBL: vulnscan.websitewelcome.com"] [hostname "cpanel.acupunturaebemestar.com.br"] [uri "/adjig.php"] [unique_id "al9IH00Dwhk5-Z44Xro-nQAAAxY"]
