[Tue Jul 21 07:21:01.837630 2026] [security2:error] [pid 230252:tid 230486] [client 4.204.201.85:17822] ModSecurity: Access denied with code 409 (phase 1). RBL lookup of 85.201.204.4.vulnscan.websitewelcome.com succeeded at REMOTE_ADDR. [file "/opt/mod_security/hg_rules.conf"] [line "1566"] [id "900933"] [msg "Vulnerability Scan RBL: vulnscan.websitewelcome.com"] [hostname "beezar.com.br"] [uri "/min.php"] [unique_id "al9IDU0Dwhk5-Z44Xro9TAAAAv8"]
[Tue Jul 21 07:21:02.113022 2026] [security2:error] [pid 229246:tid 229471] [client 20.220.225.223:59495] ModSecurity: Access denied with code 409 (phase 1). RBL lookup of 223.225.220.20.vulnscan.websitewelcome.com succeeded at REMOTE_ADDR. [file "/opt/mod_security/hg_rules.conf"] [line "1566"] [id "900933"] [msg "Vulnerability Scan RBL: vulnscan.websitewelcome.com"] [hostname "irrigaplus.com.br"] [uri "/dr.php"] [unique_id "al9IDiBMYeh5YLVG45xiUAAAAnM"]
[Tue Jul 21 07:21:02.211368 2026] [http2:warn] [pid 230252:tid 230456] [client 57.141.18.22:61362] h2_stream(230252-56-1,CLEANUP): started=1, scheduled=1, ready=0, out_buffer=0
[Tue Jul 21 07:21:02.352997 2026] [security2:error] [pid 230252:tid 230481] [client 20.206.105.145:30697] ModSecurity: Access denied with code 409 (phase 1). RBL lookup of 145.105.206.20.vulnscan.websitewelcome.com succeeded at REMOTE_ADDR. [file "/opt/mod_security/hg_rules.conf"] [line "1566"] [id "900933"] [msg "Vulnerability Scan RBL: vulnscan.websitewelcome.com"] [hostname "webdisk.psicologafernandaguedes.com"] [uri "/admin.php"] [unique_id "al9IDk0Dwhk5-Z44Xro9WQAAAvo"]
[Tue Jul 21 07:21:02.405054 2026] [security2:error] [pid 230252:tid 230399] [client 103.121.156.110:62572] ModSecurity: Access denied with code 409 (phase 1). RBL lookup of 110.156.121.103.testwprbl.websitewelcome.com succeeded at REMOTE_ADDR. [file "/opt/mod_security/hg_rules.conf"] [line "176"] [id "900407"] [msg "Wordpress and Joomla Brute RBL: testwprbl.websitewelcome.com"] [hostname "littlefreedom.com.au"] [uri "/xmlrpc.php"] [unique_id "al9IDk0Dwhk5-Z44Xro9WwAAAqg"]
[Tue Jul 21 07:21:02.405200 2026] [security2:error] [pid 230252:tid 230399] [client 103.121.156.110:62572] ModSecurity: Warning. Pattern match "POST" at REQUEST_METHOD. [file "/opt/mod_security/hg_rules.conf"] [line "151"] [id "900405"] [msg "xmlrpc POST logging"] [data "409"] [hostname "littlefreedom.com.au"] [uri "/xmlrpc.php"] [unique_id "al9IDk0Dwhk5-Z44Xro9WwAAAqg"]
[Tue Jul 21 07:21:02.426093 2026] [security2:error] [pid 230252:tid 230395] [client 103.162.129.114:61811] ModSecurity: Access denied with code 409 (phase 1). RBL lookup of 114.129.162.103.testwprbl.websitewelcome.com succeeded at REMOTE_ADDR. [file "/opt/mod_security/hg_rules.conf"] [line "176"] [id "900407"] [msg "Wordpress and Joomla Brute RBL: testwprbl.websitewelcome.com"] [hostname "wilkermoronicriminalista.com"] [uri "/xmlrpc.php"] [unique_id "al9IDk0Dwhk5-Z44Xro9XAAAAqQ"]
[Tue Jul 21 07:21:02.426216 2026] [security2:error] [pid 230252:tid 230395] [client 103.162.129.114:61811] ModSecurity: Warning. Pattern match "POST" at REQUEST_METHOD. [file "/opt/mod_security/hg_rules.conf"] [line "151"] [id "900405"] [msg "xmlrpc POST logging"] [data "409"] [hostname "wilkermoronicriminalista.com"] [uri "/xmlrpc.php"] [unique_id "al9IDk0Dwhk5-Z44Xro9XAAAAqQ"]
[Tue Jul 21 07:21:02.479576 2026] [security2:error] [pid 229246:tid 229334] [remote 114.119.143.77:0] ModSecurity: Access denied with code 406 (phase 1). Pattern match "ZoominfoBot|NetcraftSurveyAgent|MJ12bot|(?i:BUbiNG)|D(?i:otbot)| oBot/|MegaIndex\\\\.ru|Barkrowler|Spbot|DomainCrawler|Seznam|CCBot|SiteExplorer|OpenLinkProfiler|Sogou web spider|360Spider|Semrush|Panscient|crawler\\\\.feedback([+]\\\\S+)?@gmail\\\\.com|MauiBo ..." at REQUEST_HEADERS:User-Agent. [file "/opt/mod_security/hg_rules.conf"] [line "585"] [id "999812"] [msg "Problematic Crawler"] [hostname "androapkmod.com"] [uri "/scavenger-hunt-mod-apk/"] [unique_id "al9IDiBMYeh5YLVG45xiVwACe1c"], referer: https://xn--r1a.website/s/androapkmodoficial/57206
[Tue Jul 21 07:21:02.492964 2026] [security2:error] [pid 229246:tid 229435] [client 20.220.225.223:47837] ModSecurity: Access denied with code 409 (phase 1). RBL lookup of 223.225.220.20.vulnscan.websitewelcome.com succeeded at REMOTE_ADDR. [file "/opt/mod_security/hg_rules.conf"] [line "1566"] [id "900933"] [msg "Vulnerability Scan RBL: vulnscan.websitewelcome.com"] [hostname "teste.inonebrasil.com.br"] [uri "/ms.php"] [unique_id "al9IDiBMYeh5YLVG45xiWAAAAk8"]
[Tue Jul 21 07:21:02.508009 2026] [security2:error] [pid 230252:tid 230440] [client 20.151.10.161:45945] ModSecurity: Access denied with code 409 (phase 1). RBL lookup of 161.10.151.20.vulnscan.websitewelcome.com succeeded at REMOTE_ADDR. [file "/opt/mod_security/hg_rules.conf"] [line "1566"] [id "900933"] [msg "Vulnerability Scan RBL: vulnscan.websitewelcome.com"] [hostname "prospecta.agendaclique.com.br"] [uri "/xamp.php"] [unique_id "al9IDk0Dwhk5-Z44Xro9YQAAAtE"]
[Tue Jul 21 07:21:02.630457 2026] [http2:warn] [pid 229246:tid 229396] [client 57.141.18.11:37344] h2_stream(229246-280-1,CLEANUP): started=1, scheduled=1, ready=0, out_buffer=0
[Tue Jul 21 07:21:02.773254 2026] [security2:error] [pid 230252:tid 230495] [client 4.204.201.85:43842] ModSecurity: Access denied with code 409 (phase 1). RBL lookup of 85.201.204.4.vulnscan.websitewelcome.com succeeded at REMOTE_ADDR. [file "/opt/mod_security/hg_rules.conf"] [line "1566"] [id "900933"] [msg "Vulnerability Scan RBL: vulnscan.websitewelcome.com"] [hostname "beezar.com.br"] [uri "/dvjul.php"] [unique_id "al9IDk0Dwhk5-Z44Xro9bgAAAwg"]
[Tue Jul 21 07:21:02.938317 2026] [fcgid:warn] [pid 230252:tid 230493] (70014)End of file found: [client 66.132.195.50:41594] mod_fcgid: can't get data from http client
[Tue Jul 21 07:21:03.014330 2026] [security2:error] [pid 230252:tid 230402] [client 185.241.208.244:0] ModSecurity: Access denied with code 409 (phase 1). RBL lookup of 244.208.241.185.vulnscan.websitewelcome.com succeeded at REMOTE_ADDR. [file "/opt/mod_security/hg_rules.conf"] [line "1566"] [id "900933"] [msg "Vulnerability Scan RBL: vulnscan.websitewelcome.com"] [hostname "botzappro.com.br"] [uri "/wp-admin/install.php"] [unique_id "al9ID00Dwhk5-Z44Xro9fwAAAqs"]
[Tue Jul 21 07:21:03.126707 2026] [http2:warn] [pid 230252:tid 230421] [client 57.141.18.61:61818] h2_stream(230252-62-1,CLEANUP): started=1, scheduled=1, ready=0, out_buffer=0
[Tue Jul 21 07:21:03.228094 2026] [security2:error] [pid 229246:tid 229386] [client 20.104.96.117:59146] ModSecurity: Access denied with code 409 (phase 1). RBL lookup of 117.96.104.20.vulnscan.websitewelcome.com succeeded at REMOTE_ADDR. [file "/opt/mod_security/hg_rules.conf"] [line "1566"] [id "900933"] [msg "Vulnerability Scan RBL: vulnscan.websitewelcome.com"] [hostname "leoamaraldev.com.br"] [uri "/csa.php"] [unique_id "al9IDyBMYeh5YLVG45xiXQAAAh4"]
[Tue Jul 21 07:21:03.275093 2026] [security2:error] [pid 230252:tid 230425] [client 20.151.10.161:45975] ModSecurity: Access denied with code 409 (phase 1). RBL lookup of 161.10.151.20.vulnscan.websitewelcome.com succeeded at REMOTE_ADDR. [file "/opt/mod_security/hg_rules.conf"] [line "1566"] [id "900933"] [msg "Vulnerability Scan RBL: vulnscan.websitewelcome.com"] [hostname "prospecta.agendaclique.com.br"] [uri "/bless.php"] [unique_id "al9ID00Dwhk5-Z44Xro9gwAAAsI"]
[Tue Jul 21 07:21:03.300334 2026] [security2:error] [pid 229246:tid 229387] [client 4.204.201.85:17903] ModSecurity: Access denied with code 409 (phase 1). RBL lookup of 85.201.204.4.vulnscan.websitewelcome.com succeeded at REMOTE_ADDR. [file "/opt/mod_security/hg_rules.conf"] [line "1566"] [id "900933"] [msg "Vulnerability Scan RBL: vulnscan.websitewelcome.com"] [hostname "beezar.com.br"] [uri "/biufile.php"] [unique_id "al9IDyBMYeh5YLVG45xiYAAAAh8"]
[Tue Jul 21 07:21:03.335402 2026] [security2:error] [pid 229246:tid 229380] [client 185.241.208.244:0] ModSecurity: Access denied with code 409 (phase 1). RBL lookup of 244.208.241.185.vulnscan.websitewelcome.com succeeded at REMOTE_ADDR. [file "/opt/mod_security/hg_rules.conf"] [line "1566"] [id "900933"] [msg "Vulnerability Scan RBL: vulnscan.websitewelcome.com"] [hostname "botzappro.com.br"] [uri "/wp-admin/setup-config.php"] [unique_id "al9IDyBMYeh5YLVG45xiYgAAAhg"]
[Tue Jul 21 07:21:03.364384 2026] [security2:error] [pid 230252:tid 230267] [remote 136.232.157.230:0] ModSecurity: Access denied with code 409 (phase 1). RBL lookup of 230.157.232.136.testwprbl.websitewelcome.com succeeded at REMOTE_ADDR. [file "/opt/mod_security/hg_rules.conf"] [line "176"] [id "900407"] [msg "Wordpress and Joomla Brute RBL: testwprbl.websitewelcome.com"] [hostname "compranawebprodutos.com"] [uri "/xmlrpc.php"] [unique_id "al9ID00Dwhk5-Z44Xro9hwACqg0"]
[Tue Jul 21 07:21:03.364567 2026] [security2:error] [pid 230252:tid 230401] [client 136.232.157.230:0] ModSecurity: Warning. Pattern match "POST" at REQUEST_METHOD. [file "/opt/mod_security/hg_rules.conf"] [line "151"] [id "900405"] [msg "xmlrpc POST logging"] [data "409"] [hostname "compranawebprodutos.com"] [uri "/xmlrpc.php"] [unique_id "al9ID00Dwhk5-Z44Xro9hwACqg0"]
[Tue Jul 21 07:21:03.450142 2026] [security2:error] [pid 230252:tid 230488] [client 20.220.225.223:34178] ModSecurity: Access denied with code 409 (phase 1). RBL lookup of 223.225.220.20.vulnscan.websitewelcome.com succeeded at REMOTE_ADDR. [file "/opt/mod_security/hg_rules.conf"] [line "1566"] [id "900933"] [msg "Vulnerability Scan RBL: vulnscan.websitewelcome.com"] [hostname "quattrotech.com.br"] [uri "/wp-wpbak.php"] [unique_id "al9ID00Dwhk5-Z44Xro9iAAAAwE"]
[Tue Jul 21 07:21:03.558371 2026] [security2:error] [pid 229246:tid 229450] [client 20.206.105.145:30610] ModSecurity: Access denied with code 409 (phase 1). RBL lookup of 145.105.206.20.vulnscan.websitewelcome.com succeeded at REMOTE_ADDR. [file "/opt/mod_security/hg_rules.conf"] [line "1566"] [id "900933"] [msg "Vulnerability Scan RBL: vulnscan.websitewelcome.com"] [hostname "webdisk.psicologafernandaguedes.com"] [uri "/k.php"] [unique_id "al9IDyBMYeh5YLVG45xiZgAAAl4"]
[Tue Jul 21 07:21:03.571673 2026] [security2:error] [pid 229246:tid 229310] [remote 173.252.70.23:65496] ModSecurity: Access denied with code 409 (phase 1). RBL lookup of 23.70.252.173.vulnscan.websitewelcome.com succeeded at REMOTE_ADDR. [file "/opt/mod_security/hg_rules.conf"] [line "1566"] [id "900933"] [msg "Vulnerability Scan RBL: vulnscan.websitewelcome.com"] [hostname "gfacil.com.br"] [uri "/index.php"] [unique_id "al9IDyBMYeh5YLVG45xiZAACeT8"]
[Tue Jul 21 07:21:03.666959 2026] [security2:error] [pid 230252:tid 230360] [remote 151.255.40.189:0] ModSecurity: Access denied with code 409 (phase 1). RBL lookup of 189.40.255.151.testwprbl.websitewelcome.com succeeded at REMOTE_ADDR. [file "/opt/mod_security/hg_rules.conf"] [line "176"] [id "900407"] [msg "Wordpress and Joomla Brute RBL: testwprbl.websitewelcome.com"] [hostname "drasumaiajacob.com"] [uri "/xmlrpc.php"] [unique_id "al9ID00Dwhk5-Z44Xro9kwACwGk"]
[Tue Jul 21 07:21:03.667170 2026] [security2:error] [pid 230252:tid 230423] [client 151.255.40.189:0] ModSecurity: Warning. Pattern match "POST" at REQUEST_METHOD. [file "/opt/mod_security/hg_rules.conf"] [line "151"] [id "900405"] [msg "xmlrpc POST logging"] [data "409"] [hostname "drasumaiajacob.com"] [uri "/xmlrpc.php"] [unique_id "al9ID00Dwhk5-Z44Xro9kwACwGk"]
[Tue Jul 21 07:21:03.712261 2026] [security2:error] [pid 229246:tid 229404] [client 20.151.10.161:45970] ModSecurity: Access denied with code 409 (phase 1). RBL lookup of 161.10.151.20.vulnscan.websitewelcome.com succeeded at REMOTE_ADDR. [file "/opt/mod_security/hg_rules.conf"] [line "1566"] [id "900933"] [msg "Vulnerability Scan RBL: vulnscan.websitewelcome.com"] [hostname "prospecta.agendaclique.com.br"] [uri "/file46.php"] [unique_id "al9IDyBMYeh5YLVG45xiagAAAjA"]
[Tue Jul 21 07:21:03.950695 2026] [security2:error] [pid 229246:tid 229454] [client 20.220.225.223:36851] ModSecurity: Access denied with code 409 (phase 1). RBL lookup of 223.225.220.20.vulnscan.websitewelcome.com succeeded at REMOTE_ADDR. [file "/opt/mod_security/hg_rules.conf"] [line "1566"] [id "900933"] [msg "Vulnerability Scan RBL: vulnscan.websitewelcome.com"] [hostname "irrigaplus.com.br"] [uri "/2x.php"] [unique_id "al9IDyBMYeh5YLVG45xibQAAAmI"]
[Tue Jul 21 07:21:04.072493 2026] [security2:error] [pid 229246:tid 229424] [client 20.151.10.161:46010] ModSecurity: Access denied with code 409 (phase 1). RBL lookup of 161.10.151.20.vulnscan.websitewelcome.com succeeded at REMOTE_ADDR. [file "/opt/mod_security/hg_rules.conf"] [line "1566"] [id "900933"] [msg "Vulnerability Scan RBL: vulnscan.websitewelcome.com"] [hostname "prospecta.agendaclique.com.br"] [uri "/eee.php"] [unique_id "al9IECBMYeh5YLVG45xibgAAAkQ"]
[Tue Jul 21 07:21:04.305276 2026] [security2:error] [pid 229246:tid 229460] [client 114.119.130.14:40031] ModSecurity: Access denied with code 406 (phase 1). Pattern match "ZoominfoBot|NetcraftSurveyAgent|MJ12bot|(?i:BUbiNG)|D(?i:otbot)| oBot/|MegaIndex\\\\.ru|Barkrowler|Spbot|DomainCrawler|Seznam|CCBot|SiteExplorer|OpenLinkProfiler|Sogou web spider|360Spider|Semrush|Panscient|crawler\\\\.feedback([+]\\\\S+)?@gmail\\\\.com|MauiBo ..." at REQUEST_HEADERS:User-Agent. [file "/opt/mod_security/hg_rules.conf"] [line "585"] [id "999812"] [msg "Problematic Crawler"] [hostname "gfacil.com.br"] [uri "/201-6188336/nic-nucleo-intensivo-de-cursos-ltda/detalhe.html"] [unique_id "al9IECBMYeh5YLVG45xicwAAAmg"], referer: https://www.pages24.com.br/rio-de-janeiro-rj/61717-nic-nucleo-intensivo-de-cursos-ltda
[Tue Jul 21 07:21:04.309691 2026] [security2:error] [pid 230252:tid 230395] [client 20.151.10.161:11719] ModSecurity: Access denied with code 409 (phase 1). RBL lookup of 161.10.151.20.vulnscan.websitewelcome.com succeeded at REMOTE_ADDR. [file "/opt/mod_security/hg_rules.conf"] [line "1566"] [id "900933"] [msg "Vulnerability Scan RBL: vulnscan.websitewelcome.com"] [hostname "webdisk.jandel.com.br"] [uri "/eee.php"] [unique_id "al9IEE0Dwhk5-Z44Xro9qAAAAqQ"]
[Tue Jul 21 07:21:04.367023 2026] [security2:error] [pid 230252:tid 230384] [client 20.151.10.161:45961] ModSecurity: Access denied with code 409 (phase 1). RBL lookup of 161.10.151.20.vulnscan.websitewelcome.com succeeded at REMOTE_ADDR. [file "/opt/mod_security/hg_rules.conf"] [line "1566"] [id "900933"] [msg "Vulnerability Scan RBL: vulnscan.websitewelcome.com"] [hostname "prospecta.agendaclique.com.br"] [uri "/file25.php"] [unique_id "al9IEE0Dwhk5-Z44Xro9qgAAApk"]
[Tue Jul 21 07:21:04.526307 2026] [security2:error] [pid 230252:tid 230400] [client 14.139.42.196:10431] ModSecurity: Access denied with code 409 (phase 1). RBL lookup of 196.42.139.14.testwprbl.websitewelcome.com succeeded at REMOTE_ADDR. [file "/opt/mod_security/hg_rules.conf"] [line "176"] [id "900407"] [msg "Wordpress and Joomla Brute RBL: testwprbl.websitewelcome.com"] [hostname "potencialilimitado.com.br"] [uri "/xmlrpc.php"] [unique_id "al9IEE0Dwhk5-Z44Xro9rgAAAqk"]
[Tue Jul 21 07:21:04.526465 2026] [security2:error] [pid 230252:tid 230400] [client 14.139.42.196:10431] ModSecurity: Warning. Pattern match "POST" at REQUEST_METHOD. [file "/opt/mod_security/hg_rules.conf"] [line "151"] [id "900405"] [msg "xmlrpc POST logging"] [data "409"] [hostname "potencialilimitado.com.br"] [uri "/xmlrpc.php"] [unique_id "al9IEE0Dwhk5-Z44Xro9rgAAAqk"]
[Tue Jul 21 07:21:04.590207 2026] [security2:error] [pid 230252:tid 230409] [client 20.206.105.145:30611] ModSecurity: Access denied with code 409 (phase 1). RBL lookup of 145.105.206.20.vulnscan.websitewelcome.com succeeded at REMOTE_ADDR. [file "/opt/mod_security/hg_rules.conf"] [line "1566"] [id "900933"] [msg "Vulnerability Scan RBL: vulnscan.websitewelcome.com"] [hostname "webdisk.psicologafernandaguedes.com"] [uri "/x.php"] [unique_id "al9IEE0Dwhk5-Z44Xro9sgAAArI"]
[Tue Jul 21 07:21:04.741647 2026] [security2:error] [pid 230252:tid 230392] [client 4.204.201.85:17882] ModSecurity: Access denied with code 409 (phase 1). RBL lookup of 85.201.204.4.vulnscan.websitewelcome.com succeeded at REMOTE_ADDR. [file "/opt/mod_security/hg_rules.conf"] [line "1566"] [id "900933"] [msg "Vulnerability Scan RBL: vulnscan.websitewelcome.com"] [hostname "beezar.com.br"] [uri "/av.php"] [unique_id "al9IEE0Dwhk5-Z44Xro9twAAAqE"]
[Tue Jul 21 07:21:04.777036 2026] [http2:warn] [pid 230252:tid 230435] [client 57.141.18.29:37052] h2_stream(230252-73-1,CLEANUP): started=1, scheduled=1, ready=0, out_buffer=0
[Tue Jul 21 07:21:04.872441 2026] [security2:error] [pid 230252:tid 230398] [client 20.151.10.161:45914] ModSecurity: Access denied with code 409 (phase 1). RBL lookup of 161.10.151.20.vulnscan.websitewelcome.com succeeded at REMOTE_ADDR. [file "/opt/mod_security/hg_rules.conf"] [line "1566"] [id "900933"] [msg "Vulnerability Scan RBL: vulnscan.websitewelcome.com"] [hostname "prospecta.agendaclique.com.br"] [uri "/file48.php"] [unique_id "al9IEE0Dwhk5-Z44Xro9uQAAAqc"]
[Tue Jul 21 07:21:04.994885 2026] [security2:error] [pid 229246:tid 229490] [client 45.251.232.145:64248] ModSecurity: Access denied with code 409 (phase 1). RBL lookup of 145.232.251.45.testwprbl.websitewelcome.com succeeded at REMOTE_ADDR. [file "/opt/mod_security/hg_rules.conf"] [line "176"] [id "900407"] [msg "Wordpress and Joomla Brute RBL: testwprbl.websitewelcome.com"] [hostname "havoy.com.br"] [uri "/xmlrpc.php"] [unique_id "al9IECBMYeh5YLVG45xiegAAAoY"]
[Tue Jul 21 07:21:04.995028 2026] [security2:error] [pid 229246:tid 229490] [client 45.251.232.145:64248] ModSecurity: Warning. Pattern match "POST" at REQUEST_METHOD. [file "/opt/mod_security/hg_rules.conf"] [line "151"] [id "900405"] [msg "xmlrpc POST logging"] [data "409"] [hostname "havoy.com.br"] [uri "/xmlrpc.php"] [unique_id "al9IECBMYeh5YLVG45xiegAAAoY"]
[Tue Jul 21 07:21:05.299853 2026] [security2:error] [pid 230252:tid 230420] [client 20.206.105.145:30612] ModSecurity: Access denied with code 409 (phase 1). RBL lookup of 145.105.206.20.vulnscan.websitewelcome.com succeeded at REMOTE_ADDR. [file "/opt/mod_security/hg_rules.conf"] [line "1566"] [id "900933"] [msg "Vulnerability Scan RBL: vulnscan.websitewelcome.com"] [hostname "webdisk.psicologafernandaguedes.com"] [uri "/wss.php"] [unique_id "al9IEU0Dwhk5-Z44Xro9yQAAAr0"]
[Tue Jul 21 07:21:05.359998 2026] [security2:error] [pid 229246:tid 229481] [client 20.151.10.161:45987] ModSecurity: Access denied with code 409 (phase 1). RBL lookup of 161.10.151.20.vulnscan.websitewelcome.com succeeded at REMOTE_ADDR. [file "/opt/mod_security/hg_rules.conf"] [line "1566"] [id "900933"] [msg "Vulnerability Scan RBL: vulnscan.websitewelcome.com"] [hostname "prospecta.agendaclique.com.br"] [uri "/file6.php"] [unique_id "al9IESBMYeh5YLVG45xifwAAAn0"]
[Tue Jul 21 07:21:05.535348 2026] [security2:error] [pid 229246:tid 229410] [client 74.249.245.134:52446] ModSecurity: Access denied with code 409 (phase 1). RBL lookup of 134.245.249.74.vulnscan.websitewelcome.com succeeded at REMOTE_ADDR. [file "/opt/mod_security/hg_rules.conf"] [line "1566"] [id "900933"] [msg "Vulnerability Scan RBL: vulnscan.websitewelcome.com"] [hostname "drjoaoguedes.com"] [uri "/wp-mail.php"] [unique_id "al9IESBMYeh5YLVG45xigQAAAjY"]
[Tue Jul 21 07:21:05.560113 2026] [http2:warn] [pid 229246:tid 229408] [client 57.141.18.59:61610] h2_stream(229246-284-1,CLEANUP): started=1, scheduled=1, ready=0, out_buffer=0
[Tue Jul 21 07:21:05.569242 2026] [security2:error] [pid 230252:tid 230306] [remote 2401:4900:88d1:e59:19d5:3e3b:eedf:b645:0] ModSecurity: Access denied with code 406 (phase 2). Operator GT matched 0 at USER:bf_block. [file "/opt/mod_security/hg_rules.conf"] [line "1482"] [id "909121"] [msg "IP address blocked, too many xmlrpc.php failures"] [hostname "aud-7.com"] [uri "/xmlrpc.php"] [unique_id "al9IEU0Dwhk5-Z44Xro9ywADCTQ"]
[Tue Jul 21 07:21:05.569421 2026] [security2:error] [pid 230252:tid 230496] [client 2401:4900:88d1:e59:19d5:3e3b:eedf:b645:0] ModSecurity: Warning. Pattern match "POST" at REQUEST_METHOD. [file "/opt/mod_security/hg_rules.conf"] [line "151"] [id "900405"] [msg "xmlrpc POST logging"] [data "406"] [hostname "aud-7.com"] [uri "/xmlrpc.php"] [unique_id "al9IEU0Dwhk5-Z44Xro9ywADCTQ"]
[Tue Jul 21 07:21:05.837050 2026] [security2:error] [pid 230252:tid 230481] [client 4.204.201.85:17893] ModSecurity: Access denied with code 409 (phase 1). RBL lookup of 85.201.204.4.vulnscan.websitewelcome.com succeeded at REMOTE_ADDR. [file "/opt/mod_security/hg_rules.conf"] [line "1566"] [id "900933"] [msg "Vulnerability Scan RBL: vulnscan.websitewelcome.com"] [hostname "beezar.com.br"] [uri "/coffexium.php"] [unique_id "al9IEU0Dwhk5-Z44Xro90wAAAvo"]
[Tue Jul 21 07:21:05.846025 2026] [security2:error] [pid 230252:tid 230387] [client 136.144.33.107:42377] ModSecurity: Access denied with code 409 (phase 1). RBL lookup of 107.33.144.136.vulnscan.websitewelcome.com succeeded at REMOTE_ADDR. [file "/opt/mod_security/hg_rules.conf"] [line "1566"] [id "900933"] [msg "Vulnerability Scan RBL: vulnscan.websitewelcome.com"] [hostname "moldurasbrilhante.com.br"] [uri "/wp-login.php"] [unique_id "al9IEU0Dwhk5-Z44Xro9zgAAApw"], referer: https://moldurasbrilhante.com.br/wp-login.php
[Tue Jul 21 07:21:05.987542 2026] [security2:error] [pid 230252:tid 230440] [client 20.151.10.161:46048] ModSecurity: Access denied with code 409 (phase 1). RBL lookup of 161.10.151.20.vulnscan.websitewelcome.com succeeded at REMOTE_ADDR. [file "/opt/mod_security/hg_rules.conf"] [line "1566"] [id "900933"] [msg "Vulnerability Scan RBL: vulnscan.websitewelcome.com"] [hostname "prospecta.agendaclique.com.br"] [uri "/a2.php"] [unique_id "al9IEU0Dwhk5-Z44Xro91gAAAtE"]
[Tue Jul 21 07:21:06.005408 2026] [security2:error] [pid 230252:tid 230458] [client 20.220.225.223:47849] ModSecurity: Access denied with code 409 (phase 1). RBL lookup of 223.225.220.20.vulnscan.websitewelcome.com succeeded at REMOTE_ADDR. [file "/opt/mod_security/hg_rules.conf"] [line "1566"] [id "900933"] [msg "Vulnerability Scan RBL: vulnscan.websitewelcome.com"] [hostname "irrigaplus.com.br"] [uri "/kq1.php"] [unique_id "al9IEk0Dwhk5-Z44Xro91wAAAuM"]
[Tue Jul 21 07:21:06.062570 2026] [http2:warn] [pid 230252:tid 230463] [client 57.141.18.7:49678] h2_stream(230252-80-1,CLEANUP): started=1, scheduled=1, ready=0, out_buffer=0
[Tue Jul 21 07:21:06.130529 2026] [security2:error] [pid 230252:tid 230478] [client 20.104.96.117:59191] ModSecurity: Access denied with code 409 (phase 1). RBL lookup of 117.96.104.20.vulnscan.websitewelcome.com succeeded at REMOTE_ADDR. [file "/opt/mod_security/hg_rules.conf"] [line "1566"] [id "900933"] [msg "Vulnerability Scan RBL: vulnscan.websitewelcome.com"] [hostname "leoamaraldev.com.br"] [uri "/w3llscc.php"] [unique_id "al9IEk0Dwhk5-Z44Xro92AAAAvc"]
[Tue Jul 21 07:21:06.515359 2026] [security2:error] [pid 229246:tid 229463] [client 4.204.201.85:17916] ModSecurity: Access denied with code 409 (phase 1). RBL lookup of 85.201.204.4.vulnscan.websitewelcome.com succeeded at REMOTE_ADDR. [file "/opt/mod_security/hg_rules.conf"] [line "1566"] [id "900933"] [msg "Vulnerability Scan RBL: vulnscan.websitewelcome.com"] [hostname "beezar.com.br"] [uri "/core.php"] [unique_id "al9IEiBMYeh5YLVG45xikgAAAms"]
[Tue Jul 21 07:21:06.555568 2026] [security2:error] [pid 229246:tid 229430] [client 20.151.10.161:45988] ModSecurity: Access denied with code 409 (phase 1). RBL lookup of 161.10.151.20.vulnscan.websitewelcome.com succeeded at REMOTE_ADDR. [file "/opt/mod_security/hg_rules.conf"] [line "1566"] [id "900933"] [msg "Vulnerability Scan RBL: vulnscan.websitewelcome.com"] [hostname "prospecta.agendaclique.com.br"] [uri "/file15.php"] [unique_id "al9IEiBMYeh5YLVG45xilAAAAko"]
[Tue Jul 21 07:21:06.559953 2026] [security2:error] [pid 230252:tid 230404] [client 114.119.143.158:30989] ModSecurity: Access denied with code 406 (phase 1). Pattern match "ZoominfoBot|NetcraftSurveyAgent|MJ12bot|(?i:BUbiNG)|D(?i:otbot)| oBot/|MegaIndex\\\\.ru|Barkrowler|Spbot|DomainCrawler|Seznam|CCBot|SiteExplorer|OpenLinkProfiler|Sogou web spider|360Spider|Semrush|Panscient|crawler\\\\.feedback([+]\\\\S+)?@gmail\\\\.com|MauiBo ..." at REQUEST_HEADERS:User-Agent. [file "/opt/mod_security/hg_rules.conf"] [line "585"] [id "999812"] [msg "Problematic Crawler"] [hostname "essenceclinicadesaude.com.br"] [uri "/blog/page/4"] [unique_id "al9IEk0Dwhk5-Z44Xro94QAAAq0"], referer: https://essenceclinicadesaude.com.br/blog
[Tue Jul 21 07:21:06.850367 2026] [security2:error] [pid 229246:tid 229421] [client 20.206.105.145:30659] ModSecurity: Access denied with code 409 (phase 1). RBL lookup of 145.105.206.20.vulnscan.websitewelcome.com succeeded at REMOTE_ADDR. [file "/opt/mod_security/hg_rules.conf"] [line "1566"] [id "900933"] [msg "Vulnerability Scan RBL: vulnscan.websitewelcome.com"] [hostname "webdisk.psicologafernandaguedes.com"] [uri "/ty.php"] [unique_id "al9IEiBMYeh5YLVG45ximgAAAkE"]
[Tue Jul 21 07:21:06.954359 2026] [security2:error] [pid 230252:tid 230493] [client 20.151.10.161:53623] ModSecurity: Access denied with code 409 (phase 1). RBL lookup of 161.10.151.20.vulnscan.websitewelcome.com succeeded at REMOTE_ADDR. [file "/opt/mod_security/hg_rules.conf"] [line "1566"] [id "900933"] [msg "Vulnerability Scan RBL: vulnscan.websitewelcome.com"] [hostname "webdisk.jandel.com.br"] [uri "/file25.php"] [unique_id "al9IEk0Dwhk5-Z44Xro95AAAAwY"]
[Tue Jul 21 07:21:06.965113 2026] [security2:error] [pid 229246:tid 229436] [client 4.204.201.85:17800] ModSecurity: Access denied with code 409 (phase 1). RBL lookup of 85.201.204.4.vulnscan.websitewelcome.com succeeded at REMOTE_ADDR. [file "/opt/mod_security/hg_rules.conf"] [line "1566"] [id "900933"] [msg "Vulnerability Scan RBL: vulnscan.websitewelcome.com"] [hostname "beezar.com.br"] [uri "/als.php"] [unique_id "al9IEiBMYeh5YLVG45xinQAAAlA"]
[Tue Jul 21 07:21:07.073548 2026] [autoindex:error] [pid 229246:tid 229416] [client 135.225.181.175:1280] AH01276: Cannot serve directory /home1/edua4721/trabalhista.eduardogoesadv.com/: No matching DirectoryIndex (index.html.var,index.htm,index.html,index.shtml,index.xhtml,index.wml,index.perl,index.pl,index.plx,index.ppl,index.cgi,index.jsp,index.js,index.jp,index.php4,index.php3,index.php,index.phtml,default.htm,default.html,home.htm,index.php5,Default.html,Default.htm,home.html) found, and server-generated directory index forbidden by Options directive
[Tue Jul 21 07:21:07.196848 2026] [security2:error] [pid 229246:tid 229400] [client 20.151.10.161:46005] ModSecurity: Access denied with code 409 (phase 1). RBL lookup of 161.10.151.20.vulnscan.websitewelcome.com succeeded at REMOTE_ADDR. [file "/opt/mod_security/hg_rules.conf"] [line "1566"] [id "900933"] [msg "Vulnerability Scan RBL: vulnscan.websitewelcome.com"] [hostname "prospecta.agendaclique.com.br"] [uri "/jp.php"] [unique_id "al9IEyBMYeh5YLVG45xioAAAAiw"]
[Tue Jul 21 07:21:07.317128 2026] [security2:error] [pid 229246:tid 229496] [client 4.204.201.85:17870] ModSecurity: Access denied with code 409 (phase 1). RBL lookup of 85.201.204.4.vulnscan.websitewelcome.com succeeded at REMOTE_ADDR. [file "/opt/mod_security/hg_rules.conf"] [line "1566"] [id "900933"] [msg "Vulnerability Scan RBL: vulnscan.websitewelcome.com"] [hostname "beezar.com.br"] [uri "/simple.php"] [unique_id "al9IEyBMYeh5YLVG45xiogAAAow"]
[Tue Jul 21 07:21:07.446825 2026] [http2:warn] [pid 230252:tid 230388] [client 57.141.18.106:50708] h2_stream(230252-87-1,CLEANUP): started=1, scheduled=1, ready=0, out_buffer=0
[Tue Jul 21 07:21:07.513882 2026] [security2:error] [pid 229246:tid 229484] [client 20.151.10.161:53625] ModSecurity: Access denied with code 409 (phase 1). RBL lookup of 161.10.151.20.vulnscan.websitewelcome.com succeeded at REMOTE_ADDR. [file "/opt/mod_security/hg_rules.conf"] [line "1566"] [id "900933"] [msg "Vulnerability Scan RBL: vulnscan.websitewelcome.com"] [hostname "webdisk.jandel.com.br"] [uri "/file48.php"] [unique_id "al9IEyBMYeh5YLVG45xipwAAAoA"]
[Tue Jul 21 07:21:07.545601 2026] [security2:error] [pid 229246:tid 229488] [client 20.206.105.145:30712] ModSecurity: Access denied with code 409 (phase 1). RBL lookup of 145.105.206.20.vulnscan.websitewelcome.com succeeded at REMOTE_ADDR. [file "/opt/mod_security/hg_rules.conf"] [line "1566"] [id "900933"] [msg "Vulnerability Scan RBL: vulnscan.websitewelcome.com"] [hostname "webdisk.psicologafernandaguedes.com"] [uri "/155.php"] [unique_id "al9IEyBMYeh5YLVG45xiqwAAAoQ"]
[Tue Jul 21 07:21:07.549306 2026] [security2:error] [pid 229246:tid 229452] [client 74.249.245.134:21870] ModSecurity: Access denied with code 409 (phase 1). RBL lookup of 134.245.249.74.vulnscan.websitewelcome.com succeeded at REMOTE_ADDR. [file "/opt/mod_security/hg_rules.conf"] [line "1566"] [id "900933"] [msg "Vulnerability Scan RBL: vulnscan.websitewelcome.com"] [hostname "drjoaoguedes.com"] [uri "/about.php"] [unique_id "al9IEyBMYeh5YLVG45xirAAAAmA"]
[Tue Jul 21 07:21:07.897793 2026] [security2:error] [pid 230252:tid 230403] [client 4.204.201.85:17804] ModSecurity: Access denied with code 409 (phase 1). RBL lookup of 85.201.204.4.vulnscan.websitewelcome.com succeeded at REMOTE_ADDR. [file "/opt/mod_security/hg_rules.conf"] [line "1566"] [id "900933"] [msg "Vulnerability Scan RBL: vulnscan.websitewelcome.com"] [hostname "beezar.com.br"] [uri "/init.php"] [unique_id "al9IE00Dwhk5-Z44Xro95gAAAqw"]
[Tue Jul 21 07:21:07.943052 2026] [security2:error] [pid 230252:tid 230507] [client 20.151.10.161:46055] ModSecurity: Access denied with code 409 (phase 1). RBL lookup of 161.10.151.20.vulnscan.websitewelcome.com succeeded at REMOTE_ADDR. [file "/opt/mod_security/hg_rules.conf"] [line "1566"] [id "900933"] [msg "Vulnerability Scan RBL: vulnscan.websitewelcome.com"] [hostname "prospecta.agendaclique.com.br"] [uri "/f35.php"] [unique_id "al9IE00Dwhk5-Z44Xro95wAAAxQ"]
[Tue Jul 21 07:21:08.181003 2026] [security2:error] [pid 230252:tid 230455] [client 114.119.143.75:64741] ModSecurity: Access denied with code 406 (phase 1). Pattern match "ZoominfoBot|NetcraftSurveyAgent|MJ12bot|(?i:BUbiNG)|D(?i:otbot)| oBot/|MegaIndex\\\\.ru|Barkrowler|Spbot|DomainCrawler|Seznam|CCBot|SiteExplorer|OpenLinkProfiler|Sogou web spider|360Spider|Semrush|Panscient|crawler\\\\.feedback([+]\\\\S+)?@gmail\\\\.com|MauiBo ..." at REQUEST_HEADERS:User-Agent. [file "/opt/mod_security/hg_rules.conf"] [line "585"] [id "999812"] [msg "Problematic Crawler"] [hostname "lojadoclimatizador.com.br"] [uri "/produto-tag/p13/"] [unique_id "al9IFE0Dwhk5-Z44Xro96wAAAuA"], referer: http://lojadoclimatizador.com.br/produto/p13-inovare
[Tue Jul 21 07:21:08.217553 2026] [security2:error] [pid 230252:tid 230458] [client 20.104.96.117:59182] ModSecurity: Access denied with code 409 (phase 1). RBL lookup of 117.96.104.20.vulnscan.websitewelcome.com succeeded at REMOTE_ADDR. [file "/opt/mod_security/hg_rules.conf"] [line "1566"] [id "900933"] [msg "Vulnerability Scan RBL: vulnscan.websitewelcome.com"] [hostname "leoamaraldev.com.br"] [uri "/wpx.php"] [unique_id "al9IFE0Dwhk5-Z44Xro97AAAAuM"]
[Tue Jul 21 07:21:08.269587 2026] [security2:error] [pid 230252:tid 230436] [client 20.151.10.161:45991] ModSecurity: Access denied with code 409 (phase 1). RBL lookup of 161.10.151.20.vulnscan.websitewelcome.com succeeded at REMOTE_ADDR. [file "/opt/mod_security/hg_rules.conf"] [line "1566"] [id "900933"] [msg "Vulnerability Scan RBL: vulnscan.websitewelcome.com"] [hostname "prospecta.agendaclique.com.br"] [uri "/wp-load.php"] [unique_id "al9IFE0Dwhk5-Z44Xro97gAAAs0"]
[Tue Jul 21 07:21:08.451123 2026] [security2:error] [pid 230252:tid 230399] [client 114.119.132.122:63763] ModSecurity: Access denied with code 406 (phase 1). Pattern match "ZoominfoBot|NetcraftSurveyAgent|MJ12bot|(?i:BUbiNG)|D(?i:otbot)| oBot/|MegaIndex\\\\.ru|Barkrowler|Spbot|DomainCrawler|Seznam|CCBot|SiteExplorer|OpenLinkProfiler|Sogou web spider|360Spider|Semrush|Panscient|crawler\\\\.feedback([+]\\\\S+)?@gmail\\\\.com|MauiBo ..." at REQUEST_HEADERS:User-Agent. [file "/opt/mod_security/hg_rules.conf"] [line "585"] [id "999812"] [msg "Problematic Crawler"] [hostname "www.simleite.com.br"] [uri "/album/32"] [unique_id "al9IFE0Dwhk5-Z44Xro98AAAAqg"], referer: https://www.simleite.com.br/album/32
[Tue Jul 21 07:21:08.462222 2026] [security2:error] [pid 230252:tid 230371] [remote 2001:4490:4ec1:ec62:f01d:f50d:c923:184c:0] ModSecurity: Access denied with code 406 (phase 2). Operator GT matched 0 at USER:bf_block. [file "/opt/mod_security/hg_rules.conf"] [line "1482"] [id "909121"] [msg "IP address blocked, too many xmlrpc.php failures"] [hostname "getveltrixhealth.com"] [uri "/xmlrpc.php"] [unique_id "al9IFE0Dwhk5-Z44Xro98QADCHQ"]
[Tue Jul 21 07:21:08.462389 2026] [security2:error] [pid 230252:tid 230495] [client 2001:4490:4ec1:ec62:f01d:f50d:c923:184c:0] ModSecurity: Warning. Pattern match "POST" at REQUEST_METHOD. [file "/opt/mod_security/hg_rules.conf"] [line "151"] [id "900405"] [msg "xmlrpc POST logging"] [data "406"] [hostname "getveltrixhealth.com"] [uri "/xmlrpc.php"] [unique_id "al9IFE0Dwhk5-Z44Xro98QADCHQ"]
[Tue Jul 21 07:21:08.501963 2026] [security2:error] [pid 229246:tid 229482] [client 20.206.105.145:30690] ModSecurity: Access denied with code 409 (phase 1). RBL lookup of 145.105.206.20.vulnscan.websitewelcome.com succeeded at REMOTE_ADDR. [file "/opt/mod_security/hg_rules.conf"] [line "1566"] [id "900933"] [msg "Vulnerability Scan RBL: vulnscan.websitewelcome.com"] [hostname "webdisk.psicologafernandaguedes.com"] [uri "/ops.php"] [unique_id "al9IFCBMYeh5YLVG45xitwAAAn4"]
[Tue Jul 21 07:21:08.510851 2026] [security2:error] [pid 230252:tid 230511] [client 34.34.16.122:49152] ModSecurity: Access denied with code 406 (phase 1). Match of "rx ^/llms.txt" against "REQUEST_URI" required. [file "/opt/mod_security/hg_rules.conf"] [line "588"] [id "999814"] [msg "Misbehaving AI Crawler"] [hostname "vinculampe.com.br"] [uri "/"] [unique_id "al9IFE0Dwhk5-Z44Xro98gAAAxg"]
[Tue Jul 21 07:21:08.510970 2026] [security2:error] [pid 230252:tid 230511] [client 34.34.16.122:49152] ModSecurity: Warning. Matched phrase "Scrapy" at REQUEST_HEADERS:User-Agent. [file "/opt/mod_security/hg_rules.conf"] [line "168"] [id "350001"] [msg "BAD BOT - Detected LOGGING"] [data "406"] [hostname "vinculampe.com.br"] [uri "/"] [unique_id "al9IFE0Dwhk5-Z44Xro98gAAAxg"]
[Tue Jul 21 07:21:08.542786 2026] [security2:error] [pid 230252:tid 230408] [client 20.151.10.161:12058] ModSecurity: Access denied with code 409 (phase 1). RBL lookup of 161.10.151.20.vulnscan.websitewelcome.com succeeded at REMOTE_ADDR. [file "/opt/mod_security/hg_rules.conf"] [line "1566"] [id "900933"] [msg "Vulnerability Scan RBL: vulnscan.websitewelcome.com"] [hostname "webdisk.jandel.com.br"] [uri "/file6.php"] [unique_id "al9IFE0Dwhk5-Z44Xro99AAAArE"]
[Tue Jul 21 07:21:08.589327 2026] [security2:error] [pid 230252:tid 230283] [remote 103.190.239.132:0] ModSecurity: Access denied with code 409 (phase 1). RBL lookup of 132.239.190.103.testwprbl.websitewelcome.com succeeded at REMOTE_ADDR. [file "/opt/mod_security/hg_rules.conf"] [line "176"] [id "900407"] [msg "Wordpress and Joomla Brute RBL: testwprbl.websitewelcome.com"] [hostname "vidrosprovetro.com.br"] [uri "/xmlrpc.php"] [unique_id "al9IFE0Dwhk5-Z44Xro99gAC9x0"]
[Tue Jul 21 07:21:08.589508 2026] [security2:error] [pid 230252:tid 230478] [client 103.190.239.132:0] ModSecurity: Warning. Pattern match "POST" at REQUEST_METHOD. [file "/opt/mod_security/hg_rules.conf"] [line "151"] [id "900405"] [msg "xmlrpc POST logging"] [data "409"] [hostname "vidrosprovetro.com.br"] [uri "/xmlrpc.php"] [unique_id "al9IFE0Dwhk5-Z44Xro99gAC9x0"]
[Tue Jul 21 07:21:08.608196 2026] [http2:warn] [pid 230252:tid 230444] [client 57.141.18.16:59356] h2_stream(230252-91-1,CLEANUP): started=1, scheduled=1, ready=0, out_buffer=0
[Tue Jul 21 07:21:09.023402 2026] [security2:error] [pid 230252:tid 230297] [remote 128.0.83.186:0] ModSecurity: Access denied with code 409 (phase 1). RBL lookup of 186.83.0.128.testwprbl.websitewelcome.com succeeded at REMOTE_ADDR. [file "/opt/mod_security/hg_rules.conf"] [line "176"] [id "900407"] [msg "Wordpress and Joomla Brute RBL: testwprbl.websitewelcome.com"] [hostname "botzappro.com.br"] [uri "/xmlrpc.php"] [unique_id "al9IFU0Dwhk5-Z44Xro9_AAC8Ss"]
[Tue Jul 21 07:21:09.023561 2026] [security2:error] [pid 230252:tid 230472] [client 128.0.83.186:0] ModSecurity: Warning. Pattern match "POST" at REQUEST_METHOD. [file "/opt/mod_security/hg_rules.conf"] [line "151"] [id "900405"] [msg "xmlrpc POST logging"] [data "409"] [hostname "botzappro.com.br"] [uri "/xmlrpc.php"] [unique_id "al9IFU0Dwhk5-Z44Xro9_AAC8Ss"]
[Tue Jul 21 07:21:09.078327 2026] [proxy:error] [pid 230252:tid 230421] (111)Connection refused: AH00957: http: attempt to connect to 127.0.0.1:2079 (127.0.0.1:2079) failed
[Tue Jul 21 07:21:09.078366 2026] [proxy_http:error] [pid 230252:tid 230421] [client 205.210.31.38:61000] AH01114: HTTP: failed to make connection to backend: 127.0.0.1
[Tue Jul 21 07:21:09.078841 2026] [proxy:error] [pid 230252:tid 230421] (111)Connection refused: AH00957: http: attempt to connect to 127.0.0.1:2079 (127.0.0.1:2079) failed
[Tue Jul 21 07:21:09.078875 2026] [proxy_http:error] [pid 230252:tid 230421] [client 205.210.31.38:61000] AH01114: HTTP: failed to make connection to backend: 127.0.0.1
[Tue Jul 21 07:21:09.127692 2026] [http2:warn] [pid 229246:tid 229472] [client 57.141.18.92:23922] h2_stream(229246-290-1,CLEANUP): started=1, scheduled=1, ready=0, out_buffer=0
[Tue Jul 21 07:21:09.134531 2026] [core:error] [pid 230252:tid 230402] [client 66.249.66.68:48595] AH00124: Request exceeded the limit of 10 internal redirects due to probable configuration error. Use 'LimitInternalRecursion' to increase the limit if necessary. Use 'LogLevel debug' to get a backtrace.
[Tue Jul 21 07:21:09.134557 2026] [core:error] [pid 230252:tid 230402] [client 66.249.66.68:48595] AH00124: Request exceeded the limit of 10 internal redirects due to probable configuration error. Use 'LimitInternalRecursion' to increase the limit if necessary. Use 'LogLevel debug' to get a backtrace.
[Tue Jul 21 07:21:09.164759 2026] [security2:error] [pid 230252:tid 230496] [client 114.119.157.37:0] ModSecurity: Access denied with code 406 (phase 1). Pattern match "ZoominfoBot|NetcraftSurveyAgent|MJ12bot|(?i:BUbiNG)|D(?i:otbot)| oBot/|MegaIndex\\\\.ru|Barkrowler|Spbot|DomainCrawler|Seznam|CCBot|SiteExplorer|OpenLinkProfiler|Sogou web spider|360Spider|Semrush|Panscient|crawler\\\\.feedback([+]\\\\S+)?@gmail\\\\.com|MauiBo ..." at REQUEST_HEADERS:User-Agent. [file "/opt/mod_security/hg_rules.conf"] [line "585"] [id "999812"] [msg "Problematic Crawler"] [hostname "www.imobiliariasobrado.net.br"] [uri "/imovel/terreno-venda-costa-e-silva-joinville-sc-v09004"] [unique_id "al9IFU0Dwhk5-Z44Xro-AwAAAwk"], referer: https://www.imobiliariasobrado.net.br/
[Tue Jul 21 07:21:09.252736 2026] [security2:error] [pid 230252:tid 230504] [client 20.220.225.223:34245] ModSecurity: Access denied with code 409 (phase 1). RBL lookup of 223.225.220.20.vulnscan.websitewelcome.com succeeded at REMOTE_ADDR. [file "/opt/mod_security/hg_rules.conf"] [line "1566"] [id "900933"] [msg "Vulnerability Scan RBL: vulnscan.websitewelcome.com"] [hostname "quattrotech.com.br"] [uri "/dr.php"] [unique_id "al9IFU0Dwhk5-Z44Xro-CAAAAxE"]
[Tue Jul 21 07:21:09.283945 2026] [security2:error] [pid 230252:tid 230455] [client 20.206.105.145:30713] ModSecurity: Access denied with code 409 (phase 1). RBL lookup of 145.105.206.20.vulnscan.websitewelcome.com succeeded at REMOTE_ADDR. [file "/opt/mod_security/hg_rules.conf"] [line "1566"] [id "900933"] [msg "Vulnerability Scan RBL: vulnscan.websitewelcome.com"] [hostname "webdisk.psicologafernandaguedes.com"] [uri "/ingfo.php"] [unique_id "al9IFU0Dwhk5-Z44Xro-CQAAAuA"]
[Tue Jul 21 07:21:09.320664 2026] [security2:error] [pid 230252:tid 230458] [client 4.204.201.85:17897] ModSecurity: Access denied with code 409 (phase 1). RBL lookup of 85.201.204.4.vulnscan.websitewelcome.com succeeded at REMOTE_ADDR. [file "/opt/mod_security/hg_rules.conf"] [line "1566"] [id "900933"] [msg "Vulnerability Scan RBL: vulnscan.websitewelcome.com"] [hostname "beezar.com.br"] [uri "/fpwch.php"] [unique_id "al9IFU0Dwhk5-Z44Xro-CgAAAuM"]
[Tue Jul 21 07:21:09.368356 2026] [security2:error] [pid 230252:tid 230426] [client 20.151.10.161:45912] ModSecurity: Access denied with code 409 (phase 1). RBL lookup of 161.10.151.20.vulnscan.websitewelcome.com succeeded at REMOTE_ADDR. [file "/opt/mod_security/hg_rules.conf"] [line "1566"] [id "900933"] [msg "Vulnerability Scan RBL: vulnscan.websitewelcome.com"] [hostname "prospecta.agendaclique.com.br"] [uri "/xwpg.php"] [unique_id "al9IFU0Dwhk5-Z44Xro-CwAAAsM"]
[Tue Jul 21 07:21:09.519387 2026] [security2:error] [pid 230252:tid 230401] [client 139.135.44.145:53378] ModSecurity: Access denied with code 409 (phase 1). RBL lookup of 145.44.135.139.testwprbl.websitewelcome.com succeeded at REMOTE_ADDR. [file "/opt/mod_security/hg_rules.conf"] [line "176"] [id "900407"] [msg "Wordpress and Joomla Brute RBL: testwprbl.websitewelcome.com"] [hostname "pexbrasil.com"] [uri "/xmlrpc.php"] [unique_id "al9IFU0Dwhk5-Z44Xro-DAAAAqo"]
[Tue Jul 21 07:21:09.519506 2026] [security2:error] [pid 230252:tid 230401] [client 139.135.44.145:53378] ModSecurity: Warning. Pattern match "POST" at REQUEST_METHOD. [file "/opt/mod_security/hg_rules.conf"] [line "151"] [id "900405"] [msg "xmlrpc POST logging"] [data "409"] [hostname "pexbrasil.com"] [uri "/xmlrpc.php"] [unique_id "al9IFU0Dwhk5-Z44Xro-DAAAAqo"]
[Tue Jul 21 07:21:09.595316 2026] [security2:error] [pid 230252:tid 230409] [client 20.151.10.161:53612] ModSecurity: Access denied with code 409 (phase 1). RBL lookup of 161.10.151.20.vulnscan.websitewelcome.com succeeded at REMOTE_ADDR. [file "/opt/mod_security/hg_rules.conf"] [line "1566"] [id "900933"] [msg "Vulnerability Scan RBL: vulnscan.websitewelcome.com"] [hostname "webdisk.jandel.com.br"] [uri "/a2.php"] [unique_id "al9IFU0Dwhk5-Z44Xro-DwAAArI"]
[Tue Jul 21 07:21:09.610190 2026] [security2:error] [pid 230252:tid 230435] [client 20.206.105.145:30665] ModSecurity: Access denied with code 409 (phase 1). RBL lookup of 145.105.206.20.vulnscan.websitewelcome.com succeeded at REMOTE_ADDR. [file "/opt/mod_security/hg_rules.conf"] [line "1566"] [id "900933"] [msg "Vulnerability Scan RBL: vulnscan.websitewelcome.com"] [hostname "webdisk.psicologafernandaguedes.com"] [uri "/error_log.php"] [unique_id "al9IFU0Dwhk5-Z44Xro-EAAAAsw"]
[Tue Jul 21 07:21:09.710837 2026] [security2:error] [pid 230252:tid 230497] [client 175.45.70.82:52325] ModSecurity: Access denied with code 409 (phase 1). RBL lookup of 82.70.45.175.testwprbl.websitewelcome.com succeeded at REMOTE_ADDR. [file "/opt/mod_security/hg_rules.conf"] [line "176"] [id "900407"] [msg "Wordpress and Joomla Brute RBL: testwprbl.websitewelcome.com"] [hostname "filtrokangen.com.br"] [uri "/xmlrpc.php"] [unique_id "al9IFU0Dwhk5-Z44Xro-EQAAAwo"]
[Tue Jul 21 07:21:09.710981 2026] [security2:error] [pid 230252:tid 230497] [client 175.45.70.82:52325] ModSecurity: Warning. Pattern match "POST" at REQUEST_METHOD. [file "/opt/mod_security/hg_rules.conf"] [line "151"] [id "900405"] [msg "xmlrpc POST logging"] [data "409"] [hostname "filtrokangen.com.br"] [uri "/xmlrpc.php"] [unique_id "al9IFU0Dwhk5-Z44Xro-EQAAAwo"]
[Tue Jul 21 07:21:09.928674 2026] [security2:error] [pid 230252:tid 230282] [remote 132.148.72.88:54844] ModSecurity: Access denied with code 409 (phase 1). RBL lookup of 88.72.148.132.testwprbl.websitewelcome.com succeeded at REMOTE_ADDR. [file "/opt/mod_security/hg_rules.conf"] [line "176"] [id "900407"] [msg "Wordpress and Joomla Brute RBL: testwprbl.websitewelcome.com"] [hostname "tecnoturbo.com.br"] [uri "/wp-login.php"] [unique_id "al9IFU0Dwhk5-Z44Xro-EwACpxw"]
[Tue Jul 21 07:21:09.992232 2026] [security2:error] [pid 230252:tid 230484] [client 4.204.201.85:17900] ModSecurity: Access denied with code 409 (phase 1). RBL lookup of 85.201.204.4.vulnscan.websitewelcome.com succeeded at REMOTE_ADDR. [file "/opt/mod_security/hg_rules.conf"] [line "1566"] [id "900933"] [msg "Vulnerability Scan RBL: vulnscan.websitewelcome.com"] [hostname "beezar.com.br"] [uri "/domvf.php"] [unique_id "al9IFU0Dwhk5-Z44Xro-FAAAAv0"]
[Tue Jul 21 07:21:09.992806 2026] [security2:error] [pid 230252:tid 230486] [client 20.197.192.193:27075] ModSecurity: Access denied with code 409 (phase 1). RBL lookup of 193.192.197.20.vulnscan.websitewelcome.com succeeded at REMOTE_ADDR. [file "/opt/mod_security/hg_rules.conf"] [line "1566"] [id "900933"] [msg "Vulnerability Scan RBL: vulnscan.websitewelcome.com"] [hostname "webmail.oticapersona.com.br"] [uri "/cron-tab.php"] [unique_id "al9IFU0Dwhk5-Z44Xro-FQAAAv8"]
[Tue Jul 21 07:21:10.067838 2026] [security2:error] [pid 229246:tid 229414] [client 120.61.173.56:56633] ModSecurity: Access denied with code 409 (phase 1). RBL lookup of 56.173.61.120.testwprbl.websitewelcome.com succeeded at REMOTE_ADDR. [file "/opt/mod_security/hg_rules.conf"] [line "176"] [id "900407"] [msg "Wordpress and Joomla Brute RBL: testwprbl.websitewelcome.com"] [hostname "agmiz.com.br"] [uri "/xmlrpc.php"] [unique_id "al9IFiBMYeh5YLVG45xixQAAAjo"]
[Tue Jul 21 07:21:10.067965 2026] [security2:error] [pid 229246:tid 229414] [client 120.61.173.56:56633] ModSecurity: Warning. Pattern match "POST" at REQUEST_METHOD. [file "/opt/mod_security/hg_rules.conf"] [line "151"] [id "900405"] [msg "xmlrpc POST logging"] [data "409"] [hostname "agmiz.com.br"] [uri "/xmlrpc.php"] [unique_id "al9IFiBMYeh5YLVG45xixQAAAjo"]
[Tue Jul 21 07:21:10.359394 2026] [security2:error] [pid 230252:tid 230509] [client 20.206.105.145:30683] ModSecurity: Access denied with code 409 (phase 1). RBL lookup of 145.105.206.20.vulnscan.websitewelcome.com succeeded at REMOTE_ADDR. [file "/opt/mod_security/hg_rules.conf"] [line "1566"] [id "900933"] [msg "Vulnerability Scan RBL: vulnscan.websitewelcome.com"] [hostname "webdisk.psicologafernandaguedes.com"] [uri "/ok.php"] [unique_id "al9IFk0Dwhk5-Z44Xro-HAAAAxY"]
[Tue Jul 21 07:21:10.385422 2026] [security2:error] [pid 230252:tid 230445] [client 193.36.225.73:58655] ModSecurity: Access denied with code 409 (phase 1). RBL lookup of 73.225.36.193.vulnscan.websitewelcome.com succeeded at REMOTE_ADDR. [file "/opt/mod_security/hg_rules.conf"] [line "1566"] [id "900933"] [msg "Vulnerability Scan RBL: vulnscan.websitewelcome.com"] [hostname "moldurasbrilhante.com.br"] [uri "/wp-admin/index.php"] [unique_id "al9IFk0Dwhk5-Z44Xro-HQAAAtY"], referer: https://moldurasbrilhante.com.br/wp-login.php
[Tue Jul 21 07:21:10.435250 2026] [security2:error] [pid 229246:tid 229441] [client 4.204.201.85:17861] ModSecurity: Access denied with code 409 (phase 1). RBL lookup of 85.201.204.4.vulnscan.websitewelcome.com succeeded at REMOTE_ADDR. [file "/opt/mod_security/hg_rules.conf"] [line "1566"] [id "900933"] [msg "Vulnerability Scan RBL: vulnscan.websitewelcome.com"] [hostname "beezar.com.br"] [uri "/wp.php"] [unique_id "al9IFiBMYeh5YLVG45xiyQAAAlU"]
[Tue Jul 21 07:21:10.535461 2026] [http2:warn] [pid 229246:tid 229499] [client 57.141.18.87:56288] h2_stream(229246-292-1,CLEANUP): started=1, scheduled=1, ready=0, out_buffer=0
[Tue Jul 21 07:21:10.555169 2026] [security2:error] [pid 229246:tid 229496] [client 134.19.179.187:37706] ModSecurity: Access denied with code 409 (phase 1). RBL lookup of 187.179.19.134.testwprbl.websitewelcome.com succeeded at REMOTE_ADDR. [file "/opt/mod_security/hg_rules.conf"] [line "176"] [id "900407"] [msg "Wordpress and Joomla Brute RBL: testwprbl.websitewelcome.com"] [hostname "senhordostelhados.site"] [uri "/xmlrpc.php"] [unique_id "al9IFiBMYeh5YLVG45xiygAAAow"]
[Tue Jul 21 07:21:10.555289 2026] [security2:error] [pid 229246:tid 229496] [client 134.19.179.187:37706] ModSecurity: Warning. Pattern match "POST" at REQUEST_METHOD. [file "/opt/mod_security/hg_rules.conf"] [line "151"] [id "900405"] [msg "xmlrpc POST logging"] [data "409"] [hostname "senhordostelhados.site"] [uri "/xmlrpc.php"] [unique_id "al9IFiBMYeh5YLVG45xiygAAAow"]
[Tue Jul 21 07:21:10.717453 2026] [security2:error] [pid 229246:tid 229452] [client 20.104.96.117:59654] ModSecurity: Access denied with code 409 (phase 1). RBL lookup of 117.96.104.20.vulnscan.websitewelcome.com succeeded at REMOTE_ADDR. [file "/opt/mod_security/hg_rules.conf"] [line "1566"] [id "900933"] [msg "Vulnerability Scan RBL: vulnscan.websitewelcome.com"] [hostname "leoamaraldev.com.br"] [uri "/wp-css.php"] [unique_id "al9IFiBMYeh5YLVG45xi0AAAAmA"]
[Tue Jul 21 07:21:10.740082 2026] [security2:error] [pid 230252:tid 230403] [client 114.119.128.203:27961] ModSecurity: Access denied with code 406 (phase 1). Pattern match "ZoominfoBot|NetcraftSurveyAgent|MJ12bot|(?i:BUbiNG)|D(?i:otbot)| oBot/|MegaIndex\\\\.ru|Barkrowler|Spbot|DomainCrawler|Seznam|CCBot|SiteExplorer|OpenLinkProfiler|Sogou web spider|360Spider|Semrush|Panscient|crawler\\\\.feedback([+]\\\\S+)?@gmail\\\\.com|MauiBo ..." at REQUEST_HEADERS:User-Agent. [file "/opt/mod_security/hg_rules.conf"] [line "585"] [id "999812"] [msg "Problematic Crawler"] [hostname "www.gradiente.com.br"] [uri "/mini-system/gradiente/Preto/139/Bluetooth/de%20101W%20at%C3%A9%20500W/Bivolt"] [unique_id "al9IFk0Dwhk5-Z44Xro-HwAAAqw"], referer: https://www.gradiente.com.br/mini-system/Preto/139/Bluetooth/de%20101W%20at%C3%A9%20500W/Bivolt?PS=12&map=c%2CspecificationFilter_21%2CproductClusterSearchableIds%2CspecificationFilter_18%2CspecificationFilter_22%2CspecificationFilter_20
[Tue Jul 21 07:21:10.760846 2026] [security2:error] [pid 230252:tid 230416] [client 92.119.178.3:49796] ModSecurity: Access denied with code 409 (phase 1). RBL lookup of 3.178.119.92.testwprbl.websitewelcome.com succeeded at REMOTE_ADDR. [file "/opt/mod_security/hg_rules.conf"] [line "176"] [id "900407"] [msg "Wordpress and Joomla Brute RBL: testwprbl.websitewelcome.com"] [hostname "vitrineoriginal.online"] [uri "/xmlrpc.php"] [unique_id "al9IFk0Dwhk5-Z44Xro-IAAAArk"]
