[Tue Jul 21 07:18:46.167690 2026] [security2:error] [pid 229246:tid 229392] [client 20.197.192.193:60606] ModSecurity: Access denied with code 409 (phase 1). RBL lookup of 193.192.197.20.vulnscan.websitewelcome.com succeeded at REMOTE_ADDR. [file "/opt/mod_security/hg_rules.conf"] [line "1566"] [id "900933"] [msg "Vulnerability Scan RBL: vulnscan.websitewelcome.com"] [hostname "realizzaresolucoes.com.br"] [uri "/tkikikoko.php"] [unique_id "al9HhiBMYeh5YLVG45xU4wAAAiQ"]
[Tue Jul 21 07:18:46.211375 2026] [security2:error] [pid 229246:tid 229475] [client 20.197.192.193:49752] ModSecurity: Access denied with code 409 (phase 1). RBL lookup of 193.192.197.20.vulnscan.websitewelcome.com succeeded at REMOTE_ADDR. [file "/opt/mod_security/hg_rules.conf"] [line "1566"] [id "900933"] [msg "Vulnerability Scan RBL: vulnscan.websitewelcome.com"] [hostname "realizzaresolucoes.com.br"] [uri "/wp-Blogs.php"] [unique_id "al9HhiBMYeh5YLVG45xU5AAAAnc"]
[Tue Jul 21 07:18:46.233118 2026] [security2:error] [pid 229246:tid 229376] [client 143.244.57.118:0] ModSecurity: Access denied with code 406 (phase 1). Pattern match "/wp-includes/wlwmanifest\\\\.xml" at REQUEST_URI. [file "/opt/mod_security/hg_rules.conf"] [line "1541"] [id "900920"] [msg "wlwmanifest spam rule"] [hostname "mail.alexsandrodosreisfer1782517774685.0711679.meusitehostgator.com.br"] [uri "/wp1/wp-includes/wlwmanifest.xml"] [unique_id "al9HhiBMYeh5YLVG45xU5wAAAhQ"]
[Tue Jul 21 07:18:46.241369 2026] [security2:error] [pid 229246:tid 229481] [client 20.197.192.193:60562] ModSecurity: Access denied with code 409 (phase 1). RBL lookup of 193.192.197.20.vulnscan.websitewelcome.com succeeded at REMOTE_ADDR. [file "/opt/mod_security/hg_rules.conf"] [line "1566"] [id "900933"] [msg "Vulnerability Scan RBL: vulnscan.websitewelcome.com"] [hostname "realizzaresolucoes.com.br"] [uri "/wp-css.php"] [unique_id "al9HhiBMYeh5YLVG45xU6QAAAn0"]
[Tue Jul 21 07:18:46.244519 2026] [security2:error] [pid 229246:tid 229402] [client 143.244.57.121:0] ModSecurity: Access denied with code 406 (phase 1). Pattern match "/wp-includes/wlwmanifest\\\\.xml" at REQUEST_URI. [file "/opt/mod_security/hg_rules.conf"] [line "1541"] [id "900920"] [msg "wlwmanifest spam rule"] [hostname "webdisk.gabrielferreira1782822497721.0711679.meusitehostgator.com.br"] [uri "/2019/wp-includes/wlwmanifest.xml"] [unique_id "al9HhiBMYeh5YLVG45xU6wAAAi4"]
[Tue Jul 21 07:18:46.266177 2026] [security2:error] [pid 229246:tid 229404] [client 4.204.201.85:26387] ModSecurity: Access denied with code 409 (phase 1). RBL lookup of 85.201.204.4.vulnscan.websitewelcome.com succeeded at REMOTE_ADDR. [file "/opt/mod_security/hg_rules.conf"] [line "1566"] [id "900933"] [msg "Vulnerability Scan RBL: vulnscan.websitewelcome.com"] [hostname "conectarpessoas.com.br"] [uri "/adminner.php"] [unique_id "al9HhiBMYeh5YLVG45xU7AAAAjA"]
[Tue Jul 21 07:18:46.293042 2026] [security2:error] [pid 229246:tid 229464] [client 20.197.192.193:64105] ModSecurity: Access denied with code 409 (phase 1). RBL lookup of 193.192.197.20.vulnscan.websitewelcome.com succeeded at REMOTE_ADDR. [file "/opt/mod_security/hg_rules.conf"] [line "1566"] [id "900933"] [msg "Vulnerability Scan RBL: vulnscan.websitewelcome.com"] [hostname "realizzaresolucoes.com.br"] [uri "/wp-explorer.php"] [unique_id "al9HhiBMYeh5YLVG45xU7QAAAmw"]
[Tue Jul 21 07:18:46.320501 2026] [security2:error] [pid 229246:tid 229399] [client 20.197.192.193:60596] ModSecurity: Access denied with code 409 (phase 1). RBL lookup of 193.192.197.20.vulnscan.websitewelcome.com succeeded at REMOTE_ADDR. [file "/opt/mod_security/hg_rules.conf"] [line "1566"] [id "900933"] [msg "Vulnerability Scan RBL: vulnscan.websitewelcome.com"] [hostname "realizzaresolucoes.com.br"] [uri "/akismet.php"] [unique_id "al9HhiBMYeh5YLVG45xU7gAAAis"]
[Tue Jul 21 07:18:46.367472 2026] [security2:error] [pid 229246:tid 229445] [client 20.197.192.193:60546] ModSecurity: Access denied with code 409 (phase 1). RBL lookup of 193.192.197.20.vulnscan.websitewelcome.com succeeded at REMOTE_ADDR. [file "/opt/mod_security/hg_rules.conf"] [line "1566"] [id "900933"] [msg "Vulnerability Scan RBL: vulnscan.websitewelcome.com"] [hostname "realizzaresolucoes.com.br"] [uri "/ace2.php"] [unique_id "al9HhiBMYeh5YLVG45xU7wAAAlk"]
[Tue Jul 21 07:18:46.418155 2026] [security2:error] [pid 229246:tid 229491] [client 20.197.192.193:64085] ModSecurity: Access denied with code 409 (phase 1). RBL lookup of 193.192.197.20.vulnscan.websitewelcome.com succeeded at REMOTE_ADDR. [file "/opt/mod_security/hg_rules.conf"] [line "1566"] [id "900933"] [msg "Vulnerability Scan RBL: vulnscan.websitewelcome.com"] [hostname "realizzaresolucoes.com.br"] [uri "/ms.php"] [unique_id "al9HhiBMYeh5YLVG45xU9AAAAoc"]
[Tue Jul 21 07:18:46.444737 2026] [security2:error] [pid 229246:tid 229433] [client 20.197.192.193:8350] ModSecurity: Access denied with code 409 (phase 1). RBL lookup of 193.192.197.20.vulnscan.websitewelcome.com succeeded at REMOTE_ADDR. [file "/opt/mod_security/hg_rules.conf"] [line "1566"] [id "900933"] [msg "Vulnerability Scan RBL: vulnscan.websitewelcome.com"] [hostname "patihipopressivo.com.br"] [uri "/wp-mt.php"] [unique_id "al9HhiBMYeh5YLVG45xU9wAAAk0"]
[Tue Jul 21 07:18:46.453470 2026] [security2:error] [pid 229246:tid 229421] [client 20.151.10.161:21471] ModSecurity: Access denied with code 409 (phase 1). RBL lookup of 161.10.151.20.vulnscan.websitewelcome.com succeeded at REMOTE_ADDR. [file "/opt/mod_security/hg_rules.conf"] [line "1566"] [id "900933"] [msg "Vulnerability Scan RBL: vulnscan.websitewelcome.com"] [hostname "mail.paulaabrao.com.br"] [uri "/init.php"] [unique_id "al9HhiBMYeh5YLVG45xU-AAAAkE"]
[Tue Jul 21 07:18:46.532525 2026] [security2:error] [pid 229246:tid 229407] [client 143.244.57.118:0] ModSecurity: Access denied with code 406 (phase 1). Pattern match "/wp-includes/wlwmanifest\\\\.xml" at REQUEST_URI. [file "/opt/mod_security/hg_rules.conf"] [line "1541"] [id "900920"] [msg "wlwmanifest spam rule"] [hostname "mail.alexsandrodosreisfer1782517774685.0711679.meusitehostgator.com.br"] [uri "/test/wp-includes/wlwmanifest.xml"] [unique_id "al9HhiBMYeh5YLVG45xU_wAAAjM"]
[Tue Jul 21 07:18:46.611405 2026] [security2:error] [pid 229246:tid 229436] [client 20.206.105.145:36189] ModSecurity: Access denied with code 409 (phase 1). RBL lookup of 145.105.206.20.vulnscan.websitewelcome.com succeeded at REMOTE_ADDR. [file "/opt/mod_security/hg_rules.conf"] [line "1566"] [id "900933"] [msg "Vulnerability Scan RBL: vulnscan.websitewelcome.com"] [hostname "webmail.reidocouro.com.br"] [uri "/dr.php"] [unique_id "al9HhiBMYeh5YLVG45xVAQAAAlA"]
[Tue Jul 21 07:18:46.613520 2026] [security2:error] [pid 229246:tid 229453] [client 143.244.57.121:0] ModSecurity: Access denied with code 406 (phase 1). Pattern match "/wp-includes/wlwmanifest\\\\.xml" at REQUEST_URI. [file "/opt/mod_security/hg_rules.conf"] [line "1541"] [id "900920"] [msg "wlwmanifest spam rule"] [hostname "webdisk.gabrielferreira1782822497721.0711679.meusitehostgator.com.br"] [uri "/shop/wp-includes/wlwmanifest.xml"] [unique_id "al9HhiBMYeh5YLVG45xVAgAAAmE"]
[Tue Jul 21 07:18:46.682080 2026] [security2:error] [pid 229246:tid 229348] [remote 151.255.40.189:0] ModSecurity: Access denied with code 409 (phase 1). RBL lookup of 189.40.255.151.testwprbl.websitewelcome.com succeeded at REMOTE_ADDR. [file "/opt/mod_security/hg_rules.conf"] [line "176"] [id "900407"] [msg "Wordpress and Joomla Brute RBL: testwprbl.websitewelcome.com"] [hostname "drasumaiajacob.com"] [uri "/xmlrpc.php"] [unique_id "al9HhiBMYeh5YLVG45xVAwACHGU"]
[Tue Jul 21 07:18:46.682266 2026] [security2:error] [pid 229246:tid 229384] [client 151.255.40.189:0] ModSecurity: Warning. Pattern match "POST" at REQUEST_METHOD. [file "/opt/mod_security/hg_rules.conf"] [line "151"] [id "900405"] [msg "xmlrpc POST logging"] [data "409"] [hostname "drasumaiajacob.com"] [uri "/xmlrpc.php"] [unique_id "al9HhiBMYeh5YLVG45xVAwACHGU"]
[Tue Jul 21 07:18:46.738719 2026] [autoindex:error] [pid 229246:tid 229470] [client 4.204.201.85:35408] AH01276: Cannot serve directory /home3/seaport/public_html/wp-includes/assets/: No matching DirectoryIndex (index.html.var,index.htm,index.html,index.shtml,index.xhtml,index.wml,index.perl,index.pl,index.plx,index.ppl,index.cgi,index.jsp,index.js,index.jp,index.php4,index.php3,index.php,index.phtml,default.htm,default.html,home.htm,index.php5,Default.html,Default.htm,home.html) found, and server-generated directory index forbidden by Options directive
[Tue Jul 21 07:18:46.780983 2026] [security2:error] [pid 229246:tid 229350] [remote 154.61.75.100:0] ModSecurity: Access denied with code 409 (phase 1). RBL lookup of 100.75.61.154.testwprbl.websitewelcome.com succeeded at REMOTE_ADDR. [file "/opt/mod_security/hg_rules.conf"] [line "176"] [id "900407"] [msg "Wordpress and Joomla Brute RBL: testwprbl.websitewelcome.com"] [hostname "vanderleiasilva.com.br"] [uri "/xmlrpc.php"] [unique_id "al9HhiBMYeh5YLVG45xVBwACgGc"]
[Tue Jul 21 07:18:46.781123 2026] [security2:error] [pid 229246:tid 229484] [client 154.61.75.100:0] ModSecurity: Warning. Pattern match "POST" at REQUEST_METHOD. [file "/opt/mod_security/hg_rules.conf"] [line "151"] [id "900405"] [msg "xmlrpc POST logging"] [data "409"] [hostname "vanderleiasilva.com.br"] [uri "/xmlrpc.php"] [unique_id "al9HhiBMYeh5YLVG45xVBwACgGc"]
[Tue Jul 21 07:18:46.798577 2026] [security2:error] [pid 229246:tid 229352] [remote 2401:4900:88d1:e59:19d5:3e3b:eedf:b645:0] ModSecurity: Access denied with code 406 (phase 2). Operator GT matched 0 at USER:bf_block. [file "/opt/mod_security/hg_rules.conf"] [line "1482"] [id "909121"] [msg "IP address blocked, too many xmlrpc.php failures"] [hostname "aud-7.com"] [uri "/xmlrpc.php"] [unique_id "al9HhiBMYeh5YLVG45xVCAACjWk"]
[Tue Jul 21 07:18:46.798721 2026] [security2:error] [pid 229246:tid 229497] [client 2401:4900:88d1:e59:19d5:3e3b:eedf:b645:0] ModSecurity: Warning. Pattern match "POST" at REQUEST_METHOD. [file "/opt/mod_security/hg_rules.conf"] [line "151"] [id "900405"] [msg "xmlrpc POST logging"] [data "406"] [hostname "aud-7.com"] [uri "/xmlrpc.php"] [unique_id "al9HhiBMYeh5YLVG45xVCAACjWk"]
[Tue Jul 21 07:18:46.808011 2026] [security2:error] [pid 229246:tid 229489] [client 4.204.201.85:26565] ModSecurity: Access denied with code 409 (phase 1). RBL lookup of 85.201.204.4.vulnscan.websitewelcome.com succeeded at REMOTE_ADDR. [file "/opt/mod_security/hg_rules.conf"] [line "1566"] [id "900933"] [msg "Vulnerability Scan RBL: vulnscan.websitewelcome.com"] [hostname "conectarpessoas.com.br"] [uri "/admin.php"] [unique_id "al9HhiBMYeh5YLVG45xVCgAAAoU"]
[Tue Jul 21 07:18:46.836337 2026] [security2:error] [pid 229246:tid 229474] [client 143.244.57.118:0] ModSecurity: Access denied with code 406 (phase 1). Pattern match "/wp-includes/wlwmanifest\\\\.xml" at REQUEST_URI. [file "/opt/mod_security/hg_rules.conf"] [line "1541"] [id "900920"] [msg "wlwmanifest spam rule"] [hostname "mail.alexsandrodosreisfer1782517774685.0711679.meusitehostgator.com.br"] [uri "/media/wp-includes/wlwmanifest.xml"] [unique_id "al9HhiBMYeh5YLVG45xVCwAAAnY"]
[Tue Jul 21 07:18:46.968373 2026] [security2:error] [pid 229246:tid 229429] [client 35.205.139.29:51623] ModSecurity: Access denied with code 406 (phase 1). Pattern match "/wp-includes/wlwmanifest\\\\.xml" at REQUEST_URI. [file "/opt/mod_security/hg_rules.conf"] [line "1541"] [id "900920"] [msg "wlwmanifest spam rule"] [hostname "www.sistedu-mec.com"] [uri "/test/wp-includes/wlwmanifest.xml"] [unique_id "al9HhiBMYeh5YLVG45xVEgAAAkk"]
[Tue Jul 21 07:18:47.025112 2026] [security2:error] [pid 229246:tid 229419] [client 143.244.57.121:0] ModSecurity: Access denied with code 406 (phase 1). Pattern match "/wp-includes/wlwmanifest\\\\.xml" at REQUEST_URI. [file "/opt/mod_security/hg_rules.conf"] [line "1541"] [id "900920"] [msg "wlwmanifest spam rule"] [hostname "webdisk.gabrielferreira1782822497721.0711679.meusitehostgator.com.br"] [uri "/wp1/wp-includes/wlwmanifest.xml"] [unique_id "al9HhyBMYeh5YLVG45xVGAAAAj8"]
[Tue Jul 21 07:18:47.032620 2026] [security2:error] [pid 229246:tid 229408] [client 20.151.10.161:50329] ModSecurity: Access denied with code 409 (phase 1). RBL lookup of 161.10.151.20.vulnscan.websitewelcome.com succeeded at REMOTE_ADDR. [file "/opt/mod_security/hg_rules.conf"] [line "1566"] [id "900933"] [msg "Vulnerability Scan RBL: vulnscan.websitewelcome.com"] [hostname "mail.paulaabrao.com.br"] [uri "/prekel.php"] [unique_id "al9HhyBMYeh5YLVG45xVGgAAAjQ"]
[Tue Jul 21 07:18:47.043929 2026] [security2:error] [pid 229246:tid 229393] [client 4.204.201.85:35420] ModSecurity: Access denied with code 409 (phase 1). RBL lookup of 85.201.204.4.vulnscan.websitewelcome.com succeeded at REMOTE_ADDR. [file "/opt/mod_security/hg_rules.conf"] [line "1566"] [id "900933"] [msg "Vulnerability Scan RBL: vulnscan.websitewelcome.com"] [hostname "seaportservicos.com.br"] [uri "/adminfuns.php"] [unique_id "al9HhyBMYeh5YLVG45xVHAAAAiU"]
[Tue Jul 21 07:18:47.129455 2026] [access_compat:error] [pid 229246:tid 229404] [client 162.241.63.68:24582] AH01797: client denied by server configuration: /home2/osval053/public_html/wp-cron.php
[Tue Jul 21 07:18:47.154469 2026] [security2:error] [pid 229246:tid 229385] [client 143.244.57.118:0] ModSecurity: Access denied with code 406 (phase 1). Pattern match "/wp-includes/wlwmanifest\\\\.xml" at REQUEST_URI. [file "/opt/mod_security/hg_rules.conf"] [line "1541"] [id "900920"] [msg "wlwmanifest spam rule"] [hostname "mail.alexsandrodosreisfer1782517774685.0711679.meusitehostgator.com.br"] [uri "/wp2/wp-includes/wlwmanifest.xml"] [unique_id "al9HhyBMYeh5YLVG45xVIgAAAh0"]
[Tue Jul 21 07:18:47.322419 2026] [security2:error] [pid 229246:tid 229438] [client 4.204.201.85:26368] ModSecurity: Access denied with code 409 (phase 1). RBL lookup of 85.201.204.4.vulnscan.websitewelcome.com succeeded at REMOTE_ADDR. [file "/opt/mod_security/hg_rules.conf"] [line "1566"] [id "900933"] [msg "Vulnerability Scan RBL: vulnscan.websitewelcome.com"] [hostname "conectarpessoas.com.br"] [uri "/k.php"] [unique_id "al9HhyBMYeh5YLVG45xVJwAAAlI"]
[Tue Jul 21 07:18:47.359218 2026] [security2:error] [pid 229246:tid 229491] [client 143.244.57.121:0] ModSecurity: Access denied with code 406 (phase 1). Pattern match "/wp-includes/wlwmanifest\\\\.xml" at REQUEST_URI. [file "/opt/mod_security/hg_rules.conf"] [line "1541"] [id "900920"] [msg "wlwmanifest spam rule"] [hostname "webdisk.gabrielferreira1782822497721.0711679.meusitehostgator.com.br"] [uri "/test/wp-includes/wlwmanifest.xml"] [unique_id "al9HhyBMYeh5YLVG45xVKAAAAoc"]
[Tue Jul 21 07:18:47.406731 2026] [security2:error] [pid 229246:tid 229492] [client 139.135.44.145:53547] ModSecurity: Access denied with code 409 (phase 1). RBL lookup of 145.44.135.139.testwprbl.websitewelcome.com succeeded at REMOTE_ADDR. [file "/opt/mod_security/hg_rules.conf"] [line "176"] [id "900407"] [msg "Wordpress and Joomla Brute RBL: testwprbl.websitewelcome.com"] [hostname "pexbrasil.com"] [uri "/xmlrpc.php"] [unique_id "al9HhyBMYeh5YLVG45xVKQAAAog"]
[Tue Jul 21 07:18:47.407323 2026] [security2:error] [pid 229246:tid 229492] [client 139.135.44.145:53547] ModSecurity: Warning. Pattern match "POST" at REQUEST_METHOD. [file "/opt/mod_security/hg_rules.conf"] [line "151"] [id "900405"] [msg "xmlrpc POST logging"] [data "409"] [hostname "pexbrasil.com"] [uri "/xmlrpc.php"] [unique_id "al9HhyBMYeh5YLVG45xVKQAAAog"]
[Tue Jul 21 07:18:47.463322 2026] [security2:error] [pid 229246:tid 229494] [client 143.244.57.118:0] ModSecurity: Access denied with code 406 (phase 1). Pattern match "/wp-includes/wlwmanifest\\\\.xml" at REQUEST_URI. [file "/opt/mod_security/hg_rules.conf"] [line "1541"] [id "900920"] [msg "wlwmanifest spam rule"] [hostname "mail.alexsandrodosreisfer1782517774685.0711679.meusitehostgator.com.br"] [uri "/site/wp-includes/wlwmanifest.xml"] [unique_id "al9HhyBMYeh5YLVG45xVLQAAAoo"]
[Tue Jul 21 07:18:47.528295 2026] [security2:error] [pid 229246:tid 229477] [client 122.183.40.231:33021] ModSecurity: Access denied with code 409 (phase 1). RBL lookup of 231.40.183.122.testwprbl.websitewelcome.com succeeded at REMOTE_ADDR. [file "/opt/mod_security/hg_rules.conf"] [line "176"] [id "900407"] [msg "Wordpress and Joomla Brute RBL: testwprbl.websitewelcome.com"] [hostname "psiqueflix.online"] [uri "/xmlrpc.php"] [unique_id "al9HhyBMYeh5YLVG45xVLgAAAnk"]
[Tue Jul 21 07:18:47.528429 2026] [security2:error] [pid 229246:tid 229477] [client 122.183.40.231:33021] ModSecurity: Warning. Pattern match "POST" at REQUEST_METHOD. [file "/opt/mod_security/hg_rules.conf"] [line "151"] [id "900405"] [msg "xmlrpc POST logging"] [data "409"] [hostname "psiqueflix.online"] [uri "/xmlrpc.php"] [unique_id "al9HhyBMYeh5YLVG45xVLgAAAnk"]
[Tue Jul 21 07:18:47.673512 2026] [security2:error] [pid 229246:tid 229471] [client 4.204.201.85:26621] ModSecurity: Access denied with code 409 (phase 1). RBL lookup of 85.201.204.4.vulnscan.websitewelcome.com succeeded at REMOTE_ADDR. [file "/opt/mod_security/hg_rules.conf"] [line "1566"] [id "900933"] [msg "Vulnerability Scan RBL: vulnscan.websitewelcome.com"] [hostname "conectarpessoas.com.br"] [uri "/blurbs.php"] [unique_id "al9HhyBMYeh5YLVG45xVMgAAAnM"]
[Tue Jul 21 07:18:47.731575 2026] [security2:error] [pid 229246:tid 229409] [client 4.204.201.85:35369] ModSecurity: Access denied with code 409 (phase 1). RBL lookup of 85.201.204.4.vulnscan.websitewelcome.com succeeded at REMOTE_ADDR. [file "/opt/mod_security/hg_rules.conf"] [line "1566"] [id "900933"] [msg "Vulnerability Scan RBL: vulnscan.websitewelcome.com"] [hostname "seaportservicos.com.br"] [uri "/goods.php"] [unique_id "al9HhyBMYeh5YLVG45xVNgAAAjU"]
[Tue Jul 21 07:18:47.747661 2026] [security2:error] [pid 229246:tid 229424] [client 143.244.57.118:0] ModSecurity: Access denied with code 406 (phase 1). Pattern match "/wp-includes/wlwmanifest\\\\.xml" at REQUEST_URI. [file "/opt/mod_security/hg_rules.conf"] [line "1541"] [id "900920"] [msg "wlwmanifest spam rule"] [hostname "mail.alexsandrodosreisfer1782517774685.0711679.meusitehostgator.com.br"] [uri "/cms/wp-includes/wlwmanifest.xml"] [unique_id "al9HhyBMYeh5YLVG45xVNwAAAkQ"]
[Tue Jul 21 07:18:47.795171 2026] [security2:error] [pid 229246:tid 229446] [client 143.244.57.121:0] ModSecurity: Access denied with code 406 (phase 1). Pattern match "/wp-includes/wlwmanifest\\\\.xml" at REQUEST_URI. [file "/opt/mod_security/hg_rules.conf"] [line "1541"] [id "900920"] [msg "wlwmanifest spam rule"] [hostname "webdisk.gabrielferreira1782822497721.0711679.meusitehostgator.com.br"] [uri "/media/wp-includes/wlwmanifest.xml"] [unique_id "al9HhyBMYeh5YLVG45xVOQAAAlo"]
[Tue Jul 21 07:18:47.801959 2026] [security2:error] [pid 229246:tid 229420] [client 20.206.105.145:36050] ModSecurity: Access denied with code 409 (phase 1). RBL lookup of 145.105.206.20.vulnscan.websitewelcome.com succeeded at REMOTE_ADDR. [file "/opt/mod_security/hg_rules.conf"] [line "1566"] [id "900933"] [msg "Vulnerability Scan RBL: vulnscan.websitewelcome.com"] [hostname "webmail.reidocouro.com.br"] [uri "/xamp.php"] [unique_id "al9HhyBMYeh5YLVG45xVOgAAAkA"]
[Tue Jul 21 07:18:47.823186 2026] [security2:error] [pid 229246:tid 229481] [client 74.244.195.153:42852] ModSecurity: Access denied with code 409 (phase 1). RBL lookup of 153.195.244.74.testwprbl.websitewelcome.com succeeded at REMOTE_ADDR. [file "/opt/mod_security/hg_rules.conf"] [line "176"] [id "900407"] [msg "Wordpress and Joomla Brute RBL: testwprbl.websitewelcome.com"] [hostname "mannucarvalho.com"] [uri "/xmlrpc.php"] [unique_id "al9HhyBMYeh5YLVG45xVOwAAAn0"]
[Tue Jul 21 07:18:47.823292 2026] [security2:error] [pid 229246:tid 229481] [client 74.244.195.153:42852] ModSecurity: Warning. Pattern match "POST" at REQUEST_METHOD. [file "/opt/mod_security/hg_rules.conf"] [line "151"] [id "900405"] [msg "xmlrpc POST logging"] [data "409"] [hostname "mannucarvalho.com"] [uri "/xmlrpc.php"] [unique_id "al9HhyBMYeh5YLVG45xVOwAAAn0"]
[Tue Jul 21 07:18:47.929824 2026] [security2:error] [pid 229246:tid 229400] [client 35.205.139.29:65245] ModSecurity: Access denied with code 406 (phase 1). Pattern match "/wp-includes/wlwmanifest\\\\.xml" at REQUEST_URI. [file "/opt/mod_security/hg_rules.conf"] [line "1541"] [id "900920"] [msg "wlwmanifest spam rule"] [hostname "www.sistedu-mec.com"] [uri "/site/wp-includes/wlwmanifest.xml"] [unique_id "al9HhyBMYeh5YLVG45xVQAAAAiw"]
[Tue Jul 21 07:18:48.042743 2026] [security2:error] [pid 229246:tid 229382] [client 143.244.57.118:0] ModSecurity: Access denied with code 406 (phase 1). Pattern match "/wp-includes/wlwmanifest\\\\.xml" at REQUEST_URI. [file "/opt/mod_security/hg_rules.conf"] [line "1541"] [id "900920"] [msg "wlwmanifest spam rule"] [hostname "mail.alexsandrodosreisfer1782517774685.0711679.meusitehostgator.com.br"] [uri "/sito/wp-includes/wlwmanifest.xml"] [unique_id "al9HiCBMYeh5YLVG45xVRAAAAho"]
[Tue Jul 21 07:18:48.044325 2026] [security2:error] [pid 229246:tid 229493] [client 4.204.201.85:26582] ModSecurity: Access denied with code 409 (phase 1). RBL lookup of 85.201.204.4.vulnscan.websitewelcome.com succeeded at REMOTE_ADDR. [file "/opt/mod_security/hg_rules.conf"] [line "1566"] [id "900933"] [msg "Vulnerability Scan RBL: vulnscan.websitewelcome.com"] [hostname "conectarpessoas.com.br"] [uri "/bajah.php"] [unique_id "al9HiCBMYeh5YLVG45xVRQAAAok"]
[Tue Jul 21 07:18:48.055524 2026] [security2:error] [pid 229246:tid 229370] [remote 136.232.157.230:0] ModSecurity: Access denied with code 409 (phase 1). RBL lookup of 230.157.232.136.testwprbl.websitewelcome.com succeeded at REMOTE_ADDR. [file "/opt/mod_security/hg_rules.conf"] [line "176"] [id "900407"] [msg "Wordpress and Joomla Brute RBL: testwprbl.websitewelcome.com"] [hostname "compranawebprodutos.com"] [uri "/xmlrpc.php"] [unique_id "al9HiCBMYeh5YLVG45xVRgACFXs"]
[Tue Jul 21 07:18:48.055668 2026] [security2:error] [pid 229246:tid 229377] [client 136.232.157.230:0] ModSecurity: Warning. Pattern match "POST" at REQUEST_METHOD. [file "/opt/mod_security/hg_rules.conf"] [line "151"] [id "900405"] [msg "xmlrpc POST logging"] [data "409"] [hostname "compranawebprodutos.com"] [uri "/xmlrpc.php"] [unique_id "al9HiCBMYeh5YLVG45xVRgACFXs"]
[Tue Jul 21 07:18:48.102437 2026] [security2:error] [pid 229246:tid 229478] [client 4.204.201.85:35423] ModSecurity: Access denied with code 409 (phase 1). RBL lookup of 85.201.204.4.vulnscan.websitewelcome.com succeeded at REMOTE_ADDR. [file "/opt/mod_security/hg_rules.conf"] [line "1566"] [id "900933"] [msg "Vulnerability Scan RBL: vulnscan.websitewelcome.com"] [hostname "seaportservicos.com.br"] [uri "/100.php"] [unique_id "al9HiCBMYeh5YLVG45xVRwAAAno"]
[Tue Jul 21 07:18:48.153525 2026] [security2:error] [pid 229246:tid 229402] [client 143.244.57.121:0] ModSecurity: Access denied with code 406 (phase 1). Pattern match "/wp-includes/wlwmanifest\\\\.xml" at REQUEST_URI. [file "/opt/mod_security/hg_rules.conf"] [line "1541"] [id "900920"] [msg "wlwmanifest spam rule"] [hostname "webdisk.gabrielferreira1782822497721.0711679.meusitehostgator.com.br"] [uri "/wp2/wp-includes/wlwmanifest.xml"] [unique_id "al9HiCBMYeh5YLVG45xVSgAAAi4"]
[Tue Jul 21 07:18:48.183173 2026] [security2:error] [pid 229246:tid 229454] [client 20.151.10.161:46063] ModSecurity: Access denied with code 409 (phase 1). RBL lookup of 161.10.151.20.vulnscan.websitewelcome.com succeeded at REMOTE_ADDR. [file "/opt/mod_security/hg_rules.conf"] [line "1566"] [id "900933"] [msg "Vulnerability Scan RBL: vulnscan.websitewelcome.com"] [hostname "prospecta.agendaclique.com.br"] [uri "/wp-ws68.php"] [unique_id "al9HiCBMYeh5YLVG45xVSwAAAmI"]
[Tue Jul 21 07:18:48.267990 2026] [security2:error] [pid 229246:tid 229388] [client 20.151.10.161:21455] ModSecurity: Access denied with code 409 (phase 1). RBL lookup of 161.10.151.20.vulnscan.websitewelcome.com succeeded at REMOTE_ADDR. [file "/opt/mod_security/hg_rules.conf"] [line "1566"] [id "900933"] [msg "Vulnerability Scan RBL: vulnscan.websitewelcome.com"] [hostname "mail.paulaabrao.com.br"] [uri "/0.php"] [unique_id "al9HiCBMYeh5YLVG45xVUAAAAiA"]
[Tue Jul 21 07:18:48.291560 2026] [security2:error] [pid 229246:tid 229445] [client 20.226.60.151:54566] ModSecurity: Access denied with code 409 (phase 1). RBL lookup of 151.60.226.20.vulnscan.websitewelcome.com succeeded at REMOTE_ADDR. [file "/opt/mod_security/hg_rules.conf"] [line "1566"] [id "900933"] [msg "Vulnerability Scan RBL: vulnscan.websitewelcome.com"] [hostname "cpanel.acupunturaebemestar.com.br"] [uri "/wp-css.php"] [unique_id "al9HiCBMYeh5YLVG45xVUgAAAlk"]
[Tue Jul 21 07:18:48.469626 2026] [security2:error] [pid 229246:tid 229482] [client 4.204.201.85:26574] ModSecurity: Access denied with code 409 (phase 1). RBL lookup of 85.201.204.4.vulnscan.websitewelcome.com succeeded at REMOTE_ADDR. [file "/opt/mod_security/hg_rules.conf"] [line "1566"] [id "900933"] [msg "Vulnerability Scan RBL: vulnscan.websitewelcome.com"] [hostname "conectarpessoas.com.br"] [uri "/a.php"] [unique_id "al9HiCBMYeh5YLVG45xVVgAAAn4"]
[Tue Jul 21 07:18:48.490349 2026] [security2:error] [pid 229246:tid 229491] [client 20.197.192.193:9454] ModSecurity: Access denied with code 409 (phase 1). RBL lookup of 193.192.197.20.vulnscan.websitewelcome.com succeeded at REMOTE_ADDR. [file "/opt/mod_security/hg_rules.conf"] [line "1566"] [id "900933"] [msg "Vulnerability Scan RBL: vulnscan.websitewelcome.com"] [hostname "patihipopressivo.com.br"] [uri "/ww.php"] [unique_id "al9HiCBMYeh5YLVG45xVWgAAAoc"]
[Tue Jul 21 07:18:48.513906 2026] [security2:error] [pid 229246:tid 229421] [client 4.204.201.85:35411] ModSecurity: Access denied with code 409 (phase 1). RBL lookup of 85.201.204.4.vulnscan.websitewelcome.com succeeded at REMOTE_ADDR. [file "/opt/mod_security/hg_rules.conf"] [line "1566"] [id "900933"] [msg "Vulnerability Scan RBL: vulnscan.websitewelcome.com"] [hostname "seaportservicos.com.br"] [uri "/about.php"] [unique_id "al9HiCBMYeh5YLVG45xVWwAAAkE"]
[Tue Jul 21 07:18:48.557976 2026] [security2:error] [pid 229246:tid 229259] [remote 2001:4490:4ec1:ec62:f01d:f50d:c923:184c:0] ModSecurity: Access denied with code 406 (phase 2). Operator GT matched 0 at USER:bf_block. [file "/opt/mod_security/hg_rules.conf"] [line "1482"] [id "909121"] [msg "IP address blocked, too many xmlrpc.php failures"] [hostname "getveltrixhealth.com"] [uri "/xmlrpc.php"] [unique_id "al9HiCBMYeh5YLVG45xVXQACZAw"]
[Tue Jul 21 07:18:48.558134 2026] [security2:error] [pid 229246:tid 229456] [client 2001:4490:4ec1:ec62:f01d:f50d:c923:184c:0] ModSecurity: Warning. Pattern match "POST" at REQUEST_METHOD. [file "/opt/mod_security/hg_rules.conf"] [line "151"] [id "900405"] [msg "xmlrpc POST logging"] [data "406"] [hostname "getveltrixhealth.com"] [uri "/xmlrpc.php"] [unique_id "al9HiCBMYeh5YLVG45xVXQACZAw"]
[Tue Jul 21 07:18:48.688426 2026] [security2:error] [pid 229246:tid 229458] [client 143.244.57.121:0] ModSecurity: Access denied with code 406 (phase 1). Pattern match "/wp-includes/wlwmanifest\\\\.xml" at REQUEST_URI. [file "/opt/mod_security/hg_rules.conf"] [line "1541"] [id "900920"] [msg "wlwmanifest spam rule"] [hostname "webdisk.gabrielferreira1782822497721.0711679.meusitehostgator.com.br"] [uri "/site/wp-includes/wlwmanifest.xml"] [unique_id "al9HiCBMYeh5YLVG45xVXgAAAmY"]
[Tue Jul 21 07:18:48.695210 2026] [security2:error] [pid 229246:tid 229429] [client 45.251.232.145:57510] ModSecurity: Access denied with code 409 (phase 1). RBL lookup of 145.232.251.45.testwprbl.websitewelcome.com succeeded at REMOTE_ADDR. [file "/opt/mod_security/hg_rules.conf"] [line "176"] [id "900407"] [msg "Wordpress and Joomla Brute RBL: testwprbl.websitewelcome.com"] [hostname "havoy.com.br"] [uri "/xmlrpc.php"] [unique_id "al9HiCBMYeh5YLVG45xVXwAAAkk"]
[Tue Jul 21 07:18:48.695356 2026] [security2:error] [pid 229246:tid 229429] [client 45.251.232.145:57510] ModSecurity: Warning. Pattern match "POST" at REQUEST_METHOD. [file "/opt/mod_security/hg_rules.conf"] [line "151"] [id "900405"] [msg "xmlrpc POST logging"] [data "409"] [hostname "havoy.com.br"] [uri "/xmlrpc.php"] [unique_id "al9HiCBMYeh5YLVG45xVXwAAAkk"]
[Tue Jul 21 07:18:48.796229 2026] [security2:error] [pid 229246:tid 229441] [client 4.204.201.85:26612] ModSecurity: Access denied with code 409 (phase 1). RBL lookup of 85.201.204.4.vulnscan.websitewelcome.com succeeded at REMOTE_ADDR. [file "/opt/mod_security/hg_rules.conf"] [line "1566"] [id "900933"] [msg "Vulnerability Scan RBL: vulnscan.websitewelcome.com"] [hostname "conectarpessoas.com.br"] [uri "/edit.php"] [unique_id "al9HiCBMYeh5YLVG45xVZAAAAlU"]
[Tue Jul 21 07:18:48.902113 2026] [security2:error] [pid 229246:tid 229435] [client 4.204.201.85:35449] ModSecurity: Access denied with code 409 (phase 1). RBL lookup of 85.201.204.4.vulnscan.websitewelcome.com succeeded at REMOTE_ADDR. [file "/opt/mod_security/hg_rules.conf"] [line "1566"] [id "900933"] [msg "Vulnerability Scan RBL: vulnscan.websitewelcome.com"] [hostname "seaportservicos.com.br"] [uri "/about.php"] [unique_id "al9HiCBMYeh5YLVG45xVZwAAAk8"]
[Tue Jul 21 07:18:49.033877 2026] [security2:error] [pid 229246:tid 229383] [client 35.205.139.29:61015] ModSecurity: Access denied with code 406 (phase 1). Pattern match "/wp-includes/wlwmanifest\\\\.xml" at REQUEST_URI. [file "/opt/mod_security/hg_rules.conf"] [line "1541"] [id "900920"] [msg "wlwmanifest spam rule"] [hostname "www.sistedu-mec.com"] [uri "/cms/wp-includes/wlwmanifest.xml"] [unique_id "al9HiSBMYeh5YLVG45xVbAAAAhs"]
[Tue Jul 21 07:18:49.086981 2026] [security2:error] [pid 229246:tid 229468] [client 143.244.57.121:0] ModSecurity: Access denied with code 406 (phase 1). Pattern match "/wp-includes/wlwmanifest\\\\.xml" at REQUEST_URI. [file "/opt/mod_security/hg_rules.conf"] [line "1541"] [id "900920"] [msg "wlwmanifest spam rule"] [hostname "webdisk.gabrielferreira1782822497721.0711679.meusitehostgator.com.br"] [uri "/cms/wp-includes/wlwmanifest.xml"] [unique_id "al9HiSBMYeh5YLVG45xVbQAAAnA"]
[Tue Jul 21 07:18:49.118536 2026] [security2:error] [pid 229246:tid 229481] [client 4.204.201.85:26597] ModSecurity: Access denied with code 409 (phase 1). RBL lookup of 85.201.204.4.vulnscan.websitewelcome.com succeeded at REMOTE_ADDR. [file "/opt/mod_security/hg_rules.conf"] [line "1566"] [id "900933"] [msg "Vulnerability Scan RBL: vulnscan.websitewelcome.com"] [hostname "conectarpessoas.com.br"] [uri "/hosty.php"] [unique_id "al9HiSBMYeh5YLVG45xVbgAAAn0"]
[Tue Jul 21 07:18:49.162806 2026] [security2:error] [pid 229246:tid 229392] [client 20.151.10.161:21387] ModSecurity: Access denied with code 409 (phase 1). RBL lookup of 161.10.151.20.vulnscan.websitewelcome.com succeeded at REMOTE_ADDR. [file "/opt/mod_security/hg_rules.conf"] [line "1566"] [id "900933"] [msg "Vulnerability Scan RBL: vulnscan.websitewelcome.com"] [hostname "mail.paulaabrao.com.br"] [uri "/BDKR28.php"] [unique_id "al9HiSBMYeh5YLVG45xVbwAAAiQ"]
[Tue Jul 21 07:18:49.181343 2026] [security2:error] [pid 229246:tid 229459] [client 173.252.95.6:53802] ModSecurity: Access denied with code 409 (phase 1). RBL lookup of 6.95.252.173.vulnscan.websitewelcome.com succeeded at REMOTE_ADDR. [file "/opt/mod_security/hg_rules.conf"] [line "1566"] [id "900933"] [msg "Vulnerability Scan RBL: vulnscan.websitewelcome.com"] [hostname "saude.agendaclique.com.br"] [uri "/webhook/meta_router.php"] [unique_id "al9HiSBMYeh5YLVG45xVcAAAAmc"]
[Tue Jul 21 07:18:49.195461 2026] [security2:error] [pid 229246:tid 229469] [client 20.220.225.223:52758] ModSecurity: Access denied with code 409 (phase 1). RBL lookup of 223.225.220.20.vulnscan.websitewelcome.com succeeded at REMOTE_ADDR. [file "/opt/mod_security/hg_rules.conf"] [line "1566"] [id "900933"] [msg "Vulnerability Scan RBL: vulnscan.websitewelcome.com"] [hostname "teste.inonebrasil.com.br"] [uri "/edit.php"] [unique_id "al9HiSBMYeh5YLVG45xVcQAAAnE"]
[Tue Jul 21 07:18:49.338666 2026] [security2:error] [pid 229246:tid 229487] [client 4.204.201.85:35438] ModSecurity: Access denied with code 409 (phase 1). RBL lookup of 85.201.204.4.vulnscan.websitewelcome.com succeeded at REMOTE_ADDR. [file "/opt/mod_security/hg_rules.conf"] [line "1566"] [id "900933"] [msg "Vulnerability Scan RBL: vulnscan.websitewelcome.com"] [hostname "seaportservicos.com.br"] [uri "/admin.php"] [unique_id "al9HiSBMYeh5YLVG45xVdQAAAoM"]
[Tue Jul 21 07:18:49.398600 2026] [security2:error] [pid 229246:tid 229475] [client 136.144.33.99:37073] ModSecurity: Access denied with code 409 (phase 1). RBL lookup of 99.33.144.136.vulnscan.websitewelcome.com succeeded at REMOTE_ADDR. [file "/opt/mod_security/hg_rules.conf"] [line "1566"] [id "900933"] [msg "Vulnerability Scan RBL: vulnscan.websitewelcome.com"] [hostname "moldurasbrilhante.com.br"] [uri "/wp-admin/index.php"] [unique_id "al9HiSBMYeh5YLVG45xVeAAAAnc"], referer: https://moldurasbrilhante.com.br/wp-login.php
[Tue Jul 21 07:18:49.409893 2026] [security2:error] [pid 229246:tid 229377] [client 20.206.105.145:36015] ModSecurity: Access denied with code 409 (phase 1). RBL lookup of 145.105.206.20.vulnscan.websitewelcome.com succeeded at REMOTE_ADDR. [file "/opt/mod_security/hg_rules.conf"] [line "1566"] [id "900933"] [msg "Vulnerability Scan RBL: vulnscan.websitewelcome.com"] [hostname "webmail.reidocouro.com.br"] [uri "/bless.php"] [unique_id "al9HiSBMYeh5YLVG45xVeQAAAhU"]
[Tue Jul 21 07:18:49.460359 2026] [security2:error] [pid 229246:tid 229376] [client 4.204.201.85:26566] ModSecurity: Access denied with code 409 (phase 1). RBL lookup of 85.201.204.4.vulnscan.websitewelcome.com succeeded at REMOTE_ADDR. [file "/opt/mod_security/hg_rules.conf"] [line "1566"] [id "900933"] [msg "Vulnerability Scan RBL: vulnscan.websitewelcome.com"] [hostname "conectarpessoas.com.br"] [uri "/k.php"] [unique_id "al9HiSBMYeh5YLVG45xVewAAAhQ"]
[Tue Jul 21 07:18:49.465136 2026] [security2:error] [pid 229246:tid 229483] [client 143.244.57.121:0] ModSecurity: Access denied with code 406 (phase 1). Pattern match "/wp-includes/wlwmanifest\\\\.xml" at REQUEST_URI. [file "/opt/mod_security/hg_rules.conf"] [line "1541"] [id "900920"] [msg "wlwmanifest spam rule"] [hostname "webdisk.gabrielferreira1782822497721.0711679.meusitehostgator.com.br"] [uri "/sito/wp-includes/wlwmanifest.xml"] [unique_id "al9HiSBMYeh5YLVG45xVfAAAAn8"]
[Tue Jul 21 07:18:49.630388 2026] [security2:error] [pid 229246:tid 229381] [client 20.197.192.193:9426] ModSecurity: Access denied with code 409 (phase 1). RBL lookup of 193.192.197.20.vulnscan.websitewelcome.com succeeded at REMOTE_ADDR. [file "/opt/mod_security/hg_rules.conf"] [line "1566"] [id "900933"] [msg "Vulnerability Scan RBL: vulnscan.websitewelcome.com"] [hostname "patihipopressivo.com.br"] [uri "/cron.php"] [unique_id "al9HiSBMYeh5YLVG45xVgwAAAhk"]
[Tue Jul 21 07:18:49.837474 2026] [security2:error] [pid 229246:tid 229452] [client 4.204.201.85:26614] ModSecurity: Access denied with code 409 (phase 1). RBL lookup of 85.201.204.4.vulnscan.websitewelcome.com succeeded at REMOTE_ADDR. [file "/opt/mod_security/hg_rules.conf"] [line "1566"] [id "900933"] [msg "Vulnerability Scan RBL: vulnscan.websitewelcome.com"] [hostname "conectarpessoas.com.br"] [uri "/aaa.php"] [unique_id "al9HiSBMYeh5YLVG45xVigAAAmA"]
[Tue Jul 21 07:18:49.846314 2026] [security2:error] [pid 229246:tid 229482] [client 20.151.10.161:21446] ModSecurity: Access denied with code 409 (phase 1). RBL lookup of 161.10.151.20.vulnscan.websitewelcome.com succeeded at REMOTE_ADDR. [file "/opt/mod_security/hg_rules.conf"] [line "1566"] [id "900933"] [msg "Vulnerability Scan RBL: vulnscan.websitewelcome.com"] [hostname "mail.paulaabrao.com.br"] [uri "/f35.update.php"] [unique_id "al9HiSBMYeh5YLVG45xViwAAAn4"]
[Tue Jul 21 07:18:50.055526 2026] [security2:error] [pid 229246:tid 229479] [client 4.204.201.85:35454] ModSecurity: Access denied with code 409 (phase 1). RBL lookup of 85.201.204.4.vulnscan.websitewelcome.com succeeded at REMOTE_ADDR. [file "/opt/mod_security/hg_rules.conf"] [line "1566"] [id "900933"] [msg "Vulnerability Scan RBL: vulnscan.websitewelcome.com"] [hostname "seaportservicos.com.br"] [uri "/admin.php"] [unique_id "al9HiiBMYeh5YLVG45xVjwAAAns"]
[Tue Jul 21 07:18:50.295719 2026] [security2:error] [pid 229246:tid 229411] [client 4.204.201.85:26586] ModSecurity: Access denied with code 409 (phase 1). RBL lookup of 85.201.204.4.vulnscan.websitewelcome.com succeeded at REMOTE_ADDR. [file "/opt/mod_security/hg_rules.conf"] [line "1566"] [id "900933"] [msg "Vulnerability Scan RBL: vulnscan.websitewelcome.com"] [hostname "conectarpessoas.com.br"] [uri "/file5.php"] [unique_id "al9HiiBMYeh5YLVG45xVlQAAAjc"]
[Tue Jul 21 07:18:50.414104 2026] [security2:error] [pid 229246:tid 229416] [client 175.45.70.82:61895] ModSecurity: Access denied with code 409 (phase 1). RBL lookup of 82.70.45.175.testwprbl.websitewelcome.com succeeded at REMOTE_ADDR. [file "/opt/mod_security/hg_rules.conf"] [line "176"] [id "900407"] [msg "Wordpress and Joomla Brute RBL: testwprbl.websitewelcome.com"] [hostname "filtrokangen.com.br"] [uri "/xmlrpc.php"] [unique_id "al9HiiBMYeh5YLVG45xVmgAAAjw"]
[Tue Jul 21 07:18:50.414242 2026] [security2:error] [pid 229246:tid 229416] [client 175.45.70.82:61895] ModSecurity: Warning. Pattern match "POST" at REQUEST_METHOD. [file "/opt/mod_security/hg_rules.conf"] [line "151"] [id "900405"] [msg "xmlrpc POST logging"] [data "409"] [hostname "filtrokangen.com.br"] [uri "/xmlrpc.php"] [unique_id "al9HiiBMYeh5YLVG45xVmgAAAjw"]
[Tue Jul 21 07:18:50.625350 2026] [security2:error] [pid 229246:tid 229378] [client 20.226.60.151:54545] ModSecurity: Access denied with code 409 (phase 1). RBL lookup of 151.60.226.20.vulnscan.websitewelcome.com succeeded at REMOTE_ADDR. [file "/opt/mod_security/hg_rules.conf"] [line "1566"] [id "900933"] [msg "Vulnerability Scan RBL: vulnscan.websitewelcome.com"] [hostname "cpanel.acupunturaebemestar.com.br"] [uri "/ho.php"] [unique_id "al9HiiBMYeh5YLVG45xVqAAAAhY"]
[Tue Jul 21 07:18:50.757583 2026] [security2:error] [pid 229246:tid 229481] [client 4.204.201.85:35328] ModSecurity: Access denied with code 409 (phase 1). RBL lookup of 85.201.204.4.vulnscan.websitewelcome.com succeeded at REMOTE_ADDR. [file "/opt/mod_security/hg_rules.conf"] [line "1566"] [id "900933"] [msg "Vulnerability Scan RBL: vulnscan.websitewelcome.com"] [hostname "seaportservicos.com.br"] [uri "/themes.php"] [unique_id "al9HiiBMYeh5YLVG45xVqgAAAn0"]
[Tue Jul 21 07:18:50.890009 2026] [security2:error] [pid 229246:tid 229414] [client 4.204.201.85:26376] ModSecurity: Access denied with code 409 (phase 1). RBL lookup of 85.201.204.4.vulnscan.websitewelcome.com succeeded at REMOTE_ADDR. [file "/opt/mod_security/hg_rules.conf"] [line "1566"] [id "900933"] [msg "Vulnerability Scan RBL: vulnscan.websitewelcome.com"] [hostname "conectarpessoas.com.br"] [uri "/222.php"] [unique_id "al9HiiBMYeh5YLVG45xVrAAAAjo"]
[Tue Jul 21 07:18:51.075662 2026] [security2:error] [pid 229246:tid 229451] [client 20.151.10.161:46060] ModSecurity: Access denied with code 409 (phase 1). RBL lookup of 161.10.151.20.vulnscan.websitewelcome.com succeeded at REMOTE_ADDR. [file "/opt/mod_security/hg_rules.conf"] [line "1566"] [id "900933"] [msg "Vulnerability Scan RBL: vulnscan.websitewelcome.com"] [hostname "prospecta.agendaclique.com.br"] [uri "/xyn.php"] [unique_id "al9HiyBMYeh5YLVG45xVswAAAl8"]
[Tue Jul 21 07:18:51.126718 2026] [autoindex:error] [pid 229246:tid 229444] [client 170.106.35.153:58240] AH01276: Cannot serve directory /home2/rebe1126/rebecavivone.online/: No matching DirectoryIndex (index.html.var,index.htm,index.html,index.shtml,index.xhtml,index.wml,index.perl,index.pl,index.plx,index.ppl,index.cgi,index.jsp,index.js,index.jp,index.php4,index.php3,index.php,index.phtml,default.htm,default.html,home.htm,index.php5,Default.html,Default.htm,home.html) found, and server-generated directory index forbidden by Options directive
[Tue Jul 21 07:18:51.234335 2026] [security2:error] [pid 229246:tid 229493] [client 20.151.10.161:50324] ModSecurity: Access denied with code 409 (phase 1). RBL lookup of 161.10.151.20.vulnscan.websitewelcome.com succeeded at REMOTE_ADDR. [file "/opt/mod_security/hg_rules.conf"] [line "1566"] [id "900933"] [msg "Vulnerability Scan RBL: vulnscan.websitewelcome.com"] [hostname "mail.paulaabrao.com.br"] [uri "/f900.php"] [unique_id "al9HiyBMYeh5YLVG45xVtQAAAok"]
[Tue Jul 21 07:18:51.299787 2026] [security2:error] [pid 229246:tid 229488] [client 4.204.201.85:26369] ModSecurity: Access denied with code 409 (phase 1). RBL lookup of 85.201.204.4.vulnscan.websitewelcome.com succeeded at REMOTE_ADDR. [file "/opt/mod_security/hg_rules.conf"] [line "1566"] [id "900933"] [msg "Vulnerability Scan RBL: vulnscan.websitewelcome.com"] [hostname "conectarpessoas.com.br"] [uri "/test.php"] [unique_id "al9HiyBMYeh5YLVG45xVtgAAAoQ"]
[Tue Jul 21 07:18:51.416230 2026] [security2:error] [pid 229246:tid 229392] [client 120.61.173.56:50094] ModSecurity: Access denied with code 409 (phase 1). RBL lookup of 56.173.61.120.testwprbl.websitewelcome.com succeeded at REMOTE_ADDR. [file "/opt/mod_security/hg_rules.conf"] [line "176"] [id "900407"] [msg "Wordpress and Joomla Brute RBL: testwprbl.websitewelcome.com"] [hostname "agmiz.com.br"] [uri "/xmlrpc.php"] [unique_id "al9HiyBMYeh5YLVG45xVuQAAAiQ"]
[Tue Jul 21 07:18:51.416339 2026] [security2:error] [pid 229246:tid 229392] [client 120.61.173.56:50094] ModSecurity: Warning. Pattern match "POST" at REQUEST_METHOD. [file "/opt/mod_security/hg_rules.conf"] [line "151"] [id "900405"] [msg "xmlrpc POST logging"] [data "409"] [hostname "agmiz.com.br"] [uri "/xmlrpc.php"] [unique_id "al9HiyBMYeh5YLVG45xVuQAAAiQ"]
[Tue Jul 21 07:18:51.457832 2026] [autoindex:error] [pid 229246:tid 229499] [client 4.204.201.85:35408] AH01276: Cannot serve directory /home3/seaport/public_html/wp-includes/blocks/details/: No matching DirectoryIndex (index.html.var,index.htm,index.html,index.shtml,index.xhtml,index.wml,index.perl,index.pl,index.plx,index.ppl,index.cgi,index.jsp,index.js,index.jp,index.php4,index.php3,index.php,index.phtml,default.htm,default.html,home.htm,index.php5,Default.html,Default.htm,home.html) found, and server-generated directory index forbidden by Options directive
[Tue Jul 21 07:18:51.498247 2026] [security2:error] [pid 229246:tid 229300] [remote 128.0.83.186:0] ModSecurity: Access denied with code 409 (phase 1). RBL lookup of 186.83.0.128.testwprbl.websitewelcome.com succeeded at REMOTE_ADDR. [file "/opt/mod_security/hg_rules.conf"] [line "176"] [id "900407"] [msg "Wordpress and Joomla Brute RBL: testwprbl.websitewelcome.com"] [hostname "botzappro.com.br"] [uri "/xmlrpc.php"] [unique_id "al9HiyBMYeh5YLVG45xVvgACITU"]
[Tue Jul 21 07:18:51.498405 2026] [security2:error] [pid 229246:tid 229389] [client 128.0.83.186:0] ModSecurity: Warning. Pattern match "POST" at REQUEST_METHOD. [file "/opt/mod_security/hg_rules.conf"] [line "151"] [id "900405"] [msg "xmlrpc POST logging"] [data "409"] [hostname "botzappro.com.br"] [uri "/xmlrpc.php"] [unique_id "al9HiyBMYeh5YLVG45xVvgACITU"]
[Tue Jul 21 07:18:51.757657 2026] [security2:error] [pid 229246:tid 229308] [remote 103.190.239.132:0] ModSecurity: Access denied with code 409 (phase 1). RBL lookup of 132.239.190.103.testwprbl.websitewelcome.com succeeded at REMOTE_ADDR. [file "/opt/mod_security/hg_rules.conf"] [line "176"] [id "900407"] [msg "Wordpress and Joomla Brute RBL: testwprbl.websitewelcome.com"] [hostname "vidrosprovetro.com.br"] [uri "/xmlrpc.php"] [unique_id "al9HiyBMYeh5YLVG45xVyQACID0"]
[Tue Jul 21 07:18:51.757867 2026] [security2:error] [pid 229246:tid 229388] [client 103.190.239.132:0] ModSecurity: Warning. Pattern match "POST" at REQUEST_METHOD. [file "/opt/mod_security/hg_rules.conf"] [line "151"] [id "900405"] [msg "xmlrpc POST logging"] [data "409"] [hostname "vidrosprovetro.com.br"] [uri "/xmlrpc.php"] [unique_id "al9HiyBMYeh5YLVG45xVyQACID0"]
[Tue Jul 21 07:18:51.783231 2026] [security2:error] [pid 229246:tid 229492] [client 20.220.225.223:47850] ModSecurity: Access denied with code 409 (phase 1). RBL lookup of 223.225.220.20.vulnscan.websitewelcome.com succeeded at REMOTE_ADDR. [file "/opt/mod_security/hg_rules.conf"] [line "1566"] [id "900933"] [msg "Vulnerability Scan RBL: vulnscan.websitewelcome.com"] [hostname "teste.inonebrasil.com.br"] [uri "/kua.php"] [unique_id "al9HiyBMYeh5YLVG45xVygAAAog"]
[Tue Jul 21 07:18:51.862605 2026] [security2:error] [pid 229246:tid 229411] [client 4.204.201.85:26385] ModSecurity: Access denied with code 409 (phase 1). RBL lookup of 85.201.204.4.vulnscan.websitewelcome.com succeeded at REMOTE_ADDR. [file "/opt/mod_security/hg_rules.conf"] [line "1566"] [id "900933"] [msg "Vulnerability Scan RBL: vulnscan.websitewelcome.com"] [hostname "conectarpessoas.com.br"] [uri "/aaa.php"] [unique_id "al9HiyBMYeh5YLVG45xV0AAAAjc"]
[Tue Jul 21 07:18:51.921108 2026] [security2:error] [pid 229246:tid 229471] [client 20.206.105.145:36181] ModSecurity: Access denied with code 409 (phase 1). RBL lookup of 145.105.206.20.vulnscan.websitewelcome.com succeeded at REMOTE_ADDR. [file "/opt/mod_security/hg_rules.conf"] [line "1566"] [id "900933"] [msg "Vulnerability Scan RBL: vulnscan.websitewelcome.com"] [hostname "webmail.reidocouro.com.br"] [uri "/file46.php"] [unique_id "al9HiyBMYeh5YLVG45xV0gAAAnM"]
[Tue Jul 21 07:18:51.996871 2026] [security2:error] [pid 229246:tid 229436] [client 20.206.105.145:35849] ModSecurity: Access denied with code 409 (phase 1). RBL lookup of 145.105.206.20.vulnscan.websitewelcome.com succeeded at REMOTE_ADDR. [file "/opt/mod_security/hg_rules.conf"] [line "1566"] [id "900933"] [msg "Vulnerability Scan RBL: vulnscan.websitewelcome.com"] [hostname "webmail.reidocouro.com.br"] [uri "/eee.php"] [unique_id "al9HiyBMYeh5YLVG45xV0wAAAlA"]
[Tue Jul 21 07:18:52.075062 2026] [security2:error] [pid 229246:tid 229378] [client 4.204.201.85:35431] ModSecurity: Access denied with code 409 (phase 1). RBL lookup of 85.201.204.4.vulnscan.websitewelcome.com succeeded at REMOTE_ADDR. [file "/opt/mod_security/hg_rules.conf"] [line "1566"] [id "900933"] [msg "Vulnerability Scan RBL: vulnscan.websitewelcome.com"] [hostname "seaportservicos.com.br"] [uri "/.well-known/about.php"] [unique_id "al9HjCBMYeh5YLVG45xV2AAAAhY"]
[Tue Jul 21 07:18:52.121171 2026] [security2:error] [pid 229246:tid 229497] [client 20.206.105.145:36184] ModSecurity: Access denied with code 409 (phase 1). RBL lookup of 145.105.206.20.vulnscan.websitewelcome.com succeeded at REMOTE_ADDR. [file "/opt/mod_security/hg_rules.conf"] [line "1566"] [id "900933"] [msg "Vulnerability Scan RBL: vulnscan.websitewelcome.com"] [hostname "webmail.reidocouro.com.br"] [uri "/file25.php"] [unique_id "al9HjCBMYeh5YLVG45xV3AAAAo0"]
[Tue Jul 21 07:18:52.274926 2026] [security2:error] [pid 229246:tid 229457] [client 20.206.105.145:36214] ModSecurity: Access denied with code 409 (phase 1). RBL lookup of 145.105.206.20.vulnscan.websitewelcome.com succeeded at REMOTE_ADDR. [file "/opt/mod_security/hg_rules.conf"] [line "1566"] [id "900933"] [msg "Vulnerability Scan RBL: vulnscan.websitewelcome.com"] [hostname "webmail.reidocouro.com.br"] [uri "/file48.php"] [unique_id "al9HjCBMYeh5YLVG45xV3wAAAmU"]
[Tue Jul 21 07:18:52.346820 2026] [security2:error] [pid 229246:tid 229487] [client 4.204.201.85:26390] ModSecurity: Access denied with code 409 (phase 1). RBL lookup of 85.201.204.4.vulnscan.websitewelcome.com succeeded at REMOTE_ADDR. [file "/opt/mod_security/hg_rules.conf"] [line "1566"] [id "900933"] [msg "Vulnerability Scan RBL: vulnscan.websitewelcome.com"] [hostname "conectarpessoas.com.br"] [uri "/11.php"] [unique_id "al9HjCBMYeh5YLVG45xV4QAAAoM"]
[Tue Jul 21 07:18:52.417497 2026] [security2:error] [pid 229246:tid 229474] [client 20.151.10.161:21390] ModSecurity: Access denied with code 409 (phase 1). RBL lookup of 161.10.151.20.vulnscan.websitewelcome.com succeeded at REMOTE_ADDR. [file "/opt/mod_security/hg_rules.conf"] [line "1566"] [id "900933"] [msg "Vulnerability Scan RBL: vulnscan.websitewelcome.com"] [hostname "mail.paulaabrao.com.br"] [uri "/xmrl.php"] [unique_id "al9HjCBMYeh5YLVG45xV6AAAAnY"]
[Tue Jul 21 07:18:52.419331 2026] [security2:error] [pid 229246:tid 229304] [remote 188.138.102.156:50012] ModSecurity: Access denied with code 409 (phase 1). RBL lookup of 156.102.138.188.testwprbl.websitewelcome.com succeeded at REMOTE_ADDR. [file "/opt/mod_security/hg_rules.conf"] [line "176"] [id "900407"] [msg "Wordpress and Joomla Brute RBL: testwprbl.websitewelcome.com"] [hostname "girassollimpeza.com.br"] [uri "/wp-login.php"] [unique_id "al9HjCBMYeh5YLVG45xV6QACSTk"]
[Tue Jul 21 07:18:52.617183 2026] [security2:error] [pid 229246:tid 229417] [client 20.151.10.161:46018] ModSecurity: Access denied with code 409 (phase 1). RBL lookup of 161.10.151.20.vulnscan.websitewelcome.com succeeded at REMOTE_ADDR. [file "/opt/mod_security/hg_rules.conf"] [line "1566"] [id "900933"] [msg "Vulnerability Scan RBL: vulnscan.websitewelcome.com"] [hostname "prospecta.agendaclique.com.br"] [uri "/green3.php"] [unique_id "al9HjCBMYeh5YLVG45xV9AAAAj0"]
[Tue Jul 21 07:18:52.710554 2026] [security2:error] [pid 229246:tid 229450] [client 4.204.201.85:35407] ModSecurity: Access denied with code 409 (phase 1). RBL lookup of 85.201.204.4.vulnscan.websitewelcome.com succeeded at REMOTE_ADDR. [file "/opt/mod_security/hg_rules.conf"] [line "1566"] [id "900933"] [msg "Vulnerability Scan RBL: vulnscan.websitewelcome.com"] [hostname "seaportservicos.com.br"] [uri "/wp-includes/ID3/about.php"] [unique_id "al9HjCBMYeh5YLVG45xV9gAAAl4"]
[Tue Jul 21 07:18:52.829766 2026] [security2:error] [pid 229246:tid 229501] [client 20.197.192.193:8338] ModSecurity: Access denied with code 409 (phase 1). RBL lookup of 193.192.197.20.vulnscan.websitewelcome.com succeeded at REMOTE_ADDR. [file "/opt/mod_security/hg_rules.conf"] [line "1566"] [id "900933"] [msg "Vulnerability Scan RBL: vulnscan.websitewelcome.com"] [hostname "patihipopressivo.com.br"] [uri "/xxx.php"] [unique_id "al9HjCBMYeh5YLVG45xV-AAAApE"]
