[Tue Jul 21 07:18:39.265414 2026] [security2:error] [pid 229246:tid 229394] [client 20.197.192.193:23497] ModSecurity: Access denied with code 409 (phase 1). RBL lookup of 193.192.197.20.vulnscan.websitewelcome.com succeeded at REMOTE_ADDR. [file "/opt/mod_security/hg_rules.conf"] [line "1566"] [id "900933"] [msg "Vulnerability Scan RBL: vulnscan.websitewelcome.com"] [hostname "principiamatematica.com"] [uri "/wp-content/plugins/hellopress/wp_filemanager.php"] [unique_id "al9HfyBMYeh5YLVG45xS5gAAAiY"]
[Tue Jul 21 07:18:39.265496 2026] [security2:error] [pid 229246:tid 229397] [client 20.226.60.151:54542] ModSecurity: Access denied with code 409 (phase 1). RBL lookup of 151.60.226.20.vulnscan.websitewelcome.com succeeded at REMOTE_ADDR. [file "/opt/mod_security/hg_rules.conf"] [line "1566"] [id "900933"] [msg "Vulnerability Scan RBL: vulnscan.websitewelcome.com"] [hostname "cpanel.acupunturaebemestar.com.br"] [uri "/w3llscc.php"] [unique_id "al9HfyBMYeh5YLVG45xS5wAAAik"]
[Tue Jul 21 07:18:39.266891 2026] [security2:error] [pid 229246:tid 229391] [client 134.19.179.187:54518] ModSecurity: Access denied with code 409 (phase 1). RBL lookup of 187.179.19.134.testwprbl.websitewelcome.com succeeded at REMOTE_ADDR. [file "/opt/mod_security/hg_rules.conf"] [line "176"] [id "900407"] [msg "Wordpress and Joomla Brute RBL: testwprbl.websitewelcome.com"] [hostname "medicaldigest.online"] [uri "/xmlrpc.php"] [unique_id "al9HfyBMYeh5YLVG45xS5QAAAiM"]
[Tue Jul 21 07:18:39.267007 2026] [security2:error] [pid 229246:tid 229391] [client 134.19.179.187:54518] ModSecurity: Warning. Pattern match "POST" at REQUEST_METHOD. [file "/opt/mod_security/hg_rules.conf"] [line "151"] [id "900405"] [msg "xmlrpc POST logging"] [data "409"] [hostname "medicaldigest.online"] [uri "/xmlrpc.php"] [unique_id "al9HfyBMYeh5YLVG45xS5QAAAiM"]
[Tue Jul 21 07:18:39.269217 2026] [security2:error] [pid 229246:tid 229400] [client 134.19.179.187:54534] ModSecurity: Access denied with code 409 (phase 1). RBL lookup of 187.179.19.134.testwprbl.websitewelcome.com succeeded at REMOTE_ADDR. [file "/opt/mod_security/hg_rules.conf"] [line "176"] [id "900407"] [msg "Wordpress and Joomla Brute RBL: testwprbl.websitewelcome.com"] [hostname "topudi.online"] [uri "/xmlrpc.php"] [unique_id "al9HfyBMYeh5YLVG45xS6QAAAiw"]
[Tue Jul 21 07:18:39.269294 2026] [security2:error] [pid 229246:tid 229400] [client 134.19.179.187:54534] ModSecurity: Warning. Pattern match "POST" at REQUEST_METHOD. [file "/opt/mod_security/hg_rules.conf"] [line "151"] [id "900405"] [msg "xmlrpc POST logging"] [data "409"] [hostname "topudi.online"] [uri "/xmlrpc.php"] [unique_id "al9HfyBMYeh5YLVG45xS6QAAAiw"]
[Tue Jul 21 07:18:39.270864 2026] [security2:error] [pid 229246:tid 229409] [client 68.235.38.2:47492] ModSecurity: Access denied with code 409 (phase 1). RBL lookup of 2.38.235.68.testwprbl.websitewelcome.com succeeded at REMOTE_ADDR. [file "/opt/mod_security/hg_rules.conf"] [line "176"] [id "900407"] [msg "Wordpress and Joomla Brute RBL: testwprbl.websitewelcome.com"] [hostname "medicaldigest.online"] [uri "/xmlrpc.php"] [unique_id "al9HfyBMYeh5YLVG45xS7QAAAjU"]
[Tue Jul 21 07:18:39.270974 2026] [security2:error] [pid 229246:tid 229409] [client 68.235.38.2:47492] ModSecurity: Warning. Pattern match "POST" at REQUEST_METHOD. [file "/opt/mod_security/hg_rules.conf"] [line "151"] [id "900405"] [msg "xmlrpc POST logging"] [data "409"] [hostname "medicaldigest.online"] [uri "/xmlrpc.php"] [unique_id "al9HfyBMYeh5YLVG45xS7QAAAjU"]
[Tue Jul 21 07:18:39.272940 2026] [security2:error] [pid 229246:tid 229383] [client 20.197.192.193:8330] ModSecurity: Access denied with code 409 (phase 1). RBL lookup of 193.192.197.20.vulnscan.websitewelcome.com succeeded at REMOTE_ADDR. [file "/opt/mod_security/hg_rules.conf"] [line "1566"] [id "900933"] [msg "Vulnerability Scan RBL: vulnscan.websitewelcome.com"] [hostname "patihipopressivo.com.br"] [uri "/dragonshell.php"] [unique_id "al9HfyBMYeh5YLVG45xS7gAAAhs"]
[Tue Jul 21 07:18:39.292516 2026] [security2:error] [pid 229246:tid 229454] [client 20.197.192.193:23520] ModSecurity: Access denied with code 409 (phase 1). RBL lookup of 193.192.197.20.vulnscan.websitewelcome.com succeeded at REMOTE_ADDR. [file "/opt/mod_security/hg_rules.conf"] [line "1566"] [id "900933"] [msg "Vulnerability Scan RBL: vulnscan.websitewelcome.com"] [hostname "principiamatematica.com"] [uri "/this_is_a_new_hello_world.php"] [unique_id "al9HfyBMYeh5YLVG45xS8AAAAmI"]
[Tue Jul 21 07:18:39.330131 2026] [security2:error] [pid 229246:tid 229463] [client 20.197.192.193:24464] ModSecurity: Access denied with code 409 (phase 1). RBL lookup of 193.192.197.20.vulnscan.websitewelcome.com succeeded at REMOTE_ADDR. [file "/opt/mod_security/hg_rules.conf"] [line "1566"] [id "900933"] [msg "Vulnerability Scan RBL: vulnscan.websitewelcome.com"] [hostname "principiamatematica.com"] [uri "/dp.php"] [unique_id "al9HfyBMYeh5YLVG45xS-QAAAms"]
[Tue Jul 21 07:18:39.380111 2026] [security2:error] [pid 229246:tid 229470] [client 20.220.225.223:47860] ModSecurity: Access denied with code 409 (phase 1). RBL lookup of 223.225.220.20.vulnscan.websitewelcome.com succeeded at REMOTE_ADDR. [file "/opt/mod_security/hg_rules.conf"] [line "1566"] [id "900933"] [msg "Vulnerability Scan RBL: vulnscan.websitewelcome.com"] [hostname "teste.inonebrasil.com.br"] [uri "/kq1.php"] [unique_id "al9HfyBMYeh5YLVG45xS_gAAAnI"]
[Tue Jul 21 07:18:39.384806 2026] [security2:error] [pid 229246:tid 229471] [client 20.197.192.193:24451] ModSecurity: Access denied with code 409 (phase 1). RBL lookup of 193.192.197.20.vulnscan.websitewelcome.com succeeded at REMOTE_ADDR. [file "/opt/mod_security/hg_rules.conf"] [line "1566"] [id "900933"] [msg "Vulnerability Scan RBL: vulnscan.websitewelcome.com"] [hostname "principiamatematica.com"] [uri "/old.php"] [unique_id "al9HfyBMYeh5YLVG45xS_wAAAnM"]
[Tue Jul 21 07:18:39.395779 2026] [security2:error] [pid 229246:tid 229259] [remote 85.208.96.208:0] ModSecurity: Access denied with code 406 (phase 1). Pattern match "ZoominfoBot|NetcraftSurveyAgent|MJ12bot|(?i:BUbiNG)|D(?i:otbot)| oBot/|MegaIndex\\\\.ru|Barkrowler|Spbot|DomainCrawler|Seznam|CCBot|SiteExplorer|OpenLinkProfiler|Sogou web spider|360Spider|Semrush|Panscient|crawler\\\\.feedback([+]\\\\S+)?@gmail\\\\.com|MauiBo ..." at REQUEST_HEADERS:User-Agent. [file "/opt/mod_security/hg_rules.conf"] [line "585"] [id "999812"] [msg "Problematic Crawler"] [hostname "hauptmann.com.br"] [uri "/robots.txt"] [unique_id "al9HfyBMYeh5YLVG45xTBgACNgw"]
[Tue Jul 21 07:18:39.395959 2026] [security2:error] [pid 229246:tid 229410] [client 85.208.96.208:0] ModSecurity: Warning. Matched phrase "Semrush" at REQUEST_HEADERS:User-Agent. [file "/opt/mod_security/hg_rules.conf"] [line "168"] [id "350001"] [msg "BAD BOT - Detected LOGGING"] [data "406"] [hostname "hauptmann.com.br"] [uri "/robots.txt"] [unique_id "al9HfyBMYeh5YLVG45xTBgACNgw"]
[Tue Jul 21 07:18:39.399434 2026] [security2:error] [pid 229246:tid 229262] [remote 151.255.40.189:0] ModSecurity: Access denied with code 409 (phase 1). RBL lookup of 189.40.255.151.testwprbl.websitewelcome.com succeeded at REMOTE_ADDR. [file "/opt/mod_security/hg_rules.conf"] [line "176"] [id "900407"] [msg "Wordpress and Joomla Brute RBL: testwprbl.websitewelcome.com"] [hostname "drasumaiajacob.com"] [uri "/xmlrpc.php"] [unique_id "al9HfyBMYeh5YLVG45xTCgACOg8"]
[Tue Jul 21 07:18:39.399608 2026] [security2:error] [pid 229246:tid 229414] [client 151.255.40.189:0] ModSecurity: Warning. Pattern match "POST" at REQUEST_METHOD. [file "/opt/mod_security/hg_rules.conf"] [line "151"] [id "900405"] [msg "xmlrpc POST logging"] [data "409"] [hostname "drasumaiajacob.com"] [uri "/xmlrpc.php"] [unique_id "al9HfyBMYeh5YLVG45xTCgACOg8"]
[Tue Jul 21 07:18:39.413828 2026] [security2:error] [pid 229246:tid 229392] [client 173.252.95.25:59344] ModSecurity: Access denied with code 409 (phase 1). RBL lookup of 25.95.252.173.vulnscan.websitewelcome.com succeeded at REMOTE_ADDR. [file "/opt/mod_security/hg_rules.conf"] [line "1566"] [id "900933"] [msg "Vulnerability Scan RBL: vulnscan.websitewelcome.com"] [hostname "saude.agendaclique.com.br"] [uri "/webhook/meta_router.php"] [unique_id "al9HfyBMYeh5YLVG45xTHgAAAiQ"]
[Tue Jul 21 07:18:39.415947 2026] [security2:error] [pid 229246:tid 229482] [client 74.7.175.160:0] ModSecurity: Warning. Matched phrase "oBot" at REQUEST_HEADERS:User-Agent. [file "/opt/mod_security/hg_rules.conf"] [line "168"] [id "350001"] [msg "BAD BOT - Detected LOGGING"] [data "404"] [hostname "senhordostelhados.site"] [uri "/cgi-sys/404.html"] [unique_id "al9HfyBMYeh5YLVG45xTHQAAAn4"]
[Tue Jul 21 07:18:39.418169 2026] [security2:error] [pid 229246:tid 229428] [client 74.7.175.160:36210] ModSecurity: Warning. Matched phrase "oBot" at REQUEST_HEADERS:User-Agent. [file "/opt/mod_security/hg_rules.conf"] [line "168"] [id "350001"] [msg "BAD BOT - Detected LOGGING"] [data "404"] [hostname "senhordostelhados.site"] [uri "/robots.txt"] [unique_id "al9HfyBMYeh5YLVG45xTCAACSA0"]
[Tue Jul 21 07:18:39.423966 2026] [security2:error] [pid 229246:tid 229280] [remote 195.26.244.42:0] ModSecurity: Access denied with code 409 (phase 1). RBL lookup of 42.244.26.195.testwprbl.websitewelcome.com succeeded at REMOTE_ADDR. [file "/opt/mod_security/hg_rules.conf"] [line "176"] [id "900407"] [msg "Wordpress and Joomla Brute RBL: testwprbl.websitewelcome.com"] [hostname "amandamorau.adv.br"] [uri "/wp-login.php"] [unique_id "al9HfyBMYeh5YLVG45xTJAACQiE"]
[Tue Jul 21 07:18:39.439131 2026] [core:alert] [pid 229246:tid 229495] [client 57.141.18.120:0] /home1/hostag18/fs3manutencao.com/.htaccess: </IfModule> without matching <IfModule> section
[Tue Jul 21 07:18:39.439205 2026] [security2:error] [pid 229246:tid 229496] [client 20.197.192.193:23493] ModSecurity: Access denied with code 409 (phase 1). RBL lookup of 193.192.197.20.vulnscan.websitewelcome.com succeeded at REMOTE_ADDR. [file "/opt/mod_security/hg_rules.conf"] [line "1566"] [id "900933"] [msg "Vulnerability Scan RBL: vulnscan.websitewelcome.com"] [hostname "principiamatematica.com"] [uri "/ms-new.php"] [unique_id "al9HfyBMYeh5YLVG45xTLAAAAow"]
[Tue Jul 21 07:18:39.474777 2026] [security2:error] [pid 229246:tid 229501] [client 20.197.192.193:23498] ModSecurity: Access denied with code 409 (phase 1). RBL lookup of 193.192.197.20.vulnscan.websitewelcome.com succeeded at REMOTE_ADDR. [file "/opt/mod_security/hg_rules.conf"] [line "1566"] [id "900933"] [msg "Vulnerability Scan RBL: vulnscan.websitewelcome.com"] [hostname "principiamatematica.com"] [uri "/track.php"] [unique_id "al9HfyBMYeh5YLVG45xTLwAAApE"]
[Tue Jul 21 07:18:39.506006 2026] [security2:error] [pid 229246:tid 229400] [client 20.197.192.193:24461] ModSecurity: Access denied with code 409 (phase 1). RBL lookup of 193.192.197.20.vulnscan.websitewelcome.com succeeded at REMOTE_ADDR. [file "/opt/mod_security/hg_rules.conf"] [line "1566"] [id "900933"] [msg "Vulnerability Scan RBL: vulnscan.websitewelcome.com"] [hostname "principiamatematica.com"] [uri "/2352356666.php"] [unique_id "al9HfyBMYeh5YLVG45xTMgAAAiw"]
[Tue Jul 21 07:18:39.518208 2026] [security2:error] [pid 229246:tid 229464] [client 209.141.34.121:64398] ModSecurity: Access denied with code 406 (phase 2). Pattern match "(?:\\\\w ?(?:user|and)(\\\\w+)char ?\\\\([0-9]| \\\\b(?:execute|convert) ?\\\\(|; ?\\\\bdelete\\\\b.{1,100}?; ?(?:insert|declare @|varchar) ?|\\\\bdrop\\\\b .{1,100} table |(?:declare|convert) .{1,100} varchar\\\\(|null ?, ?null ?, ?(?:accesslevel|user_?name) ?,|\\\\bconcat ..." at ARGS:requests.requests.body.requests.requests.path. [file "/etc/httpd/modsecurity.d/10_asl_rules.conf"] [line "395"] [id "340157"] [rev "38"] [msg "Atomicorp.com WAF Rules: Generic SQL inline command protection"] [data "union select ,ARGS:requests.requests.body.requests.requests.path"] [severity "CRITICAL"] [tag "SQLi"] [hostname "kettlebellevolution.com.br"] [uri "/"] [unique_id "al9HfyBMYeh5YLVG45xTMwAAAmw"]
[Tue Jul 21 07:18:39.534179 2026] [security2:error] [pid 229246:tid 229455] [client 20.197.192.193:23514] ModSecurity: Access denied with code 409 (phase 1). RBL lookup of 193.192.197.20.vulnscan.websitewelcome.com succeeded at REMOTE_ADDR. [file "/opt/mod_security/hg_rules.conf"] [line "1566"] [id "900933"] [msg "Vulnerability Scan RBL: vulnscan.websitewelcome.com"] [hostname "principiamatematica.com"] [uri "/pn.php"] [unique_id "al9HfyBMYeh5YLVG45xTNAAAAmM"]
[Tue Jul 21 07:18:39.550868 2026] [security2:error] [pid 229246:tid 229284] [remote 2001:4490:4ec1:ec62:f01d:f50d:c923:184c:0] ModSecurity: Access denied with code 406 (phase 2). Operator GT matched 0 at USER:bf_block. [file "/opt/mod_security/hg_rules.conf"] [line "1482"] [id "909121"] [msg "IP address blocked, too many xmlrpc.php failures"] [hostname "getveltrixhealth.com"] [uri "/xmlrpc.php"] [unique_id "al9HfyBMYeh5YLVG45xTNQACTCU"]
[Tue Jul 21 07:18:39.551078 2026] [security2:error] [pid 229246:tid 229432] [client 2001:4490:4ec1:ec62:f01d:f50d:c923:184c:0] ModSecurity: Warning. Pattern match "POST" at REQUEST_METHOD. [file "/opt/mod_security/hg_rules.conf"] [line "151"] [id "900405"] [msg "xmlrpc POST logging"] [data "406"] [hostname "getveltrixhealth.com"] [uri "/xmlrpc.php"] [unique_id "al9HfyBMYeh5YLVG45xTNQACTCU"]
[Tue Jul 21 07:18:39.563012 2026] [security2:error] [pid 229246:tid 229263] [remote 136.232.157.230:0] ModSecurity: Access denied with code 409 (phase 1). RBL lookup of 230.157.232.136.testwprbl.websitewelcome.com succeeded at REMOTE_ADDR. [file "/opt/mod_security/hg_rules.conf"] [line "176"] [id "900407"] [msg "Wordpress and Joomla Brute RBL: testwprbl.websitewelcome.com"] [hostname "compranawebprodutos.com"] [uri "/xmlrpc.php"] [unique_id "al9HfyBMYeh5YLVG45xTCwACQRA"]
[Tue Jul 21 07:18:39.563263 2026] [security2:error] [pid 229246:tid 229421] [client 136.232.157.230:0] ModSecurity: Warning. Pattern match "POST" at REQUEST_METHOD. [file "/opt/mod_security/hg_rules.conf"] [line "151"] [id "900405"] [msg "xmlrpc POST logging"] [data "409"] [hostname "compranawebprodutos.com"] [uri "/xmlrpc.php"] [unique_id "al9HfyBMYeh5YLVG45xTCwACQRA"]
[Tue Jul 21 07:18:39.568796 2026] [security2:error] [pid 229246:tid 229285] [remote 2401:4900:88d1:e59:19d5:3e3b:eedf:b645:0] ModSecurity: Access denied with code 406 (phase 2). Operator GT matched 0 at USER:bf_block. [file "/opt/mod_security/hg_rules.conf"] [line "1482"] [id "909121"] [msg "IP address blocked, too many xmlrpc.php failures"] [hostname "aud-7.com"] [uri "/xmlrpc.php"] [unique_id "al9HfyBMYeh5YLVG45xTNgACNyY"]
[Tue Jul 21 07:18:39.568994 2026] [security2:error] [pid 229246:tid 229411] [client 2401:4900:88d1:e59:19d5:3e3b:eedf:b645:0] ModSecurity: Warning. Pattern match "POST" at REQUEST_METHOD. [file "/opt/mod_security/hg_rules.conf"] [line "151"] [id "900405"] [msg "xmlrpc POST logging"] [data "406"] [hostname "aud-7.com"] [uri "/xmlrpc.php"] [unique_id "al9HfyBMYeh5YLVG45xTNgACNyY"]
[Tue Jul 21 07:18:39.573683 2026] [security2:error] [pid 229246:tid 229286] [remote 69.165.67.28:0] ModSecurity: Access denied with code 409 (phase 1). RBL lookup of 28.67.165.69.vulnscan.websitewelcome.com succeeded at REMOTE_ADDR. [file "/opt/mod_security/hg_rules.conf"] [line "1566"] [id "900933"] [msg "Vulnerability Scan RBL: vulnscan.websitewelcome.com"] [hostname "produto-express.com"] [uri "/index.php"] [unique_id "al9HfyBMYeh5YLVG45xTNwACLSc"], referer: https://produto-express.com
[Tue Jul 21 07:18:39.574656 2026] [security2:error] [pid 229246:tid 229384] [client 20.197.192.193:24021] ModSecurity: Access denied with code 409 (phase 1). RBL lookup of 193.192.197.20.vulnscan.websitewelcome.com succeeded at REMOTE_ADDR. [file "/opt/mod_security/hg_rules.conf"] [line "1566"] [id "900933"] [msg "Vulnerability Scan RBL: vulnscan.websitewelcome.com"] [hostname "principiamatematica.com"] [uri "/wp-wpbak.php"] [unique_id "al9HfyBMYeh5YLVG45xTOAAAAhw"]
[Tue Jul 21 07:18:39.595698 2026] [security2:error] [pid 229246:tid 229408] [client 20.197.192.193:23538] ModSecurity: Access denied with code 409 (phase 1). RBL lookup of 193.192.197.20.vulnscan.websitewelcome.com succeeded at REMOTE_ADDR. [file "/opt/mod_security/hg_rules.conf"] [line "1566"] [id "900933"] [msg "Vulnerability Scan RBL: vulnscan.websitewelcome.com"] [hostname "principiamatematica.com"] [uri "/dr.php"] [unique_id "al9HfyBMYeh5YLVG45xTOgAAAjQ"]
[Tue Jul 21 07:18:39.599219 2026] [security2:error] [pid 229246:tid 229287] [remote 162.19.246.208:53218] ModSecurity: Access denied with code 409 (phase 1). RBL lookup of 208.246.19.162.testwprbl.websitewelcome.com succeeded at REMOTE_ADDR. [file "/opt/mod_security/hg_rules.conf"] [line "176"] [id "900407"] [msg "Wordpress and Joomla Brute RBL: testwprbl.websitewelcome.com"] [hostname "projetoflechas.org.br"] [uri "/xmlrpc.php"] [unique_id "al9HfyBMYeh5YLVG45xTOQACbSg"]
[Tue Jul 21 07:18:39.599427 2026] [security2:error] [pid 229246:tid 229465] [client 162.19.246.208:53218] ModSecurity: Warning. Pattern match "POST" at REQUEST_METHOD. [file "/opt/mod_security/hg_rules.conf"] [line "151"] [id "900405"] [msg "xmlrpc POST logging"] [data "409"] [hostname "projetoflechas.org.br"] [uri "/xmlrpc.php"] [unique_id "al9HfyBMYeh5YLVG45xTOQACbSg"]
[Tue Jul 21 07:18:39.619979 2026] [security2:error] [pid 229246:tid 229470] [client 20.197.192.193:23499] ModSecurity: Access denied with code 409 (phase 1). RBL lookup of 193.192.197.20.vulnscan.websitewelcome.com succeeded at REMOTE_ADDR. [file "/opt/mod_security/hg_rules.conf"] [line "1566"] [id "900933"] [msg "Vulnerability Scan RBL: vulnscan.websitewelcome.com"] [hostname "principiamatematica.com"] [uri "/2x.php"] [unique_id "al9HfyBMYeh5YLVG45xTPAAAAnI"]
[Tue Jul 21 07:18:39.631186 2026] [security2:error] [pid 229246:tid 229474] [client 20.151.10.161:45972] ModSecurity: Access denied with code 409 (phase 1). RBL lookup of 161.10.151.20.vulnscan.websitewelcome.com succeeded at REMOTE_ADDR. [file "/opt/mod_security/hg_rules.conf"] [line "1566"] [id "900933"] [msg "Vulnerability Scan RBL: vulnscan.websitewelcome.com"] [hostname "prospecta.agendaclique.com.br"] [uri "/w2025.php"] [unique_id "al9HfyBMYeh5YLVG45xTPQAAAnY"]
[Tue Jul 21 07:18:39.644986 2026] [security2:error] [pid 229246:tid 229395] [client 20.197.192.193:23491] ModSecurity: Access denied with code 409 (phase 1). RBL lookup of 193.192.197.20.vulnscan.websitewelcome.com succeeded at REMOTE_ADDR. [file "/opt/mod_security/hg_rules.conf"] [line "1566"] [id "900933"] [msg "Vulnerability Scan RBL: vulnscan.websitewelcome.com"] [hostname "principiamatematica.com"] [uri "/kq1.php"] [unique_id "al9HfyBMYeh5YLVG45xTPwAAAic"]
[Tue Jul 21 07:18:39.672428 2026] [security2:error] [pid 229246:tid 229392] [client 20.197.192.193:24469] ModSecurity: Access denied with code 409 (phase 1). RBL lookup of 193.192.197.20.vulnscan.websitewelcome.com succeeded at REMOTE_ADDR. [file "/opt/mod_security/hg_rules.conf"] [line "1566"] [id "900933"] [msg "Vulnerability Scan RBL: vulnscan.websitewelcome.com"] [hostname "principiamatematica.com"] [uri "/zzz.php"] [unique_id "al9HfyBMYeh5YLVG45xTRAAAAiQ"]
[Tue Jul 21 07:18:39.672585 2026] [security2:error] [pid 229246:tid 229381] [client 35.205.139.29:58524] ModSecurity: Access denied with code 406 (phase 1). Pattern match "/wp-includes/wlwmanifest\\\\.xml" at REQUEST_URI. [file "/opt/mod_security/hg_rules.conf"] [line "1541"] [id "900920"] [msg "wlwmanifest spam rule"] [hostname "www.sistedu-mec.com"] [uri "/wordpress/wp-includes/wlwmanifest.xml"] [unique_id "al9HfyBMYeh5YLVG45xTQwAAAhk"]
[Tue Jul 21 07:18:39.699692 2026] [security2:error] [pid 229246:tid 229476] [client 20.197.192.193:24456] ModSecurity: Access denied with code 409 (phase 1). RBL lookup of 193.192.197.20.vulnscan.websitewelcome.com succeeded at REMOTE_ADDR. [file "/opt/mod_security/hg_rules.conf"] [line "1566"] [id "900933"] [msg "Vulnerability Scan RBL: vulnscan.websitewelcome.com"] [hostname "principiamatematica.com"] [uri "/wicked.php"] [unique_id "al9HfyBMYeh5YLVG45xTRQAAAng"]
[Tue Jul 21 07:18:39.726833 2026] [security2:error] [pid 229246:tid 229491] [client 20.197.192.193:24462] ModSecurity: Access denied with code 409 (phase 1). RBL lookup of 193.192.197.20.vulnscan.websitewelcome.com succeeded at REMOTE_ADDR. [file "/opt/mod_security/hg_rules.conf"] [line "1566"] [id "900933"] [msg "Vulnerability Scan RBL: vulnscan.websitewelcome.com"] [hostname "principiamatematica.com"] [uri "/edit.php"] [unique_id "al9HfyBMYeh5YLVG45xTSQAAAoc"]
[Tue Jul 21 07:18:39.742181 2026] [security2:error] [pid 229246:tid 229494] [client 20.197.192.193:23504] ModSecurity: Access denied with code 409 (phase 1). RBL lookup of 193.192.197.20.vulnscan.websitewelcome.com succeeded at REMOTE_ADDR. [file "/opt/mod_security/hg_rules.conf"] [line "1566"] [id "900933"] [msg "Vulnerability Scan RBL: vulnscan.websitewelcome.com"] [hostname "principiamatematica.com"] [uri "/kua.php"] [unique_id "al9HfyBMYeh5YLVG45xTSgAAAoo"]
[Tue Jul 21 07:18:39.767032 2026] [security2:error] [pid 229246:tid 229496] [client 20.197.192.193:23502] ModSecurity: Access denied with code 409 (phase 1). RBL lookup of 193.192.197.20.vulnscan.websitewelcome.com succeeded at REMOTE_ADDR. [file "/opt/mod_security/hg_rules.conf"] [line "1566"] [id "900933"] [msg "Vulnerability Scan RBL: vulnscan.websitewelcome.com"] [hostname "principiamatematica.com"] [uri "/ez.php"] [unique_id "al9HfyBMYeh5YLVG45xTSwAAAow"]
[Tue Jul 21 07:18:39.788940 2026] [security2:error] [pid 229246:tid 229486] [client 20.197.192.193:24455] ModSecurity: Access denied with code 409 (phase 1). RBL lookup of 193.192.197.20.vulnscan.websitewelcome.com succeeded at REMOTE_ADDR. [file "/opt/mod_security/hg_rules.conf"] [line "1566"] [id "900933"] [msg "Vulnerability Scan RBL: vulnscan.websitewelcome.com"] [hostname "principiamatematica.com"] [uri "/fz.php"] [unique_id "al9HfyBMYeh5YLVG45xTTAAAAoI"]
[Tue Jul 21 07:18:39.817657 2026] [security2:error] [pid 229246:tid 229444] [client 20.197.192.193:24466] ModSecurity: Access denied with code 409 (phase 1). RBL lookup of 193.192.197.20.vulnscan.websitewelcome.com succeeded at REMOTE_ADDR. [file "/opt/mod_security/hg_rules.conf"] [line "1566"] [id "900933"] [msg "Vulnerability Scan RBL: vulnscan.websitewelcome.com"] [hostname "principiamatematica.com"] [uri "/la.php"] [unique_id "al9HfyBMYeh5YLVG45xTTQAAAlg"]
[Tue Jul 21 07:18:39.875456 2026] [security2:error] [pid 229246:tid 229382] [client 20.197.192.193:23532] ModSecurity: Access denied with code 409 (phase 1). RBL lookup of 193.192.197.20.vulnscan.websitewelcome.com succeeded at REMOTE_ADDR. [file "/opt/mod_security/hg_rules.conf"] [line "1566"] [id "900933"] [msg "Vulnerability Scan RBL: vulnscan.websitewelcome.com"] [hostname "principiamatematica.com"] [uri "/nhvoanpl.php"] [unique_id "al9HfyBMYeh5YLVG45xTUgAAAho"]
[Tue Jul 21 07:18:39.895824 2026] [security2:error] [pid 229246:tid 229391] [client 20.197.192.193:23537] ModSecurity: Access denied with code 409 (phase 1). RBL lookup of 193.192.197.20.vulnscan.websitewelcome.com succeeded at REMOTE_ADDR. [file "/opt/mod_security/hg_rules.conf"] [line "1566"] [id "900933"] [msg "Vulnerability Scan RBL: vulnscan.websitewelcome.com"] [hostname "principiamatematica.com"] [uri "/inso.php"] [unique_id "al9HfyBMYeh5YLVG45xTUwAAAiM"]
[Tue Jul 21 07:18:39.919973 2026] [security2:error] [pid 229246:tid 229502] [client 20.197.192.193:23495] ModSecurity: Access denied with code 409 (phase 1). RBL lookup of 193.192.197.20.vulnscan.websitewelcome.com succeeded at REMOTE_ADDR. [file "/opt/mod_security/hg_rules.conf"] [line "1566"] [id "900933"] [msg "Vulnerability Scan RBL: vulnscan.websitewelcome.com"] [hostname "principiamatematica.com"] [uri "/wpx.php"] [unique_id "al9HfyBMYeh5YLVG45xTVQAAApI"]
[Tue Jul 21 07:18:39.921822 2026] [security2:error] [pid 229246:tid 229420] [client 14.139.42.196:6849] ModSecurity: Access denied with code 409 (phase 1). RBL lookup of 196.42.139.14.testwprbl.websitewelcome.com succeeded at REMOTE_ADDR. [file "/opt/mod_security/hg_rules.conf"] [line "176"] [id "900407"] [msg "Wordpress and Joomla Brute RBL: testwprbl.websitewelcome.com"] [hostname "potencialilimitado.com.br"] [uri "/xmlrpc.php"] [unique_id "al9HfyBMYeh5YLVG45xTVAAAAkA"]
[Tue Jul 21 07:18:39.922032 2026] [security2:error] [pid 229246:tid 229420] [client 14.139.42.196:6849] ModSecurity: Warning. Pattern match "POST" at REQUEST_METHOD. [file "/opt/mod_security/hg_rules.conf"] [line "151"] [id "900405"] [msg "xmlrpc POST logging"] [data "409"] [hostname "potencialilimitado.com.br"] [uri "/xmlrpc.php"] [unique_id "al9HfyBMYeh5YLVG45xTVAAAAkA"]
[Tue Jul 21 07:18:39.946023 2026] [security2:error] [pid 229246:tid 229400] [client 20.197.192.193:23535] ModSecurity: Access denied with code 409 (phase 1). RBL lookup of 193.192.197.20.vulnscan.websitewelcome.com succeeded at REMOTE_ADDR. [file "/opt/mod_security/hg_rules.conf"] [line "1566"] [id "900933"] [msg "Vulnerability Scan RBL: vulnscan.websitewelcome.com"] [hostname "principiamatematica.com"] [uri "/berlin.php"] [unique_id "al9HfyBMYeh5YLVG45xTWQAAAiw"]
[Tue Jul 21 07:18:39.949316 2026] [security2:error] [pid 229246:tid 229407] [client 139.135.44.145:54399] ModSecurity: Access denied with code 409 (phase 1). RBL lookup of 145.44.135.139.testwprbl.websitewelcome.com succeeded at REMOTE_ADDR. [file "/opt/mod_security/hg_rules.conf"] [line "176"] [id "900407"] [msg "Wordpress and Joomla Brute RBL: testwprbl.websitewelcome.com"] [hostname "pexbrasil.com"] [uri "/xmlrpc.php"] [unique_id "al9HfyBMYeh5YLVG45xTWgAAAjM"]
[Tue Jul 21 07:18:39.949477 2026] [security2:error] [pid 229246:tid 229407] [client 139.135.44.145:54399] ModSecurity: Warning. Pattern match "POST" at REQUEST_METHOD. [file "/opt/mod_security/hg_rules.conf"] [line "151"] [id "900405"] [msg "xmlrpc POST logging"] [data "409"] [hostname "pexbrasil.com"] [uri "/xmlrpc.php"] [unique_id "al9HfyBMYeh5YLVG45xTWgAAAjM"]
[Tue Jul 21 07:18:39.968727 2026] [security2:error] [pid 229246:tid 229403] [client 20.197.192.193:24458] ModSecurity: Access denied with code 409 (phase 1). RBL lookup of 193.192.197.20.vulnscan.websitewelcome.com succeeded at REMOTE_ADDR. [file "/opt/mod_security/hg_rules.conf"] [line "1566"] [id "900933"] [msg "Vulnerability Scan RBL: vulnscan.websitewelcome.com"] [hostname "principiamatematica.com"] [uri "/billur.php"] [unique_id "al9HfyBMYeh5YLVG45xTWwAAAi8"]
[Tue Jul 21 07:18:39.986727 2026] [security2:error] [pid 229246:tid 229443] [client 175.45.70.82:61400] ModSecurity: Access denied with code 409 (phase 1). RBL lookup of 82.70.45.175.testwprbl.websitewelcome.com succeeded at REMOTE_ADDR. [file "/opt/mod_security/hg_rules.conf"] [line "176"] [id "900407"] [msg "Wordpress and Joomla Brute RBL: testwprbl.websitewelcome.com"] [hostname "filtrokangen.com.br"] [uri "/xmlrpc.php"] [unique_id "al9HfyBMYeh5YLVG45xTXAAAAlc"]
[Tue Jul 21 07:18:39.986973 2026] [security2:error] [pid 229246:tid 229443] [client 175.45.70.82:61400] ModSecurity: Warning. Pattern match "POST" at REQUEST_METHOD. [file "/opt/mod_security/hg_rules.conf"] [line "151"] [id "900405"] [msg "xmlrpc POST logging"] [data "409"] [hostname "filtrokangen.com.br"] [uri "/xmlrpc.php"] [unique_id "al9HfyBMYeh5YLVG45xTXAAAAlc"]
[Tue Jul 21 07:18:39.990184 2026] [security2:error] [pid 229246:tid 229464] [client 20.197.192.193:24013] ModSecurity: Access denied with code 409 (phase 1). RBL lookup of 193.192.197.20.vulnscan.websitewelcome.com succeeded at REMOTE_ADDR. [file "/opt/mod_security/hg_rules.conf"] [line "1566"] [id "900933"] [msg "Vulnerability Scan RBL: vulnscan.websitewelcome.com"] [hostname "principiamatematica.com"] [uri "/mimpi.php"] [unique_id "al9HfyBMYeh5YLVG45xTXgAAAmw"]
[Tue Jul 21 07:18:39.992882 2026] [security2:error] [pid 229246:tid 229406] [client 20.151.10.161:21454] ModSecurity: Access denied with code 409 (phase 1). RBL lookup of 161.10.151.20.vulnscan.websitewelcome.com succeeded at REMOTE_ADDR. [file "/opt/mod_security/hg_rules.conf"] [line "1566"] [id "900933"] [msg "Vulnerability Scan RBL: vulnscan.websitewelcome.com"] [hostname "mail.paulaabrao.com.br"] [uri "/zoro.php"] [unique_id "al9HfyBMYeh5YLVG45xTXwAAAjI"]
[Tue Jul 21 07:18:39.993061 2026] [security2:error] [pid 229246:tid 229431] [client 45.251.232.145:56995] ModSecurity: Access denied with code 409 (phase 1). RBL lookup of 145.232.251.45.testwprbl.websitewelcome.com succeeded at REMOTE_ADDR. [file "/opt/mod_security/hg_rules.conf"] [line "176"] [id "900407"] [msg "Wordpress and Joomla Brute RBL: testwprbl.websitewelcome.com"] [hostname "havoy.com.br"] [uri "/xmlrpc.php"] [unique_id "al9HfyBMYeh5YLVG45xTYAAAAks"]
[Tue Jul 21 07:18:39.993197 2026] [security2:error] [pid 229246:tid 229431] [client 45.251.232.145:56995] ModSecurity: Warning. Pattern match "POST" at REQUEST_METHOD. [file "/opt/mod_security/hg_rules.conf"] [line "151"] [id "900405"] [msg "xmlrpc POST logging"] [data "409"] [hostname "havoy.com.br"] [uri "/xmlrpc.php"] [unique_id "al9HfyBMYeh5YLVG45xTYAAAAks"]
[Tue Jul 21 07:18:40.005091 2026] [security2:error] [pid 229246:tid 229438] [client 20.197.192.193:23547] ModSecurity: Access denied with code 409 (phase 1). RBL lookup of 193.192.197.20.vulnscan.websitewelcome.com succeeded at REMOTE_ADDR. [file "/opt/mod_security/hg_rules.conf"] [line "1566"] [id "900933"] [msg "Vulnerability Scan RBL: vulnscan.websitewelcome.com"] [hostname "principiamatematica.com"] [uri "/dp.php"] [unique_id "al9HgCBMYeh5YLVG45xTYgAAAlI"]
[Tue Jul 21 07:18:40.018911 2026] [security2:error] [pid 229246:tid 229429] [client 20.197.192.193:23519] ModSecurity: Access denied with code 409 (phase 1). RBL lookup of 193.192.197.20.vulnscan.websitewelcome.com succeeded at REMOTE_ADDR. [file "/opt/mod_security/hg_rules.conf"] [line "1566"] [id "900933"] [msg "Vulnerability Scan RBL: vulnscan.websitewelcome.com"] [hostname "principiamatematica.com"] [uri "/bootstrap.php"] [unique_id "al9HgCBMYeh5YLVG45xTZAAAAkk"]
[Tue Jul 21 07:18:40.032493 2026] [security2:error] [pid 229246:tid 229441] [client 209.141.34.121:64487] ModSecurity: Access denied with code 406 (phase 2). Pattern match "(?:\\\\w ?(?:user|and)(\\\\w+)char ?\\\\([0-9]| \\\\b(?:execute|convert) ?\\\\(|; ?\\\\bdelete\\\\b.{1,100}?; ?(?:insert|declare @|varchar) ?|\\\\bdrop\\\\b .{1,100} table |(?:declare|convert) .{1,100} varchar\\\\(|null ?, ?null ?, ?(?:accesslevel|user_?name) ?,|\\\\bconcat ..." at ARGS:requests.requests.body.requests.requests.path. [file "/etc/httpd/modsecurity.d/10_asl_rules.conf"] [line "395"] [id "340157"] [rev "38"] [msg "Atomicorp.com WAF Rules: Generic SQL inline command protection"] [data "union select ,ARGS:requests.requests.body.requests.requests.path"] [severity "CRITICAL"] [tag "SQLi"] [hostname "kettlebellevolution.com.br"] [uri "/"] [unique_id "al9HgCBMYeh5YLVG45xTZQAAAlU"]
[Tue Jul 21 07:18:40.038998 2026] [security2:error] [pid 229246:tid 229416] [client 74.244.195.153:6198] ModSecurity: Access denied with code 409 (phase 1). RBL lookup of 153.195.244.74.testwprbl.websitewelcome.com succeeded at REMOTE_ADDR. [file "/opt/mod_security/hg_rules.conf"] [line "176"] [id "900407"] [msg "Wordpress and Joomla Brute RBL: testwprbl.websitewelcome.com"] [hostname "mannucarvalho.com"] [uri "/xmlrpc.php"] [unique_id "al9HgCBMYeh5YLVG45xTZgAAAjw"]
[Tue Jul 21 07:18:40.043287 2026] [security2:error] [pid 229246:tid 229416] [client 74.244.195.153:6198] ModSecurity: Warning. Pattern match "POST" at REQUEST_METHOD. [file "/opt/mod_security/hg_rules.conf"] [line "151"] [id "900405"] [msg "xmlrpc POST logging"] [data "409"] [hostname "mannucarvalho.com"] [uri "/xmlrpc.php"] [unique_id "al9HgCBMYeh5YLVG45xTZgAAAjw"]
[Tue Jul 21 07:18:40.052410 2026] [security2:error] [pid 229246:tid 229458] [client 20.197.192.193:23528] ModSecurity: Access denied with code 409 (phase 1). RBL lookup of 193.192.197.20.vulnscan.websitewelcome.com succeeded at REMOTE_ADDR. [file "/opt/mod_security/hg_rules.conf"] [line "1566"] [id "900933"] [msg "Vulnerability Scan RBL: vulnscan.websitewelcome.com"] [hostname "principiamatematica.com"] [uri "/wp-editor.php"] [unique_id "al9HgCBMYeh5YLVG45xTZwAAAmY"]
[Tue Jul 21 07:18:40.068583 2026] [security2:error] [pid 229246:tid 229421] [client 20.197.192.193:24488] ModSecurity: Access denied with code 409 (phase 1). RBL lookup of 193.192.197.20.vulnscan.websitewelcome.com succeeded at REMOTE_ADDR. [file "/opt/mod_security/hg_rules.conf"] [line "1566"] [id "900933"] [msg "Vulnerability Scan RBL: vulnscan.websitewelcome.com"] [hostname "principiamatematica.com"] [uri "/cro.php"] [unique_id "al9HgCBMYeh5YLVG45xTaAAAAkE"]
[Tue Jul 21 07:18:40.088235 2026] [security2:error] [pid 229246:tid 229411] [client 20.197.192.193:23540] ModSecurity: Access denied with code 409 (phase 1). RBL lookup of 193.192.197.20.vulnscan.websitewelcome.com succeeded at REMOTE_ADDR. [file "/opt/mod_security/hg_rules.conf"] [line "1566"] [id "900933"] [msg "Vulnerability Scan RBL: vulnscan.websitewelcome.com"] [hostname "principiamatematica.com"] [uri "/cron-tab.php"] [unique_id "al9HgCBMYeh5YLVG45xTagAAAjc"]
[Tue Jul 21 07:18:40.122968 2026] [security2:error] [pid 229246:tid 229384] [client 20.197.192.193:23524] ModSecurity: Access denied with code 409 (phase 1). RBL lookup of 193.192.197.20.vulnscan.websitewelcome.com succeeded at REMOTE_ADDR. [file "/opt/mod_security/hg_rules.conf"] [line "1566"] [id "900933"] [msg "Vulnerability Scan RBL: vulnscan.websitewelcome.com"] [hostname "principiamatematica.com"] [uri "/koiy.php"] [unique_id "al9HgCBMYeh5YLVG45xTawAAAhw"]
[Tue Jul 21 07:18:40.154067 2026] [security2:error] [pid 229246:tid 229408] [client 20.197.192.193:24450] ModSecurity: Access denied with code 409 (phase 1). RBL lookup of 193.192.197.20.vulnscan.websitewelcome.com succeeded at REMOTE_ADDR. [file "/opt/mod_security/hg_rules.conf"] [line "1566"] [id "900933"] [msg "Vulnerability Scan RBL: vulnscan.websitewelcome.com"] [hostname "principiamatematica.com"] [uri "/hp2.php"] [unique_id "al9HgCBMYeh5YLVG45xTbAAAAjQ"]
[Tue Jul 21 07:18:40.169235 2026] [security2:error] [pid 229246:tid 229440] [client 20.151.10.161:45965] ModSecurity: Access denied with code 409 (phase 1). RBL lookup of 161.10.151.20.vulnscan.websitewelcome.com succeeded at REMOTE_ADDR. [file "/opt/mod_security/hg_rules.conf"] [line "1566"] [id "900933"] [msg "Vulnerability Scan RBL: vulnscan.websitewelcome.com"] [hostname "prospecta.agendaclique.com.br"] [uri "/scxy.php"] [unique_id "al9HgCBMYeh5YLVG45xTbQAAAlQ"]
[Tue Jul 21 07:18:40.183073 2026] [security2:error] [pid 229246:tid 229483] [client 20.197.192.193:23546] ModSecurity: Access denied with code 409 (phase 1). RBL lookup of 193.192.197.20.vulnscan.websitewelcome.com succeeded at REMOTE_ADDR. [file "/opt/mod_security/hg_rules.conf"] [line "1566"] [id "900933"] [msg "Vulnerability Scan RBL: vulnscan.websitewelcome.com"] [hostname "principiamatematica.com"] [uri "/hp3.php"] [unique_id "al9HgCBMYeh5YLVG45xTcAAAAn8"]
[Tue Jul 21 07:18:40.237589 2026] [security2:error] [pid 229246:tid 229299] [remote 85.208.96.208:0] ModSecurity: Access denied with code 406 (phase 1). Pattern match "ZoominfoBot|NetcraftSurveyAgent|MJ12bot|(?i:BUbiNG)|D(?i:otbot)| oBot/|MegaIndex\\\\.ru|Barkrowler|Spbot|DomainCrawler|Seznam|CCBot|SiteExplorer|OpenLinkProfiler|Sogou web spider|360Spider|Semrush|Panscient|crawler\\\\.feedback([+]\\\\S+)?@gmail\\\\.com|MauiBo ..." at REQUEST_HEADERS:User-Agent. [file "/opt/mod_security/hg_rules.conf"] [line "585"] [id "999812"] [msg "Problematic Crawler"] [hostname "hauptmann.com.br"] [uri "/home-default/"] [unique_id "al9HgCBMYeh5YLVG45xTcwACLTQ"]
[Tue Jul 21 07:18:40.237826 2026] [security2:error] [pid 229246:tid 229401] [client 85.208.96.208:0] ModSecurity: Warning. Matched phrase "Semrush" at REQUEST_HEADERS:User-Agent. [file "/opt/mod_security/hg_rules.conf"] [line "168"] [id "350001"] [msg "BAD BOT - Detected LOGGING"] [data "406"] [hostname "hauptmann.com.br"] [uri "/home-default/"] [unique_id "al9HgCBMYeh5YLVG45xTcwACLTQ"]
[Tue Jul 21 07:18:40.240878 2026] [security2:error] [pid 229246:tid 229471] [client 20.197.192.193:24468] ModSecurity: Access denied with code 409 (phase 1). RBL lookup of 193.192.197.20.vulnscan.websitewelcome.com succeeded at REMOTE_ADDR. [file "/opt/mod_security/hg_rules.conf"] [line "1566"] [id "900933"] [msg "Vulnerability Scan RBL: vulnscan.websitewelcome.com"] [hostname "principiamatematica.com"] [uri "/aa1.php"] [unique_id "al9HgCBMYeh5YLVG45xTdAAAAnM"]
[Tue Jul 21 07:18:40.288010 2026] [security2:error] [pid 229246:tid 229381] [client 20.197.192.193:24470] ModSecurity: Access denied with code 409 (phase 1). RBL lookup of 193.192.197.20.vulnscan.websitewelcome.com succeeded at REMOTE_ADDR. [file "/opt/mod_security/hg_rules.conf"] [line "1566"] [id "900933"] [msg "Vulnerability Scan RBL: vulnscan.websitewelcome.com"] [hostname "principiamatematica.com"] [uri "/acew67.php"] [unique_id "al9HgCBMYeh5YLVG45xTdQAAAhk"]
[Tue Jul 21 07:18:40.328161 2026] [security2:error] [pid 229246:tid 229481] [client 20.197.192.193:23543] ModSecurity: Access denied with code 409 (phase 1). RBL lookup of 193.192.197.20.vulnscan.websitewelcome.com succeeded at REMOTE_ADDR. [file "/opt/mod_security/hg_rules.conf"] [line "1566"] [id "900933"] [msg "Vulnerability Scan RBL: vulnscan.websitewelcome.com"] [hostname "principiamatematica.com"] [uri "/bscclapb.php"] [unique_id "al9HgCBMYeh5YLVG45xTdwAAAn0"]
[Tue Jul 21 07:18:40.356142 2026] [security2:error] [pid 229246:tid 229475] [client 20.197.192.193:24453] ModSecurity: Access denied with code 409 (phase 1). RBL lookup of 193.192.197.20.vulnscan.websitewelcome.com succeeded at REMOTE_ADDR. [file "/opt/mod_security/hg_rules.conf"] [line "1566"] [id "900933"] [msg "Vulnerability Scan RBL: vulnscan.websitewelcome.com"] [hostname "principiamatematica.com"] [uri "/else1.php"] [unique_id "al9HgCBMYeh5YLVG45xTeAAAAnc"]
[Tue Jul 21 07:18:40.383765 2026] [security2:error] [pid 229246:tid 229444] [client 20.197.192.193:24452] ModSecurity: Access denied with code 409 (phase 1). RBL lookup of 193.192.197.20.vulnscan.websitewelcome.com succeeded at REMOTE_ADDR. [file "/opt/mod_security/hg_rules.conf"] [line "1566"] [id "900933"] [msg "Vulnerability Scan RBL: vulnscan.websitewelcome.com"] [hostname "principiamatematica.com"] [uri "/tkikikoko.php"] [unique_id "al9HgCBMYeh5YLVG45xTewAAAlg"]
[Tue Jul 21 07:18:40.408928 2026] [security2:error] [pid 229246:tid 229503] [client 20.197.192.193:23506] ModSecurity: Access denied with code 409 (phase 1). RBL lookup of 193.192.197.20.vulnscan.websitewelcome.com succeeded at REMOTE_ADDR. [file "/opt/mod_security/hg_rules.conf"] [line "1566"] [id "900933"] [msg "Vulnerability Scan RBL: vulnscan.websitewelcome.com"] [hostname "principiamatematica.com"] [uri "/wp-Blogs.php"] [unique_id "al9HgCBMYeh5YLVG45xTfQAAApM"]
[Tue Jul 21 07:18:40.421698 2026] [security2:error] [pid 229246:tid 229500] [client 20.197.192.193:23549] ModSecurity: Access denied with code 409 (phase 1). RBL lookup of 193.192.197.20.vulnscan.websitewelcome.com succeeded at REMOTE_ADDR. [file "/opt/mod_security/hg_rules.conf"] [line "1566"] [id "900933"] [msg "Vulnerability Scan RBL: vulnscan.websitewelcome.com"] [hostname "principiamatematica.com"] [uri "/wp-css.php"] [unique_id "al9HgCBMYeh5YLVG45xTfwAAApA"]
[Tue Jul 21 07:18:40.436306 2026] [security2:error] [pid 229246:tid 229391] [client 20.197.192.193:24511] ModSecurity: Access denied with code 409 (phase 1). RBL lookup of 193.192.197.20.vulnscan.websitewelcome.com succeeded at REMOTE_ADDR. [file "/opt/mod_security/hg_rules.conf"] [line "1566"] [id "900933"] [msg "Vulnerability Scan RBL: vulnscan.websitewelcome.com"] [hostname "principiamatematica.com"] [uri "/wp-explorer.php"] [unique_id "al9HgCBMYeh5YLVG45xTgwAAAiM"]
[Tue Jul 21 07:18:40.450454 2026] [security2:error] [pid 229246:tid 229502] [client 20.197.192.193:23529] ModSecurity: Access denied with code 409 (phase 1). RBL lookup of 193.192.197.20.vulnscan.websitewelcome.com succeeded at REMOTE_ADDR. [file "/opt/mod_security/hg_rules.conf"] [line "1566"] [id "900933"] [msg "Vulnerability Scan RBL: vulnscan.websitewelcome.com"] [hostname "principiamatematica.com"] [uri "/akismet.php"] [unique_id "al9HgCBMYeh5YLVG45xThAAAApI"]
[Tue Jul 21 07:18:40.469311 2026] [security2:error] [pid 229246:tid 229448] [client 20.197.192.193:24041] ModSecurity: Access denied with code 409 (phase 1). RBL lookup of 193.192.197.20.vulnscan.websitewelcome.com succeeded at REMOTE_ADDR. [file "/opt/mod_security/hg_rules.conf"] [line "1566"] [id "900933"] [msg "Vulnerability Scan RBL: vulnscan.websitewelcome.com"] [hostname "principiamatematica.com"] [uri "/ace2.php"] [unique_id "al9HgCBMYeh5YLVG45xTiAAAAlw"]
[Tue Jul 21 07:18:40.508737 2026] [security2:error] [pid 229246:tid 229464] [client 20.197.192.193:23513] ModSecurity: Access denied with code 409 (phase 1). RBL lookup of 193.192.197.20.vulnscan.websitewelcome.com succeeded at REMOTE_ADDR. [file "/opt/mod_security/hg_rules.conf"] [line "1566"] [id "900933"] [msg "Vulnerability Scan RBL: vulnscan.websitewelcome.com"] [hostname "principiamatematica.com"] [uri "/ms.php"] [unique_id "al9HgCBMYeh5YLVG45xTjgAAAmw"]
[Tue Jul 21 07:18:40.612824 2026] [security2:error] [pid 229246:tid 229429] [client 20.220.225.223:47840] ModSecurity: Access denied with code 409 (phase 1). RBL lookup of 223.225.220.20.vulnscan.websitewelcome.com succeeded at REMOTE_ADDR. [file "/opt/mod_security/hg_rules.conf"] [line "1566"] [id "900933"] [msg "Vulnerability Scan RBL: vulnscan.websitewelcome.com"] [hostname "teste.inonebrasil.com.br"] [uri "/zzz.php"] [unique_id "al9HgCBMYeh5YLVG45xTngAAAkk"]
[Tue Jul 21 07:18:40.668945 2026] [security2:error] [pid 229246:tid 229290] [remote 65.111.15.124:38003] ModSecurity: Access denied with code 409 (phase 1). RBL lookup of 124.15.111.65.testwprbl.websitewelcome.com succeeded at REMOTE_ADDR. [file "/opt/mod_security/hg_rules.conf"] [line "176"] [id "900407"] [msg "Wordpress and Joomla Brute RBL: testwprbl.websitewelcome.com"] [hostname "tkcorretoradeseguros.com.br"] [uri "/wp-login.php"] [unique_id "al9HfyBMYeh5YLVG45xTQgACgSs"]
[Tue Jul 21 07:18:40.748067 2026] [security2:error] [pid 229246:tid 229468] [client 20.151.10.161:46073] ModSecurity: Access denied with code 409 (phase 1). RBL lookup of 161.10.151.20.vulnscan.websitewelcome.com succeeded at REMOTE_ADDR. [file "/opt/mod_security/hg_rules.conf"] [line "1566"] [id "900933"] [msg "Vulnerability Scan RBL: vulnscan.websitewelcome.com"] [hostname "prospecta.agendaclique.com.br"] [uri "/FWAZ.php"] [unique_id "al9HgCBMYeh5YLVG45xTrwAAAnA"]
[Tue Jul 21 07:18:40.825268 2026] [security2:error] [pid 229246:tid 229419] [client 120.61.173.56:49584] ModSecurity: Access denied with code 409 (phase 1). RBL lookup of 56.173.61.120.testwprbl.websitewelcome.com succeeded at REMOTE_ADDR. [file "/opt/mod_security/hg_rules.conf"] [line "176"] [id "900407"] [msg "Wordpress and Joomla Brute RBL: testwprbl.websitewelcome.com"] [hostname "agmiz.com.br"] [uri "/xmlrpc.php"] [unique_id "al9HgCBMYeh5YLVG45xTuAAAAj8"]
[Tue Jul 21 07:18:40.825444 2026] [security2:error] [pid 229246:tid 229419] [client 120.61.173.56:49584] ModSecurity: Warning. Pattern match "POST" at REQUEST_METHOD. [file "/opt/mod_security/hg_rules.conf"] [line "151"] [id "900405"] [msg "xmlrpc POST logging"] [data "409"] [hostname "agmiz.com.br"] [uri "/xmlrpc.php"] [unique_id "al9HgCBMYeh5YLVG45xTuAAAAj8"]
[Tue Jul 21 07:18:40.854224 2026] [security2:error] [pid 229246:tid 229400] [client 35.205.139.29:51216] ModSecurity: Access denied with code 406 (phase 1). Pattern match "/wp-includes/wlwmanifest\\\\.xml" at REQUEST_URI. [file "/opt/mod_security/hg_rules.conf"] [line "1541"] [id "900920"] [msg "wlwmanifest spam rule"] [hostname "www.sistedu-mec.com"] [uri "/wp/wp-includes/wlwmanifest.xml"] [unique_id "al9HgCBMYeh5YLVG45xTvgAAAiw"]
[Tue Jul 21 07:18:40.891795 2026] [security2:error] [pid 229246:tid 229392] [client 92.119.178.3:59412] ModSecurity: Access denied with code 409 (phase 1). RBL lookup of 3.178.119.92.testwprbl.websitewelcome.com succeeded at REMOTE_ADDR. [file "/opt/mod_security/hg_rules.conf"] [line "176"] [id "900407"] [msg "Wordpress and Joomla Brute RBL: testwprbl.websitewelcome.com"] [hostname "weightloss-review.shop"] [uri "/xmlrpc.php"] [unique_id "al9HgCBMYeh5YLVG45xTxQAAAiQ"]
[Tue Jul 21 07:18:40.891876 2026] [security2:error] [pid 229246:tid 229392] [client 92.119.178.3:59412] ModSecurity: Warning. Pattern match "POST" at REQUEST_METHOD. [file "/opt/mod_security/hg_rules.conf"] [line "151"] [id "900405"] [msg "xmlrpc POST logging"] [data "409"] [hostname "weightloss-review.shop"] [uri "/xmlrpc.php"] [unique_id "al9HgCBMYeh5YLVG45xTxQAAAiQ"]
[Tue Jul 21 07:18:40.933758 2026] [security2:error] [pid 229246:tid 229363] [remote 128.0.83.186:0] ModSecurity: Access denied with code 409 (phase 1). RBL lookup of 186.83.0.128.testwprbl.websitewelcome.com succeeded at REMOTE_ADDR. [file "/opt/mod_security/hg_rules.conf"] [line "176"] [id "900407"] [msg "Wordpress and Joomla Brute RBL: testwprbl.websitewelcome.com"] [hostname "botzappro.com.br"] [uri "/xmlrpc.php"] [unique_id "al9HgCBMYeh5YLVG45xTygACdXQ"]
[Tue Jul 21 07:18:40.933927 2026] [security2:error] [pid 229246:tid 229473] [client 128.0.83.186:0] ModSecurity: Warning. Pattern match "POST" at REQUEST_METHOD. [file "/opt/mod_security/hg_rules.conf"] [line "151"] [id "900405"] [msg "xmlrpc POST logging"] [data "409"] [hostname "botzappro.com.br"] [uri "/xmlrpc.php"] [unique_id "al9HgCBMYeh5YLVG45xTygACdXQ"]
[Tue Jul 21 07:18:41.243449 2026] [security2:error] [pid 229246:tid 229282] [remote 103.190.239.132:0] ModSecurity: Access denied with code 409 (phase 1). RBL lookup of 132.239.190.103.testwprbl.websitewelcome.com succeeded at REMOTE_ADDR. [file "/opt/mod_security/hg_rules.conf"] [line "176"] [id "900407"] [msg "Wordpress and Joomla Brute RBL: testwprbl.websitewelcome.com"] [hostname "vidrosprovetro.com.br"] [uri "/xmlrpc.php"] [unique_id "al9HgSBMYeh5YLVG45xT5QACgyM"]
[Tue Jul 21 07:18:41.243581 2026] [security2:error] [pid 229246:tid 229487] [client 103.190.239.132:0] ModSecurity: Warning. Pattern match "POST" at REQUEST_METHOD. [file "/opt/mod_security/hg_rules.conf"] [line "151"] [id "900405"] [msg "xmlrpc POST logging"] [data "409"] [hostname "vidrosprovetro.com.br"] [uri "/xmlrpc.php"] [unique_id "al9HgSBMYeh5YLVG45xT5QACgyM"]
[Tue Jul 21 07:18:41.255996 2026] [security2:error] [pid 229246:tid 229456] [client 4.204.201.85:35378] ModSecurity: Access denied with code 409 (phase 1). RBL lookup of 85.201.204.4.vulnscan.websitewelcome.com succeeded at REMOTE_ADDR. [file "/opt/mod_security/hg_rules.conf"] [line "1566"] [id "900933"] [msg "Vulnerability Scan RBL: vulnscan.websitewelcome.com"] [hostname "seaportservicos.com.br"] [uri "/file6.php"] [unique_id "al9HgSBMYeh5YLVG45xT5gAAAmQ"]
[Tue Jul 21 07:18:41.268330 2026] [security2:error] [pid 229246:tid 229488] [client 20.206.105.145:36019] ModSecurity: Access denied with code 409 (phase 1). RBL lookup of 145.105.206.20.vulnscan.websitewelcome.com succeeded at REMOTE_ADDR. [file "/opt/mod_security/hg_rules.conf"] [line "1566"] [id "900933"] [msg "Vulnerability Scan RBL: vulnscan.websitewelcome.com"] [hostname "webmail.reidocouro.com.br"] [uri "/4PJcpMFsD8B.php"] [unique_id "al9HgSBMYeh5YLVG45xT5wAAAoQ"]
[Tue Jul 21 07:18:41.327009 2026] [security2:error] [pid 229246:tid 229417] [client 20.151.10.161:21377] ModSecurity: Access denied with code 409 (phase 1). RBL lookup of 161.10.151.20.vulnscan.websitewelcome.com succeeded at REMOTE_ADDR. [file "/opt/mod_security/hg_rules.conf"] [line "1566"] [id "900933"] [msg "Vulnerability Scan RBL: vulnscan.websitewelcome.com"] [hostname "mail.paulaabrao.com.br"] [uri "/coffexium.php"] [unique_id "al9HgSBMYeh5YLVG45xT6wAAAj0"]
[Tue Jul 21 07:18:41.470508 2026] [security2:error] [pid 229246:tid 229443] [client 20.151.10.161:46040] ModSecurity: Access denied with code 409 (phase 1). RBL lookup of 161.10.151.20.vulnscan.websitewelcome.com succeeded at REMOTE_ADDR. [file "/opt/mod_security/hg_rules.conf"] [line "1566"] [id "900933"] [msg "Vulnerability Scan RBL: vulnscan.websitewelcome.com"] [hostname "prospecta.agendaclique.com.br"] [uri "/qterm.php"] [unique_id "al9HgSBMYeh5YLVG45xT8gAAAlc"]
[Tue Jul 21 07:18:41.496530 2026] [security2:error] [pid 229246:tid 229379] [client 20.197.192.193:27161] ModSecurity: Access denied with code 409 (phase 1). RBL lookup of 193.192.197.20.vulnscan.websitewelcome.com succeeded at REMOTE_ADDR. [file "/opt/mod_security/hg_rules.conf"] [line "1566"] [id "900933"] [msg "Vulnerability Scan RBL: vulnscan.websitewelcome.com"] [hostname "webmail.oticapersona.com.br"] [uri "/wp-wpbak.php"] [unique_id "al9HgSBMYeh5YLVG45xT9AAAAhc"]
[Tue Jul 21 07:18:41.584842 2026] [security2:error] [pid 229246:tid 229404] [client 136.144.33.97:54957] ModSecurity: Access denied with code 409 (phase 1). RBL lookup of 97.33.144.136.vulnscan.websitewelcome.com succeeded at REMOTE_ADDR. [file "/opt/mod_security/hg_rules.conf"] [line "1566"] [id "900933"] [msg "Vulnerability Scan RBL: vulnscan.websitewelcome.com"] [hostname "moldurasbrilhante.com.br"] [uri "/wp-login.php"] [unique_id "al9HgSBMYeh5YLVG45xT9wAAAjA"], referer: https://moldurasbrilhante.com.br/wp-login.php
[Tue Jul 21 07:18:41.607116 2026] [autoindex:error] [pid 229246:tid 229284] [remote 104.253.36.208:37951] AH01276: Cannot serve directory /home2/ric83751/sanovitta.com/: No matching DirectoryIndex (index.html.var,index.htm,index.html,index.shtml,index.xhtml,index.wml,index.perl,index.pl,index.plx,index.ppl,index.cgi,index.jsp,index.js,index.jp,index.php4,index.php3,index.php,index.phtml,default.htm,default.html,home.htm,index.php5,Default.html,Default.htm,home.html) found, and server-generated directory index forbidden by Options directive
