[Tue Jul 21 07:22:44.153912 2026] [security2:error] [pid 230252:tid 230362] [remote 128.0.83.186:0] ModSecurity: Access denied with code 409 (phase 1). RBL lookup of 186.83.0.128.testwprbl.websitewelcome.com succeeded at REMOTE_ADDR. [file "/opt/mod_security/hg_rules.conf"] [line "176"] [id "900407"] [msg "Wordpress and Joomla Brute RBL: testwprbl.websitewelcome.com"] [hostname "botzappro.com.br"] [uri "/xmlrpc.php"] [unique_id "al9IdE0Dwhk5-Z44XrpFwgACxGs"]
[Tue Jul 21 07:22:44.154150 2026] [security2:error] [pid 230252:tid 230427] [client 128.0.83.186:0] ModSecurity: Warning. Pattern match "POST" at REQUEST_METHOD. [file "/opt/mod_security/hg_rules.conf"] [line "151"] [id "900405"] [msg "xmlrpc POST logging"] [data "409"] [hostname "botzappro.com.br"] [uri "/xmlrpc.php"] [unique_id "al9IdE0Dwhk5-Z44XrpFwgACxGs"]
[Tue Jul 21 07:22:44.200165 2026] [security2:error] [pid 229246:tid 229426] [client 20.206.105.145:30546] ModSecurity: Access denied with code 409 (phase 1). RBL lookup of 145.105.206.20.vulnscan.websitewelcome.com succeeded at REMOTE_ADDR. [file "/opt/mod_security/hg_rules.conf"] [line "1566"] [id "900933"] [msg "Vulnerability Scan RBL: vulnscan.websitewelcome.com"] [hostname "webdisk.psicologafernandaguedes.com"] [uri "/f900.php"] [unique_id "al9IdCBMYeh5YLVG45xpzgAAAkY"]
[Tue Jul 21 07:22:44.250027 2026] [security2:error] [pid 229246:tid 229310] [remote 136.232.157.230:0] ModSecurity: Access denied with code 409 (phase 1). RBL lookup of 230.157.232.136.testwprbl.websitewelcome.com succeeded at REMOTE_ADDR. [file "/opt/mod_security/hg_rules.conf"] [line "176"] [id "900407"] [msg "Wordpress and Joomla Brute RBL: testwprbl.websitewelcome.com"] [hostname "compranawebprodutos.com"] [uri "/xmlrpc.php"] [unique_id "al9IdCBMYeh5YLVG45xp1gACPj8"]
[Tue Jul 21 07:22:44.250157 2026] [security2:error] [pid 229246:tid 229418] [client 136.232.157.230:0] ModSecurity: Warning. Pattern match "POST" at REQUEST_METHOD. [file "/opt/mod_security/hg_rules.conf"] [line "151"] [id "900405"] [msg "xmlrpc POST logging"] [data "409"] [hostname "compranawebprodutos.com"] [uri "/xmlrpc.php"] [unique_id "al9IdCBMYeh5YLVG45xp1gACPj8"]
[Tue Jul 21 07:22:44.292557 2026] [security2:error] [pid 229246:tid 229400] [client 20.197.192.193:53122] ModSecurity: Access denied with code 409 (phase 1). RBL lookup of 193.192.197.20.vulnscan.websitewelcome.com succeeded at REMOTE_ADDR. [file "/opt/mod_security/hg_rules.conf"] [line "1566"] [id "900933"] [msg "Vulnerability Scan RBL: vulnscan.websitewelcome.com"] [hostname "162.241.63.69"] [uri "/csa.php"] [unique_id "al9IdCBMYeh5YLVG45xp1wAAAiw"]
[Tue Jul 21 07:22:44.485042 2026] [security2:error] [pid 230252:tid 230387] [client 20.104.96.117:5078] ModSecurity: Access denied with code 409 (phase 1). RBL lookup of 117.96.104.20.vulnscan.websitewelcome.com succeeded at REMOTE_ADDR. [file "/opt/mod_security/hg_rules.conf"] [line "1566"] [id "900933"] [msg "Vulnerability Scan RBL: vulnscan.websitewelcome.com"] [hostname "cpcontacts.cmpartners.com.br"] [uri "/BDKR28WP.php"] [unique_id "al9IdE0Dwhk5-Z44XrpFxwAAApw"]
[Tue Jul 21 07:22:44.537948 2026] [security2:error] [pid 230252:tid 230394] [client 20.104.96.117:61123] ModSecurity: Access denied with code 409 (phase 1). RBL lookup of 117.96.104.20.vulnscan.websitewelcome.com succeeded at REMOTE_ADDR. [file "/opt/mod_security/hg_rules.conf"] [line "1566"] [id "900933"] [msg "Vulnerability Scan RBL: vulnscan.websitewelcome.com"] [hostname "leoamaraldev.com.br"] [uri "/dfre.php"] [unique_id "al9IdE0Dwhk5-Z44XrpFyAAAAqM"]
[Tue Jul 21 07:22:44.584310 2026] [security2:error] [pid 230252:tid 230469] [client 103.174.34.15:50715] ModSecurity: Access denied with code 409 (phase 1). RBL lookup of 15.34.174.103.testwprbl.websitewelcome.com succeeded at REMOTE_ADDR. [file "/opt/mod_security/hg_rules.conf"] [line "176"] [id "900407"] [msg "Wordpress and Joomla Brute RBL: testwprbl.websitewelcome.com"] [hostname "tamoiomix.com.br"] [uri "/xmlrpc.php"] [unique_id "al9IdE0Dwhk5-Z44XrpFygAAAu4"]
[Tue Jul 21 07:22:44.599156 2026] [security2:error] [pid 230252:tid 230469] [client 103.174.34.15:50715] ModSecurity: Warning. Pattern match "POST" at REQUEST_METHOD. [file "/opt/mod_security/hg_rules.conf"] [line "151"] [id "900405"] [msg "xmlrpc POST logging"] [data "409"] [hostname "tamoiomix.com.br"] [uri "/xmlrpc.php"] [unique_id "al9IdE0Dwhk5-Z44XrpFygAAAu4"]
[Tue Jul 21 07:22:44.688948 2026] [security2:error] [pid 230252:tid 230338] [remote 157.66.26.183:43862] ModSecurity: Access denied with code 409 (phase 1). RBL lookup of 183.26.66.157.testwprbl.websitewelcome.com succeeded at REMOTE_ADDR. [file "/opt/mod_security/hg_rules.conf"] [line "176"] [id "900407"] [msg "Wordpress and Joomla Brute RBL: testwprbl.websitewelcome.com"] [hostname "tecnoturbo.com.br"] [uri "/wp-login.php"] [unique_id "al9IdE0Dwhk5-Z44XrpFywAC7FM"]
[Tue Jul 21 07:22:44.804175 2026] [security2:error] [pid 229246:tid 229471] [client 20.151.10.161:26445] ModSecurity: Access denied with code 409 (phase 1). RBL lookup of 161.10.151.20.vulnscan.websitewelcome.com succeeded at REMOTE_ADDR. [file "/opt/mod_security/hg_rules.conf"] [line "1566"] [id "900933"] [msg "Vulnerability Scan RBL: vulnscan.websitewelcome.com"] [hostname "mail.engeconconstrucoes.com.br"] [uri "/file52.php"] [unique_id "al9IdCBMYeh5YLVG45xp4AAAAnM"]
[Tue Jul 21 07:22:44.867896 2026] [security2:error] [pid 230252:tid 230403] [client 20.104.96.117:59704] ModSecurity: Access denied with code 409 (phase 1). RBL lookup of 117.96.104.20.vulnscan.websitewelcome.com succeeded at REMOTE_ADDR. [file "/opt/mod_security/hg_rules.conf"] [line "1566"] [id "900933"] [msg "Vulnerability Scan RBL: vulnscan.websitewelcome.com"] [hostname "leoamaraldev.com.br"] [uri "/wp-happy.php"] [unique_id "al9IdE0Dwhk5-Z44XrpFzQAAAqw"]
[Tue Jul 21 07:22:44.956675 2026] [http2:warn] [pid 229246:tid 229456] [client 57.141.18.47:60312] h2_stream(229246-502-1,CLEANUP): started=1, scheduled=1, ready=0, out_buffer=0
[Tue Jul 21 07:22:45.149115 2026] [proxy:error] [pid 230252:tid 230386] (111)Connection refused: AH00957: http: attempt to connect to 127.0.0.1:2079 (127.0.0.1:2079) failed
[Tue Jul 21 07:22:45.149199 2026] [proxy_http:error] [pid 230252:tid 230386] [client 20.104.96.117:64026] AH01114: HTTP: failed to make connection to backend: 127.0.0.1
[Tue Jul 21 07:22:45.149781 2026] [proxy:error] [pid 230252:tid 230386] (111)Connection refused: AH00957: http: attempt to connect to 127.0.0.1:2079 (127.0.0.1:2079) failed
[Tue Jul 21 07:22:45.149822 2026] [proxy_http:error] [pid 230252:tid 230386] [client 20.104.96.117:64026] AH01114: HTTP: failed to make connection to backend: 127.0.0.1
[Tue Jul 21 07:22:45.152728 2026] [security2:error] [pid 230252:tid 230335] [remote 45.117.83.212:50196] ModSecurity: Access denied with code 409 (phase 1). RBL lookup of 212.83.117.45.testwprbl.websitewelcome.com succeeded at REMOTE_ADDR. [file "/opt/mod_security/hg_rules.conf"] [line "176"] [id "900407"] [msg "Wordpress and Joomla Brute RBL: testwprbl.websitewelcome.com"] [hostname "supremaservices.net"] [uri "/wp-login.php"] [unique_id "al9IdU0Dwhk5-Z44XrpF0wACx1A"]
[Tue Jul 21 07:22:45.162380 2026] [security2:error] [pid 230252:tid 230432] [client 20.220.225.223:46006] ModSecurity: Access denied with code 409 (phase 1). RBL lookup of 223.225.220.20.vulnscan.websitewelcome.com succeeded at REMOTE_ADDR. [file "/opt/mod_security/hg_rules.conf"] [line "1566"] [id "900933"] [msg "Vulnerability Scan RBL: vulnscan.websitewelcome.com"] [hostname "marketing.androapkmod.com"] [uri "/old.php"] [unique_id "al9IdU0Dwhk5-Z44XrpF1AAAAsk"]
[Tue Jul 21 07:22:45.245084 2026] [security2:error] [pid 230252:tid 230504] [client 20.104.96.117:59153] ModSecurity: Access denied with code 409 (phase 1). RBL lookup of 117.96.104.20.vulnscan.websitewelcome.com succeeded at REMOTE_ADDR. [file "/opt/mod_security/hg_rules.conf"] [line "1566"] [id "900933"] [msg "Vulnerability Scan RBL: vulnscan.websitewelcome.com"] [hostname "leoamaraldev.com.br"] [uri "/fpr4.php"] [unique_id "al9IdU0Dwhk5-Z44XrpF1QAAAxE"]
[Tue Jul 21 07:22:45.271665 2026] [security2:error] [pid 230252:tid 230491] [client 20.206.105.145:30616] ModSecurity: Access denied with code 409 (phase 1). RBL lookup of 145.105.206.20.vulnscan.websitewelcome.com succeeded at REMOTE_ADDR. [file "/opt/mod_security/hg_rules.conf"] [line "1566"] [id "900933"] [msg "Vulnerability Scan RBL: vulnscan.websitewelcome.com"] [hostname "webdisk.psicologafernandaguedes.com"] [uri "/xmrl.php"] [unique_id "al9IdU0Dwhk5-Z44XrpF1gAAAwQ"]
[Tue Jul 21 07:22:45.314968 2026] [security2:error] [pid 230252:tid 230301] [remote 2001:4490:4ec1:ec62:f01d:f50d:c923:184c:0] ModSecurity: Access denied with code 406 (phase 2). Operator GT matched 0 at USER:bf_block. [file "/opt/mod_security/hg_rules.conf"] [line "1482"] [id "909121"] [msg "IP address blocked, too many xmlrpc.php failures"] [hostname "getveltrixhealth.com"] [uri "/xmlrpc.php"] [unique_id "al9IdU0Dwhk5-Z44XrpF1wAC0y8"]
[Tue Jul 21 07:22:45.315188 2026] [security2:error] [pid 230252:tid 230442] [client 2001:4490:4ec1:ec62:f01d:f50d:c923:184c:0] ModSecurity: Warning. Pattern match "POST" at REQUEST_METHOD. [file "/opt/mod_security/hg_rules.conf"] [line "151"] [id "900405"] [msg "xmlrpc POST logging"] [data "406"] [hostname "getveltrixhealth.com"] [uri "/xmlrpc.php"] [unique_id "al9IdU0Dwhk5-Z44XrpF1wAC0y8"]
[Tue Jul 21 07:22:45.422085 2026] [security2:error] [pid 229246:tid 229382] [client 20.226.60.151:60242] ModSecurity: Access denied with code 409 (phase 1). RBL lookup of 151.60.226.20.vulnscan.websitewelcome.com succeeded at REMOTE_ADDR. [file "/opt/mod_security/hg_rules.conf"] [line "1566"] [id "900933"] [msg "Vulnerability Scan RBL: vulnscan.websitewelcome.com"] [hostname "cpcontacts.fernandohipolito.com.br"] [uri "/iywwi.php"] [unique_id "al9IdSBMYeh5YLVG45xp6gAAAho"]
[Tue Jul 21 07:22:45.913517 2026] [security2:error] [pid 230252:tid 230387] [client 20.104.96.117:60946] ModSecurity: Access denied with code 409 (phase 1). RBL lookup of 117.96.104.20.vulnscan.websitewelcome.com succeeded at REMOTE_ADDR. [file "/opt/mod_security/hg_rules.conf"] [line "1566"] [id "900933"] [msg "Vulnerability Scan RBL: vulnscan.websitewelcome.com"] [hostname "leoamaraldev.com.br"] [uri "/file88.php"] [unique_id "al9IdU0Dwhk5-Z44XrpF3wAAApw"]
[Tue Jul 21 07:22:46.028839 2026] [http2:warn] [pid 230252:tid 230388] [client 57.141.18.116:25528] h2_stream(230252-382-1,CLEANUP): started=1, scheduled=1, ready=0, out_buffer=0
[Tue Jul 21 07:22:46.060749 2026] [security2:error] [pid 230252:tid 230480] [client 20.226.60.151:60200] ModSecurity: Access denied with code 409 (phase 1). RBL lookup of 151.60.226.20.vulnscan.websitewelcome.com succeeded at REMOTE_ADDR. [file "/opt/mod_security/hg_rules.conf"] [line "1566"] [id "900933"] [msg "Vulnerability Scan RBL: vulnscan.websitewelcome.com"] [hostname "cpcontacts.fernandohipolito.com.br"] [uri "/gqgsa.php"] [unique_id "al9Idk0Dwhk5-Z44XrpF4wAAAvk"]
[Tue Jul 21 07:22:46.088888 2026] [security2:error] [pid 230252:tid 230418] [client 74.249.245.134:60747] ModSecurity: Access denied with code 406 (phase 1). Pattern match "/\\\\.[a-z0-9]{4}\\\\.php" at REQUEST_URI. [file "/opt/mod_security/hg_rules.conf"] [line "784"] [id "900080"] [msg "PHP Mailer Access Attempt"] [hostname "drjoaoguedes.com"] [uri "/.info.php"] [unique_id "al9Idk0Dwhk5-Z44XrpF5AAAArs"]
[Tue Jul 21 07:22:46.212499 2026] [security2:error] [pid 229246:tid 229477] [client 20.151.10.161:26513] ModSecurity: Access denied with code 409 (phase 1). RBL lookup of 161.10.151.20.vulnscan.websitewelcome.com succeeded at REMOTE_ADDR. [file "/opt/mod_security/hg_rules.conf"] [line "1566"] [id "900933"] [msg "Vulnerability Scan RBL: vulnscan.websitewelcome.com"] [hostname "mail.engeconconstrucoes.com.br"] [uri "/122.php"] [unique_id "al9IdiBMYeh5YLVG45xp8wAAAnk"]
[Tue Jul 21 07:22:46.225576 2026] [security2:error] [pid 229246:tid 229492] [client 20.206.105.145:30534] ModSecurity: Access denied with code 409 (phase 1). RBL lookup of 145.105.206.20.vulnscan.websitewelcome.com succeeded at REMOTE_ADDR. [file "/opt/mod_security/hg_rules.conf"] [line "1566"] [id "900933"] [msg "Vulnerability Scan RBL: vulnscan.websitewelcome.com"] [hostname "webdisk.psicologafernandaguedes.com"] [uri "/memberfuns.php"] [unique_id "al9IdiBMYeh5YLVG45xp9AAAAog"]
[Tue Jul 21 07:22:46.283466 2026] [proxy:error] [pid 229246:tid 229441] (111)Connection refused: AH00957: http: attempt to connect to 127.0.0.1:2079 (127.0.0.1:2079) failed
[Tue Jul 21 07:22:46.283537 2026] [proxy_http:error] [pid 229246:tid 229441] [client 20.104.96.117:64037] AH01114: HTTP: failed to make connection to backend: 127.0.0.1
[Tue Jul 21 07:22:46.284256 2026] [proxy:error] [pid 229246:tid 229441] (111)Connection refused: AH00957: http: attempt to connect to 127.0.0.1:2079 (127.0.0.1:2079) failed
[Tue Jul 21 07:22:46.284295 2026] [proxy_http:error] [pid 229246:tid 229441] [client 20.104.96.117:64037] AH01114: HTTP: failed to make connection to backend: 127.0.0.1
[Tue Jul 21 07:22:46.406151 2026] [security2:error] [pid 230252:tid 230477] [client 175.45.70.82:56849] ModSecurity: Access denied with code 409 (phase 1). RBL lookup of 82.70.45.175.testwprbl.websitewelcome.com succeeded at REMOTE_ADDR. [file "/opt/mod_security/hg_rules.conf"] [line "176"] [id "900407"] [msg "Wordpress and Joomla Brute RBL: testwprbl.websitewelcome.com"] [hostname "filtrokangen.com.br"] [uri "/xmlrpc.php"] [unique_id "al9Idk0Dwhk5-Z44XrpF5gAAAvY"]
[Tue Jul 21 07:22:46.406245 2026] [security2:error] [pid 230252:tid 230477] [client 175.45.70.82:56849] ModSecurity: Warning. Pattern match "POST" at REQUEST_METHOD. [file "/opt/mod_security/hg_rules.conf"] [line "151"] [id "900405"] [msg "xmlrpc POST logging"] [data "409"] [hostname "filtrokangen.com.br"] [uri "/xmlrpc.php"] [unique_id "al9Idk0Dwhk5-Z44XrpF5gAAAvY"]
[Tue Jul 21 07:22:46.429724 2026] [security2:error] [pid 229246:tid 229260] [remote 217.165.161.233:0] ModSecurity: Access denied with code 409 (phase 1). RBL lookup of 233.161.165.217.testwprbl.websitewelcome.com succeeded at REMOTE_ADDR. [file "/opt/mod_security/hg_rules.conf"] [line "176"] [id "900407"] [msg "Wordpress and Joomla Brute RBL: testwprbl.websitewelcome.com"] [hostname "royalbsolutions.com"] [uri "/xmlrpc.php"] [unique_id "al9IdiBMYeh5YLVG45xp-wACbg0"]
[Tue Jul 21 07:22:46.429896 2026] [security2:error] [pid 229246:tid 229466] [client 217.165.161.233:0] ModSecurity: Warning. Pattern match "POST" at REQUEST_METHOD. [file "/opt/mod_security/hg_rules.conf"] [line "151"] [id "900405"] [msg "xmlrpc POST logging"] [data "409"] [hostname "royalbsolutions.com"] [uri "/xmlrpc.php"] [unique_id "al9IdiBMYeh5YLVG45xp-wACbg0"]
[Tue Jul 21 07:22:46.529577 2026] [security2:error] [pid 230252:tid 230459] [client 20.220.225.223:34268] ModSecurity: Access denied with code 409 (phase 1). RBL lookup of 223.225.220.20.vulnscan.websitewelcome.com succeeded at REMOTE_ADDR. [file "/opt/mod_security/hg_rules.conf"] [line "1566"] [id "900933"] [msg "Vulnerability Scan RBL: vulnscan.websitewelcome.com"] [hostname "quattrotech.com.br"] [uri "/mimpi.php"] [unique_id "al9Idk0Dwhk5-Z44XrpF5wAAAuQ"]
[Tue Jul 21 07:22:46.594521 2026] [security2:error] [pid 230252:tid 230487] [client 74.249.245.134:50272] ModSecurity: Access denied with code 409 (phase 1). RBL lookup of 134.245.249.74.vulnscan.websitewelcome.com succeeded at REMOTE_ADDR. [file "/opt/mod_security/hg_rules.conf"] [line "1566"] [id "900933"] [msg "Vulnerability Scan RBL: vulnscan.websitewelcome.com"] [hostname "drjoaoguedes.com"] [uri "/item.php"] [unique_id "al9Idk0Dwhk5-Z44XrpF6QAAAwA"]
[Tue Jul 21 07:22:46.743600 2026] [security2:error] [pid 230252:tid 230476] [client 20.104.96.117:59649] ModSecurity: Access denied with code 409 (phase 1). RBL lookup of 117.96.104.20.vulnscan.websitewelcome.com succeeded at REMOTE_ADDR. [file "/opt/mod_security/hg_rules.conf"] [line "1566"] [id "900933"] [msg "Vulnerability Scan RBL: vulnscan.websitewelcome.com"] [hostname "leoamaraldev.com.br"] [uri "/ccc.php"] [unique_id "al9Idk0Dwhk5-Z44XrpF6gAAAvU"]
[Tue Jul 21 07:22:46.821553 2026] [security2:error] [pid 229246:tid 229487] [client 20.151.10.161:26426] ModSecurity: Access denied with code 409 (phase 1). RBL lookup of 161.10.151.20.vulnscan.websitewelcome.com succeeded at REMOTE_ADDR. [file "/opt/mod_security/hg_rules.conf"] [line "1566"] [id "900933"] [msg "Vulnerability Scan RBL: vulnscan.websitewelcome.com"] [hostname "mail.engeconconstrucoes.com.br"] [uri "/green1.php"] [unique_id "al9IdiBMYeh5YLVG45xp_gAAAoM"]
[Tue Jul 21 07:22:46.849061 2026] [http2:warn] [pid 229246:tid 229496] [client 57.141.18.42:65424] h2_stream(229246-504-1,CLEANUP): started=1, scheduled=1, ready=0, out_buffer=0
[Tue Jul 21 07:22:46.956480 2026] [security2:error] [pid 230252:tid 230436] [client 20.104.96.117:62946] ModSecurity: Access denied with code 409 (phase 1). RBL lookup of 117.96.104.20.vulnscan.websitewelcome.com succeeded at REMOTE_ADDR. [file "/opt/mod_security/hg_rules.conf"] [line "1566"] [id "900933"] [msg "Vulnerability Scan RBL: vulnscan.websitewelcome.com"] [hostname "cpcontacts.cmpartners.com.br"] [uri "/abcd.php"] [unique_id "al9Idk0Dwhk5-Z44XrpF6wAAAs0"]
[Tue Jul 21 07:22:47.018906 2026] [security2:error] [pid 229246:tid 229413] [client 14.139.42.196:7606] ModSecurity: Access denied with code 409 (phase 1). RBL lookup of 196.42.139.14.testwprbl.websitewelcome.com succeeded at REMOTE_ADDR. [file "/opt/mod_security/hg_rules.conf"] [line "176"] [id "900407"] [msg "Wordpress and Joomla Brute RBL: testwprbl.websitewelcome.com"] [hostname "potencialilimitado.com.br"] [uri "/xmlrpc.php"] [unique_id "al9IdyBMYeh5YLVG45xqBAAAAjk"]
[Tue Jul 21 07:22:47.019026 2026] [security2:error] [pid 229246:tid 229413] [client 14.139.42.196:7606] ModSecurity: Warning. Pattern match "POST" at REQUEST_METHOD. [file "/opt/mod_security/hg_rules.conf"] [line "151"] [id "900405"] [msg "xmlrpc POST logging"] [data "409"] [hostname "potencialilimitado.com.br"] [uri "/xmlrpc.php"] [unique_id "al9IdyBMYeh5YLVG45xqBAAAAjk"]
[Tue Jul 21 07:22:47.217069 2026] [security2:error] [pid 230252:tid 230455] [client 20.206.105.145:30686] ModSecurity: Access denied with code 409 (phase 1). RBL lookup of 145.105.206.20.vulnscan.websitewelcome.com succeeded at REMOTE_ADDR. [file "/opt/mod_security/hg_rules.conf"] [line "1566"] [id "900933"] [msg "Vulnerability Scan RBL: vulnscan.websitewelcome.com"] [hostname "webdisk.psicologafernandaguedes.com"] [uri "/ms.php"] [unique_id "al9Id00Dwhk5-Z44XrpF7AAAAuA"]
[Tue Jul 21 07:22:47.256113 2026] [security2:error] [pid 229246:tid 229419] [client 20.226.60.151:60245] ModSecurity: Access denied with code 409 (phase 1). RBL lookup of 151.60.226.20.vulnscan.websitewelcome.com succeeded at REMOTE_ADDR. [file "/opt/mod_security/hg_rules.conf"] [line "1566"] [id "900933"] [msg "Vulnerability Scan RBL: vulnscan.websitewelcome.com"] [hostname "cpcontacts.fernandohipolito.com.br"] [uri "/elbzl.php"] [unique_id "al9IdyBMYeh5YLVG45xqBgAAAj8"]
[Tue Jul 21 07:22:47.355801 2026] [security2:error] [pid 230252:tid 230458] [client 136.144.33.28:24257] ModSecurity: Access denied with code 409 (phase 1). RBL lookup of 28.33.144.136.vulnscan.websitewelcome.com succeeded at REMOTE_ADDR. [file "/opt/mod_security/hg_rules.conf"] [line "1566"] [id "900933"] [msg "Vulnerability Scan RBL: vulnscan.websitewelcome.com"] [hostname "moldurasbrilhante.com.br"] [uri "/wp-admin/index.php"] [unique_id "al9Id00Dwhk5-Z44XrpF7QAAAuM"], referer: https://moldurasbrilhante.com.br/wp-login.php
[Tue Jul 21 07:22:47.553333 2026] [security2:error] [pid 230252:tid 230499] [client 20.151.10.161:26427] ModSecurity: Access denied with code 409 (phase 1). RBL lookup of 161.10.151.20.vulnscan.websitewelcome.com succeeded at REMOTE_ADDR. [file "/opt/mod_security/hg_rules.conf"] [line "1566"] [id "900933"] [msg "Vulnerability Scan RBL: vulnscan.websitewelcome.com"] [hostname "mail.engeconconstrucoes.com.br"] [uri "/biufile.php"] [unique_id "al9Id00Dwhk5-Z44XrpF8AAAAww"]
[Tue Jul 21 07:22:47.649296 2026] [security2:error] [pid 230252:tid 230471] [client 20.104.96.117:5069] ModSecurity: Access denied with code 409 (phase 1). RBL lookup of 117.96.104.20.vulnscan.websitewelcome.com succeeded at REMOTE_ADDR. [file "/opt/mod_security/hg_rules.conf"] [line "1566"] [id "900933"] [msg "Vulnerability Scan RBL: vulnscan.websitewelcome.com"] [hostname "cpcontacts.cmpartners.com.br"] [uri "/file15.php"] [unique_id "al9Id00Dwhk5-Z44XrpF8gAAAvA"]
[Tue Jul 21 07:22:47.692340 2026] [security2:error] [pid 229246:tid 229499] [client 139.135.44.145:54843] ModSecurity: Access denied with code 409 (phase 1). RBL lookup of 145.44.135.139.testwprbl.websitewelcome.com succeeded at REMOTE_ADDR. [file "/opt/mod_security/hg_rules.conf"] [line "176"] [id "900407"] [msg "Wordpress and Joomla Brute RBL: testwprbl.websitewelcome.com"] [hostname "pexbrasil.com"] [uri "/xmlrpc.php"] [unique_id "al9IdyBMYeh5YLVG45xqCwAAAo8"]
[Tue Jul 21 07:22:47.692485 2026] [security2:error] [pid 229246:tid 229499] [client 139.135.44.145:54843] ModSecurity: Warning. Pattern match "POST" at REQUEST_METHOD. [file "/opt/mod_security/hg_rules.conf"] [line "151"] [id "900405"] [msg "xmlrpc POST logging"] [data "409"] [hostname "pexbrasil.com"] [uri "/xmlrpc.php"] [unique_id "al9IdyBMYeh5YLVG45xqCwAAAo8"]
[Tue Jul 21 07:22:47.774461 2026] [security2:error] [pid 230252:tid 230416] [client 20.206.105.145:30551] ModSecurity: Access denied with code 409 (phase 1). RBL lookup of 145.105.206.20.vulnscan.websitewelcome.com succeeded at REMOTE_ADDR. [file "/opt/mod_security/hg_rules.conf"] [line "1566"] [id "900933"] [msg "Vulnerability Scan RBL: vulnscan.websitewelcome.com"] [hostname "webdisk.psicologafernandaguedes.com"] [uri "/zz.php"] [unique_id "al9Id00Dwhk5-Z44XrpF9AAAArk"]
[Tue Jul 21 07:22:47.797154 2026] [security2:error] [pid 230252:tid 230440] [client 109.248.148.246:43020] ModSecurity: Access denied with code 409 (phase 1). RBL lookup of 246.148.248.109.testwprbl.websitewelcome.com succeeded at REMOTE_ADDR. [file "/opt/mod_security/hg_rules.conf"] [line "176"] [id "900407"] [msg "Wordpress and Joomla Brute RBL: testwprbl.websitewelcome.com"] [hostname "topudi.online"] [uri "/xmlrpc.php"] [unique_id "al9Id00Dwhk5-Z44XrpF9QAAAtE"]
[Tue Jul 21 07:22:47.797248 2026] [security2:error] [pid 230252:tid 230440] [client 109.248.148.246:43020] ModSecurity: Warning. Pattern match "POST" at REQUEST_METHOD. [file "/opt/mod_security/hg_rules.conf"] [line "151"] [id "900405"] [msg "xmlrpc POST logging"] [data "409"] [hostname "topudi.online"] [uri "/xmlrpc.php"] [unique_id "al9Id00Dwhk5-Z44XrpF9QAAAtE"]
[Tue Jul 21 07:22:47.824887 2026] [security2:error] [pid 230252:tid 230478] [client 20.226.60.151:60238] ModSecurity: Access denied with code 409 (phase 1). RBL lookup of 151.60.226.20.vulnscan.websitewelcome.com succeeded at REMOTE_ADDR. [file "/opt/mod_security/hg_rules.conf"] [line "1566"] [id "900933"] [msg "Vulnerability Scan RBL: vulnscan.websitewelcome.com"] [hostname "cpcontacts.fernandohipolito.com.br"] [uri "/adjig.php"] [unique_id "al9Id00Dwhk5-Z44XrpF9gAAAvc"]
[Tue Jul 21 07:22:47.838561 2026] [security2:error] [pid 230252:tid 230427] [client 20.104.96.117:61166] ModSecurity: Access denied with code 409 (phase 1). RBL lookup of 117.96.104.20.vulnscan.websitewelcome.com succeeded at REMOTE_ADDR. [file "/opt/mod_security/hg_rules.conf"] [line "1566"] [id "900933"] [msg "Vulnerability Scan RBL: vulnscan.websitewelcome.com"] [hostname "leoamaraldev.com.br"] [uri "/777.php"] [unique_id "al9Id00Dwhk5-Z44XrpF9wAAAsQ"]
[Tue Jul 21 07:22:48.206870 2026] [security2:error] [pid 229246:tid 229437] [client 20.206.105.145:30570] ModSecurity: Access denied with code 409 (phase 1). RBL lookup of 145.105.206.20.vulnscan.websitewelcome.com succeeded at REMOTE_ADDR. [file "/opt/mod_security/hg_rules.conf"] [line "1566"] [id "900933"] [msg "Vulnerability Scan RBL: vulnscan.websitewelcome.com"] [hostname "webdisk.psicologafernandaguedes.com"] [uri "/for.php"] [unique_id "al9IeCBMYeh5YLVG45xqEQAAAlE"]
[Tue Jul 21 07:22:48.274420 2026] [security2:error] [pid 229246:tid 229502] [client 20.197.192.193:53128] ModSecurity: Access denied with code 409 (phase 1). RBL lookup of 193.192.197.20.vulnscan.websitewelcome.com succeeded at REMOTE_ADDR. [file "/opt/mod_security/hg_rules.conf"] [line "1566"] [id "900933"] [msg "Vulnerability Scan RBL: vulnscan.websitewelcome.com"] [hostname "162.241.63.69"] [uri "/min.php"] [unique_id "al9IeCBMYeh5YLVG45xqEgAAApI"]
[Tue Jul 21 07:22:48.432926 2026] [access_compat:error] [pid 229246:tid 229500] [client 162.241.63.68:31320] AH01797: client denied by server configuration: /home2/osval053/public_html/wp-cron.php
[Tue Jul 21 07:22:48.499184 2026] [security2:error] [pid 230252:tid 230476] [client 20.206.105.145:30531] ModSecurity: Access denied with code 409 (phase 1). RBL lookup of 145.105.206.20.vulnscan.websitewelcome.com succeeded at REMOTE_ADDR. [file "/opt/mod_security/hg_rules.conf"] [line "1566"] [id "900933"] [msg "Vulnerability Scan RBL: vulnscan.websitewelcome.com"] [hostname "webdisk.psicologafernandaguedes.com"] [uri "/yup.php"] [unique_id "al9IeE0Dwhk5-Z44XrpF_wAAAvU"]
[Tue Jul 21 07:22:48.570217 2026] [security2:error] [pid 230252:tid 230436] [client 20.226.60.151:60279] ModSecurity: Access denied with code 409 (phase 1). RBL lookup of 151.60.226.20.vulnscan.websitewelcome.com succeeded at REMOTE_ADDR. [file "/opt/mod_security/hg_rules.conf"] [line "1566"] [id "900933"] [msg "Vulnerability Scan RBL: vulnscan.websitewelcome.com"] [hostname "cpcontacts.fernandohipolito.com.br"] [uri "/byp.php"] [unique_id "al9IeE0Dwhk5-Z44XrpGAgAAAs0"]
[Tue Jul 21 07:22:48.640218 2026] [security2:error] [pid 230252:tid 230430] [client 20.104.96.117:62955] ModSecurity: Access denied with code 409 (phase 1). RBL lookup of 117.96.104.20.vulnscan.websitewelcome.com succeeded at REMOTE_ADDR. [file "/opt/mod_security/hg_rules.conf"] [line "1566"] [id "900933"] [msg "Vulnerability Scan RBL: vulnscan.websitewelcome.com"] [hostname "cpcontacts.cmpartners.com.br"] [uri "/jp.php"] [unique_id "al9IeE0Dwhk5-Z44XrpGBQAAAsc"]
[Tue Jul 21 07:22:48.659052 2026] [security2:error] [pid 230252:tid 230432] [client 20.151.10.161:26531] ModSecurity: Access denied with code 409 (phase 1). RBL lookup of 161.10.151.20.vulnscan.websitewelcome.com succeeded at REMOTE_ADDR. [file "/opt/mod_security/hg_rules.conf"] [line "1566"] [id "900933"] [msg "Vulnerability Scan RBL: vulnscan.websitewelcome.com"] [hostname "mail.engeconconstrucoes.com.br"] [uri "/wpconf.php"] [unique_id "al9IeE0Dwhk5-Z44XrpGBwAAAsk"]
[Tue Jul 21 07:22:48.707769 2026] [http2:warn] [pid 230252:tid 230425] [client 57.141.18.90:23544] h2_stream(230252-391-1,CLEANUP): started=1, scheduled=1, ready=0, out_buffer=0
[Tue Jul 21 07:22:48.777407 2026] [security2:error] [pid 230252:tid 230465] [client 194.147.58.101:39978] ModSecurity: Access denied with code 406 (phase 1). Pattern match "^POST$" at REQUEST_METHOD. [file "/opt/mod_security/hg_rules.conf"] [line "187"] [id "900401"] [msg "PHP Spam Botnet"] [hostname "ns1102.hostgator.com.br"] [uri "/core/ajax/user.ajax.php"] [unique_id "al9IeE0Dwhk5-Z44XrpGCwAAAuo"]
[Tue Jul 21 07:22:48.857394 2026] [security2:error] [pid 229246:tid 229412] [client 20.226.60.151:60215] ModSecurity: Access denied with code 409 (phase 1). RBL lookup of 151.60.226.20.vulnscan.websitewelcome.com succeeded at REMOTE_ADDR. [file "/opt/mod_security/hg_rules.conf"] [line "1566"] [id "900933"] [msg "Vulnerability Scan RBL: vulnscan.websitewelcome.com"] [hostname "cpcontacts.fernandohipolito.com.br"] [uri "/ortasekerli1.php"] [unique_id "al9IeCBMYeh5YLVG45xqGgAAAjg"]
[Tue Jul 21 07:22:48.859026 2026] [security2:error] [pid 230252:tid 230412] [client 20.206.105.145:30598] ModSecurity: Access denied with code 409 (phase 1). RBL lookup of 145.105.206.20.vulnscan.websitewelcome.com succeeded at REMOTE_ADDR. [file "/opt/mod_security/hg_rules.conf"] [line "1566"] [id "900933"] [msg "Vulnerability Scan RBL: vulnscan.websitewelcome.com"] [hostname "webdisk.psicologafernandaguedes.com"] [uri "/wpxml.php"] [unique_id "al9IeE0Dwhk5-Z44XrpGDQAAArU"]
[Tue Jul 21 07:22:48.979186 2026] [security2:error] [pid 230252:tid 230442] [client 20.226.60.151:60273] ModSecurity: Access denied with code 409 (phase 1). RBL lookup of 151.60.226.20.vulnscan.websitewelcome.com succeeded at REMOTE_ADDR. [file "/opt/mod_security/hg_rules.conf"] [line "1566"] [id "900933"] [msg "Vulnerability Scan RBL: vulnscan.websitewelcome.com"] [hostname "cpcontacts.fernandohipolito.com.br"] [uri "/classwithtostring.php"] [unique_id "al9IeE0Dwhk5-Z44XrpGDwAAAtM"]
[Tue Jul 21 07:22:49.039235 2026] [security2:error] [pid 229246:tid 229431] [client 20.104.96.117:61136] ModSecurity: Access denied with code 409 (phase 1). RBL lookup of 117.96.104.20.vulnscan.websitewelcome.com succeeded at REMOTE_ADDR. [file "/opt/mod_security/hg_rules.conf"] [line "1566"] [id "900933"] [msg "Vulnerability Scan RBL: vulnscan.websitewelcome.com"] [hostname "leoamaraldev.com.br"] [uri "/for.php"] [unique_id "al9IeSBMYeh5YLVG45xqIQAAAks"]
[Tue Jul 21 07:22:49.048141 2026] [security2:error] [pid 230252:tid 230483] [client 20.220.225.223:46003] ModSecurity: Access denied with code 409 (phase 1). RBL lookup of 223.225.220.20.vulnscan.websitewelcome.com succeeded at REMOTE_ADDR. [file "/opt/mod_security/hg_rules.conf"] [line "1566"] [id "900933"] [msg "Vulnerability Scan RBL: vulnscan.websitewelcome.com"] [hostname "marketing.androapkmod.com"] [uri "/ms-new.php"] [unique_id "al9IeU0Dwhk5-Z44XrpGEAAAAvw"]
[Tue Jul 21 07:22:49.097289 2026] [security2:error] [pid 229246:tid 229387] [client 20.206.105.145:30571] ModSecurity: Access denied with code 409 (phase 1). RBL lookup of 145.105.206.20.vulnscan.websitewelcome.com succeeded at REMOTE_ADDR. [file "/opt/mod_security/hg_rules.conf"] [line "1566"] [id "900933"] [msg "Vulnerability Scan RBL: vulnscan.websitewelcome.com"] [hostname "webdisk.psicologafernandaguedes.com"] [uri "/fffm.php"] [unique_id "al9IeSBMYeh5YLVG45xqJQAAAh8"]
[Tue Jul 21 07:22:49.172037 2026] [security2:error] [pid 229246:tid 229441] [client 20.206.105.145:30649] ModSecurity: Access denied with code 409 (phase 1). RBL lookup of 145.105.206.20.vulnscan.websitewelcome.com succeeded at REMOTE_ADDR. [file "/opt/mod_security/hg_rules.conf"] [line "1566"] [id "900933"] [msg "Vulnerability Scan RBL: vulnscan.websitewelcome.com"] [hostname "webdisk.psicologafernandaguedes.com"] [uri "/gecko.php"] [unique_id "al9IeSBMYeh5YLVG45xqJwAAAlU"]
[Tue Jul 21 07:22:49.273293 2026] [security2:error] [pid 230252:tid 230455] [client 103.121.156.110:49458] ModSecurity: Access denied with code 409 (phase 1). RBL lookup of 110.156.121.103.testwprbl.websitewelcome.com succeeded at REMOTE_ADDR. [file "/opt/mod_security/hg_rules.conf"] [line "176"] [id "900407"] [msg "Wordpress and Joomla Brute RBL: testwprbl.websitewelcome.com"] [hostname "littlefreedom.com.au"] [uri "/xmlrpc.php"] [unique_id "al9IeU0Dwhk5-Z44XrpGEgAAAuA"]
[Tue Jul 21 07:22:49.273430 2026] [security2:error] [pid 230252:tid 230455] [client 103.121.156.110:49458] ModSecurity: Warning. Pattern match "POST" at REQUEST_METHOD. [file "/opt/mod_security/hg_rules.conf"] [line "151"] [id "900405"] [msg "xmlrpc POST logging"] [data "409"] [hostname "littlefreedom.com.au"] [uri "/xmlrpc.php"] [unique_id "al9IeU0Dwhk5-Z44XrpGEgAAAuA"]
[Tue Jul 21 07:22:49.433294 2026] [security2:error] [pid 230252:tid 230497] [client 20.206.105.145:30642] ModSecurity: Access denied with code 409 (phase 1). RBL lookup of 145.105.206.20.vulnscan.websitewelcome.com succeeded at REMOTE_ADDR. [file "/opt/mod_security/hg_rules.conf"] [line "1566"] [id "900933"] [msg "Vulnerability Scan RBL: vulnscan.websitewelcome.com"] [hostname "webdisk.psicologafernandaguedes.com"] [uri "/a1.php"] [unique_id "al9IeU0Dwhk5-Z44XrpGFgAAAwo"]
[Tue Jul 21 07:22:49.585040 2026] [security2:error] [pid 229246:tid 229463] [client 20.206.105.145:30544] ModSecurity: Access denied with code 409 (phase 1). RBL lookup of 145.105.206.20.vulnscan.websitewelcome.com succeeded at REMOTE_ADDR. [file "/opt/mod_security/hg_rules.conf"] [line "1566"] [id "900933"] [msg "Vulnerability Scan RBL: vulnscan.websitewelcome.com"] [hostname "webdisk.psicologafernandaguedes.com"] [uri "/k2.php"] [unique_id "al9IeSBMYeh5YLVG45xqLQAAAms"]
[Tue Jul 21 07:22:49.586472 2026] [security2:error] [pid 230252:tid 230385] [client 20.226.60.151:60194] ModSecurity: Access denied with code 409 (phase 1). RBL lookup of 151.60.226.20.vulnscan.websitewelcome.com succeeded at REMOTE_ADDR. [file "/opt/mod_security/hg_rules.conf"] [line "1566"] [id "900933"] [msg "Vulnerability Scan RBL: vulnscan.websitewelcome.com"] [hostname "cpcontacts.fernandohipolito.com.br"] [uri "/root.php"] [unique_id "al9IeU0Dwhk5-Z44XrpGGQAAApo"]
[Tue Jul 21 07:22:49.644023 2026] [security2:error] [pid 230252:tid 230468] [client 20.104.96.117:64059] ModSecurity: Access denied with code 409 (phase 1). RBL lookup of 117.96.104.20.vulnscan.websitewelcome.com succeeded at REMOTE_ADDR. [file "/opt/mod_security/hg_rules.conf"] [line "1566"] [id "900933"] [msg "Vulnerability Scan RBL: vulnscan.websitewelcome.com"] [hostname "cpcontacts.cmpartners.com.br"] [uri "/f35.php"] [unique_id "al9IeU0Dwhk5-Z44XrpGGgAAAu0"]
[Tue Jul 21 07:22:49.774480 2026] [security2:error] [pid 230252:tid 230477] [client 20.206.105.145:30576] ModSecurity: Access denied with code 409 (phase 1). RBL lookup of 145.105.206.20.vulnscan.websitewelcome.com succeeded at REMOTE_ADDR. [file "/opt/mod_security/hg_rules.conf"] [line "1566"] [id "900933"] [msg "Vulnerability Scan RBL: vulnscan.websitewelcome.com"] [hostname "webdisk.psicologafernandaguedes.com"] [uri "/82.php"] [unique_id "al9IeU0Dwhk5-Z44XrpGGwAAAvY"]
[Tue Jul 21 07:22:49.802310 2026] [security2:error] [pid 230252:tid 230420] [client 45.251.232.145:53077] ModSecurity: Access denied with code 409 (phase 1). RBL lookup of 145.232.251.45.testwprbl.websitewelcome.com succeeded at REMOTE_ADDR. [file "/opt/mod_security/hg_rules.conf"] [line "176"] [id "900407"] [msg "Wordpress and Joomla Brute RBL: testwprbl.websitewelcome.com"] [hostname "havoy.com.br"] [uri "/xmlrpc.php"] [unique_id "al9IeU0Dwhk5-Z44XrpGHAAAAr0"]
[Tue Jul 21 07:22:49.802428 2026] [security2:error] [pid 230252:tid 230420] [client 45.251.232.145:53077] ModSecurity: Warning. Pattern match "POST" at REQUEST_METHOD. [file "/opt/mod_security/hg_rules.conf"] [line "151"] [id "900405"] [msg "xmlrpc POST logging"] [data "409"] [hostname "havoy.com.br"] [uri "/xmlrpc.php"] [unique_id "al9IeU0Dwhk5-Z44XrpGHAAAAr0"]
[Tue Jul 21 07:22:49.807764 2026] [security2:error] [pid 229246:tid 229401] [client 20.104.96.117:59168] ModSecurity: Access denied with code 409 (phase 1). RBL lookup of 117.96.104.20.vulnscan.websitewelcome.com succeeded at REMOTE_ADDR. [file "/opt/mod_security/hg_rules.conf"] [line "1566"] [id "900933"] [msg "Vulnerability Scan RBL: vulnscan.websitewelcome.com"] [hostname "leoamaraldev.com.br"] [uri "/ssla.php"] [unique_id "al9IeSBMYeh5YLVG45xqMAAAAi0"]
[Tue Jul 21 07:22:50.009530 2026] [security2:error] [pid 230252:tid 230503] [client 109.248.148.246:46824] ModSecurity: Access denied with code 409 (phase 1). RBL lookup of 246.148.248.109.testwprbl.websitewelcome.com succeeded at REMOTE_ADDR. [file "/opt/mod_security/hg_rules.conf"] [line "176"] [id "900407"] [msg "Wordpress and Joomla Brute RBL: testwprbl.websitewelcome.com"] [hostname "lifezen.online"] [uri "/xmlrpc.php"] [unique_id "al9Iek0Dwhk5-Z44XrpGHQAAAxA"]
[Tue Jul 21 07:22:50.009625 2026] [security2:error] [pid 230252:tid 230503] [client 109.248.148.246:46824] ModSecurity: Warning. Pattern match "POST" at REQUEST_METHOD. [file "/opt/mod_security/hg_rules.conf"] [line "151"] [id "900405"] [msg "xmlrpc POST logging"] [data "409"] [hostname "lifezen.online"] [uri "/xmlrpc.php"] [unique_id "al9Iek0Dwhk5-Z44XrpGHQAAAxA"]
[Tue Jul 21 07:22:50.011217 2026] [security2:error] [pid 230252:tid 230476] [client 20.206.105.145:30702] ModSecurity: Access denied with code 409 (phase 1). RBL lookup of 145.105.206.20.vulnscan.websitewelcome.com succeeded at REMOTE_ADDR. [file "/opt/mod_security/hg_rules.conf"] [line "1566"] [id "900933"] [msg "Vulnerability Scan RBL: vulnscan.websitewelcome.com"] [hostname "webdisk.psicologafernandaguedes.com"] [uri "/config.json.php"] [unique_id "al9Iek0Dwhk5-Z44XrpGHgAAAvU"]
[Tue Jul 21 07:22:50.182145 2026] [security2:error] [pid 230252:tid 230436] [client 62.102.148.164:54212] ModSecurity: Access denied with code 409 (phase 1). RBL lookup of 164.148.102.62.testwprbl.websitewelcome.com succeeded at REMOTE_ADDR. [file "/opt/mod_security/hg_rules.conf"] [line "176"] [id "900407"] [msg "Wordpress and Joomla Brute RBL: testwprbl.websitewelcome.com"] [hostname "medicaldigest.online"] [uri "/xmlrpc.php"] [unique_id "al9Iek0Dwhk5-Z44XrpGHwAAAs0"]
[Tue Jul 21 07:22:50.182253 2026] [security2:error] [pid 230252:tid 230436] [client 62.102.148.164:54212] ModSecurity: Warning. Pattern match "POST" at REQUEST_METHOD. [file "/opt/mod_security/hg_rules.conf"] [line "151"] [id "900405"] [msg "xmlrpc POST logging"] [data "409"] [hostname "medicaldigest.online"] [uri "/xmlrpc.php"] [unique_id "al9Iek0Dwhk5-Z44XrpGHwAAAs0"]
[Tue Jul 21 07:22:50.367455 2026] [security2:error] [pid 229246:tid 229485] [client 20.104.96.117:64051] ModSecurity: Access denied with code 409 (phase 1). RBL lookup of 117.96.104.20.vulnscan.websitewelcome.com succeeded at REMOTE_ADDR. [file "/opt/mod_security/hg_rules.conf"] [line "1566"] [id "900933"] [msg "Vulnerability Scan RBL: vulnscan.websitewelcome.com"] [hostname "cpcontacts.cmpartners.com.br"] [uri "/wp-load.php"] [unique_id "al9IeiBMYeh5YLVG45xqSwAAAoE"]
[Tue Jul 21 07:22:50.371872 2026] [security2:error] [pid 229246:tid 229458] [client 20.226.60.151:60232] ModSecurity: Access denied with code 409 (phase 1). RBL lookup of 151.60.226.20.vulnscan.websitewelcome.com succeeded at REMOTE_ADDR. [file "/opt/mod_security/hg_rules.conf"] [line "1566"] [id "900933"] [msg "Vulnerability Scan RBL: vulnscan.websitewelcome.com"] [hostname "cpcontacts.fernandohipolito.com.br"] [uri "/sym403.php"] [unique_id "al9IeiBMYeh5YLVG45xqTAAAAmY"]
[Tue Jul 21 07:22:50.377150 2026] [http2:warn] [pid 229246:tid 229386] [client 57.141.18.81:30240] h2_stream(229246-507-1,CLEANUP): started=1, scheduled=1, ready=0, out_buffer=0
[Tue Jul 21 07:22:50.412303 2026] [security2:error] [pid 230252:tid 230506] [client 20.206.105.145:30568] ModSecurity: Access denied with code 409 (phase 1). RBL lookup of 145.105.206.20.vulnscan.websitewelcome.com succeeded at REMOTE_ADDR. [file "/opt/mod_security/hg_rules.conf"] [line "1566"] [id "900933"] [msg "Vulnerability Scan RBL: vulnscan.websitewelcome.com"] [hostname "webdisk.psicologafernandaguedes.com"] [uri "/fpwch.php"] [unique_id "al9Iek0Dwhk5-Z44XrpGJQAAAxM"]
[Tue Jul 21 07:22:50.691246 2026] [security2:error] [pid 230252:tid 230416] [client 20.226.60.151:60193] ModSecurity: Access denied with code 409 (phase 1). RBL lookup of 151.60.226.20.vulnscan.websitewelcome.com succeeded at REMOTE_ADDR. [file "/opt/mod_security/hg_rules.conf"] [line "1566"] [id "900933"] [msg "Vulnerability Scan RBL: vulnscan.websitewelcome.com"] [hostname "cpcontacts.fernandohipolito.com.br"] [uri "/v543.php"] [unique_id "al9Iek0Dwhk5-Z44XrpGKAAAArk"]
[Tue Jul 21 07:22:50.726782 2026] [security2:error] [pid 229246:tid 229495] [client 20.104.96.117:59196] ModSecurity: Access denied with code 409 (phase 1). RBL lookup of 117.96.104.20.vulnscan.websitewelcome.com succeeded at REMOTE_ADDR. [file "/opt/mod_security/hg_rules.conf"] [line "1566"] [id "900933"] [msg "Vulnerability Scan RBL: vulnscan.websitewelcome.com"] [hostname "leoamaraldev.com.br"] [uri "/zc-131.php"] [unique_id "al9IeiBMYeh5YLVG45xqUgAAAos"]
[Tue Jul 21 07:22:50.824321 2026] [security2:error] [pid 229246:tid 229350] [remote 182.77.62.24:35252] ModSecurity: Access denied with code 409 (phase 1). RBL lookup of 24.62.77.182.testwprbl.websitewelcome.com succeeded at REMOTE_ADDR. [file "/opt/mod_security/hg_rules.conf"] [line "176"] [id "900407"] [msg "Wordpress and Joomla Brute RBL: testwprbl.websitewelcome.com"] [hostname "lojadedoces.com"] [uri "/wp-login.php"] [unique_id "al9IeiBMYeh5YLVG45xqXwACK2c"]
[Tue Jul 21 07:22:51.135791 2026] [security2:error] [pid 230252:tid 230473] [client 20.151.10.161:26437] ModSecurity: Access denied with code 409 (phase 1). RBL lookup of 161.10.151.20.vulnscan.websitewelcome.com succeeded at REMOTE_ADDR. [file "/opt/mod_security/hg_rules.conf"] [line "1566"] [id "900933"] [msg "Vulnerability Scan RBL: vulnscan.websitewelcome.com"] [hostname "mail.engeconconstrucoes.com.br"] [uri "/mosty.php"] [unique_id "al9Ie00Dwhk5-Z44XrpGKgAAAvI"]
[Tue Jul 21 07:22:51.227985 2026] [security2:error] [pid 229246:tid 229483] [client 20.226.60.151:50764] ModSecurity: Access denied with code 409 (phase 1). RBL lookup of 151.60.226.20.vulnscan.websitewelcome.com succeeded at REMOTE_ADDR. [file "/opt/mod_security/hg_rules.conf"] [line "1566"] [id "900933"] [msg "Vulnerability Scan RBL: vulnscan.websitewelcome.com"] [hostname "cpcontacts.fernandohipolito.com.br"] [uri "/sixxis.php"] [unique_id "al9IeyBMYeh5YLVG45xqaQAAAn8"]
[Tue Jul 21 07:22:51.278152 2026] [security2:error] [pid 230252:tid 230511] [client 20.197.192.193:52244] ModSecurity: Access denied with code 409 (phase 1). RBL lookup of 193.192.197.20.vulnscan.websitewelcome.com succeeded at REMOTE_ADDR. [file "/opt/mod_security/hg_rules.conf"] [line "1566"] [id "900933"] [msg "Vulnerability Scan RBL: vulnscan.websitewelcome.com"] [hostname "162.241.63.69"] [uri "/echkm.php"] [unique_id "al9Ie00Dwhk5-Z44XrpGMQAAAxg"]
[Tue Jul 21 07:22:51.622406 2026] [http2:warn] [pid 230252:tid 230413] [client 57.141.18.113:24270] h2_stream(230252-395-1,CLEANUP): started=1, scheduled=1, ready=0, out_buffer=0
[Tue Jul 21 07:22:51.625526 2026] [security2:error] [pid 229246:tid 229304] [remote 150.95.80.135:51516] ModSecurity: Access denied with code 409 (phase 1). RBL lookup of 135.80.95.150.testwprbl.websitewelcome.com succeeded at REMOTE_ADDR. [file "/opt/mod_security/hg_rules.conf"] [line "176"] [id "900407"] [msg "Wordpress and Joomla Brute RBL: testwprbl.websitewelcome.com"] [hostname "health-24.shop"] [uri "/wp-login.php"] [unique_id "al9IeyBMYeh5YLVG45xqcAACTTk"]
[Tue Jul 21 07:22:51.677193 2026] [security2:error] [pid 230252:tid 230497] [client 103.162.129.114:50284] ModSecurity: Access denied with code 409 (phase 1). RBL lookup of 114.129.162.103.testwprbl.websitewelcome.com succeeded at REMOTE_ADDR. [file "/opt/mod_security/hg_rules.conf"] [line "176"] [id "900407"] [msg "Wordpress and Joomla Brute RBL: testwprbl.websitewelcome.com"] [hostname "wilkermoronicriminalista.com"] [uri "/xmlrpc.php"] [unique_id "al9Ie00Dwhk5-Z44XrpGOAAAAwo"]
[Tue Jul 21 07:22:51.677311 2026] [security2:error] [pid 230252:tid 230497] [client 103.162.129.114:50284] ModSecurity: Warning. Pattern match "POST" at REQUEST_METHOD. [file "/opt/mod_security/hg_rules.conf"] [line "151"] [id "900405"] [msg "xmlrpc POST logging"] [data "409"] [hostname "wilkermoronicriminalista.com"] [uri "/xmlrpc.php"] [unique_id "al9Ie00Dwhk5-Z44XrpGOAAAAwo"]
[Tue Jul 21 07:22:51.960806 2026] [security2:error] [pid 229246:tid 229486] [client 20.104.96.117:64012] ModSecurity: Access denied with code 409 (phase 1). RBL lookup of 117.96.104.20.vulnscan.websitewelcome.com succeeded at REMOTE_ADDR. [file "/opt/mod_security/hg_rules.conf"] [line "1566"] [id "900933"] [msg "Vulnerability Scan RBL: vulnscan.websitewelcome.com"] [hostname "cpcontacts.cmpartners.com.br"] [uri "/xyn.php"] [unique_id "al9IeyBMYeh5YLVG45xqdwAAAoI"]
[Tue Jul 21 07:22:52.107208 2026] [security2:error] [pid 229246:tid 229466] [client 14.139.42.196:4393] ModSecurity: Access denied with code 409 (phase 1). RBL lookup of 196.42.139.14.testwprbl.websitewelcome.com succeeded at REMOTE_ADDR. [file "/opt/mod_security/hg_rules.conf"] [line "176"] [id "900407"] [msg "Wordpress and Joomla Brute RBL: testwprbl.websitewelcome.com"] [hostname "potencialilimitado.com.br"] [uri "/xmlrpc.php"] [unique_id "al9IfCBMYeh5YLVG45xqegAAAm4"]
[Tue Jul 21 07:22:52.107314 2026] [security2:error] [pid 229246:tid 229466] [client 14.139.42.196:4393] ModSecurity: Warning. Pattern match "POST" at REQUEST_METHOD. [file "/opt/mod_security/hg_rules.conf"] [line "151"] [id "900405"] [msg "xmlrpc POST logging"] [data "409"] [hostname "potencialilimitado.com.br"] [uri "/xmlrpc.php"] [unique_id "al9IfCBMYeh5YLVG45xqegAAAm4"]
[Tue Jul 21 07:22:52.235449 2026] [security2:error] [pid 230252:tid 230503] [client 117.251.86.144:38726] ModSecurity: Access denied with code 409 (phase 1). RBL lookup of 144.86.251.117.testwprbl.websitewelcome.com succeeded at REMOTE_ADDR. [file "/opt/mod_security/hg_rules.conf"] [line "176"] [id "900407"] [msg "Wordpress and Joomla Brute RBL: testwprbl.websitewelcome.com"] [hostname "eclipsesofts.com"] [uri "/xmlrpc.php"] [unique_id "al9IfE0Dwhk5-Z44XrpGPAAAAxA"]
[Tue Jul 21 07:22:52.235584 2026] [security2:error] [pid 230252:tid 230503] [client 117.251.86.144:38726] ModSecurity: Warning. Pattern match "POST" at REQUEST_METHOD. [file "/opt/mod_security/hg_rules.conf"] [line "151"] [id "900405"] [msg "xmlrpc POST logging"] [data "409"] [hostname "eclipsesofts.com"] [uri "/xmlrpc.php"] [unique_id "al9IfE0Dwhk5-Z44XrpGPAAAAxA"]
[Tue Jul 21 07:22:52.510260 2026] [security2:error] [pid 230252:tid 230433] [client 136.144.33.104:26843] ModSecurity: Access denied with code 409 (phase 1). RBL lookup of 104.33.144.136.vulnscan.websitewelcome.com succeeded at REMOTE_ADDR. [file "/opt/mod_security/hg_rules.conf"] [line "1566"] [id "900933"] [msg "Vulnerability Scan RBL: vulnscan.websitewelcome.com"] [hostname "moldurasbrilhante.com.br"] [uri "/wp-login.php"] [unique_id "al9IfE0Dwhk5-Z44XrpGPQAAAso"], referer: https://moldurasbrilhante.com.br/wp-login.php
[Tue Jul 21 07:22:52.606365 2026] [security2:error] [pid 230252:tid 230440] [client 20.226.60.151:60223] ModSecurity: Access denied with code 409 (phase 1). RBL lookup of 151.60.226.20.vulnscan.websitewelcome.com succeeded at REMOTE_ADDR. [file "/opt/mod_security/hg_rules.conf"] [line "1566"] [id "900933"] [msg "Vulnerability Scan RBL: vulnscan.websitewelcome.com"] [hostname "cpcontacts.fernandohipolito.com.br"] [uri "/ip.php"] [unique_id "al9IfE0Dwhk5-Z44XrpGPwAAAtE"]
[Tue Jul 21 07:22:52.865178 2026] [http2:warn] [pid 229246:tid 229410] [client 57.141.18.16:35932] h2_stream(229246-513-1,CLEANUP): started=1, scheduled=1, ready=0, out_buffer=0
[Tue Jul 21 07:22:53.179438 2026] [security2:error] [pid 230252:tid 230458] [client 20.226.60.151:54471] ModSecurity: Access denied with code 409 (phase 1). RBL lookup of 151.60.226.20.vulnscan.websitewelcome.com succeeded at REMOTE_ADDR. [file "/opt/mod_security/hg_rules.conf"] [line "1566"] [id "900933"] [msg "Vulnerability Scan RBL: vulnscan.websitewelcome.com"] [hostname "cpanel.acupunturaebemestar.com.br"] [uri "/xpwer1.php"] [unique_id "al9IfU0Dwhk5-Z44XrpGRAAAAuM"]
[Tue Jul 21 07:22:53.280915 2026] [security2:error] [pid 229246:tid 229357] [remote 2401:4900:88d1:e59:19d5:3e3b:eedf:b645:0] ModSecurity: Access denied with code 406 (phase 2). Operator GT matched 0 at USER:bf_block. [file "/opt/mod_security/hg_rules.conf"] [line "1482"] [id "909121"] [msg "IP address blocked, too many xmlrpc.php failures"] [hostname "aud-7.com"] [uri "/xmlrpc.php"] [unique_id "al9IfSBMYeh5YLVG45xqmQACMm4"]
[Tue Jul 21 07:22:53.281073 2026] [security2:error] [pid 229246:tid 229406] [client 2401:4900:88d1:e59:19d5:3e3b:eedf:b645:0] ModSecurity: Warning. Pattern match "POST" at REQUEST_METHOD. [file "/opt/mod_security/hg_rules.conf"] [line "151"] [id "900405"] [msg "xmlrpc POST logging"] [data "406"] [hostname "aud-7.com"] [uri "/xmlrpc.php"] [unique_id "al9IfSBMYeh5YLVG45xqmQACMm4"]
[Tue Jul 21 07:22:53.387847 2026] [http2:warn] [pid 230252:tid 230435] [client 57.141.18.98:20822] h2_stream(230252-401-1,CLEANUP): started=1, scheduled=1, ready=0, out_buffer=0
[Tue Jul 21 07:22:53.845919 2026] [security2:error] [pid 230252:tid 230385] [client 20.226.60.151:60171] ModSecurity: Access denied with code 409 (phase 1). RBL lookup of 151.60.226.20.vulnscan.websitewelcome.com succeeded at REMOTE_ADDR. [file "/opt/mod_security/hg_rules.conf"] [line "1566"] [id "900933"] [msg "Vulnerability Scan RBL: vulnscan.websitewelcome.com"] [hostname "cpcontacts.fernandohipolito.com.br"] [uri "/kq1.php"] [unique_id "al9IfU0Dwhk5-Z44XrpGTgAAApo"]
[Tue Jul 21 07:22:53.863665 2026] [security2:error] [pid 229246:tid 229374] [remote 103.190.239.132:0] ModSecurity: Access denied with code 409 (phase 1). RBL lookup of 132.239.190.103.testwprbl.websitewelcome.com succeeded at REMOTE_ADDR. [file "/opt/mod_security/hg_rules.conf"] [line "176"] [id "900407"] [msg "Wordpress and Joomla Brute RBL: testwprbl.websitewelcome.com"] [hostname "vidrosprovetro.com.br"] [uri "/xmlrpc.php"] [unique_id "al9IfSBMYeh5YLVG45xqoAACjn8"]
[Tue Jul 21 07:22:53.863808 2026] [security2:error] [pid 229246:tid 229498] [client 103.190.239.132:0] ModSecurity: Warning. Pattern match "POST" at REQUEST_METHOD. [file "/opt/mod_security/hg_rules.conf"] [line "151"] [id "900405"] [msg "xmlrpc POST logging"] [data "409"] [hostname "vidrosprovetro.com.br"] [uri "/xmlrpc.php"] [unique_id "al9IfSBMYeh5YLVG45xqoAACjn8"]
[Tue Jul 21 07:22:54.198284 2026] [security2:error] [pid 229246:tid 229501] [client 20.151.10.161:26383] ModSecurity: Access denied with code 409 (phase 1). RBL lookup of 161.10.151.20.vulnscan.websitewelcome.com succeeded at REMOTE_ADDR. [file "/opt/mod_security/hg_rules.conf"] [line "1566"] [id "900933"] [msg "Vulnerability Scan RBL: vulnscan.websitewelcome.com"] [hostname "mail.engeconconstrucoes.com.br"] [uri "/dejavu.php"] [unique_id "al9IfiBMYeh5YLVG45xqowAAApE"]
