[Tue Jul 21 07:20:51.791228 2026] [security2:error] [pid 229246:tid 229453] [client 20.151.10.161:53595] ModSecurity: Access denied with code 409 (phase 1). RBL lookup of 161.10.151.20.vulnscan.websitewelcome.com succeeded at REMOTE_ADDR. [file "/opt/mod_security/hg_rules.conf"] [line "1566"] [id "900933"] [msg "Vulnerability Scan RBL: vulnscan.websitewelcome.com"] [hostname "webdisk.jandel.com.br"] [uri "/aa2.php"] [unique_id "al9IAyBMYeh5YLVG45xhxwAAAmE"]
[Tue Jul 21 07:20:51.828903 2026] [http2:warn] [pid 230252:tid 230420] [client 57.141.18.80:23700] h2_stream(230252-25-1,CLEANUP): started=1, scheduled=1, ready=0, out_buffer=0
[Tue Jul 21 07:20:51.875191 2026] [security2:error] [pid 229246:tid 229450] [client 20.220.225.223:47869] ModSecurity: Access denied with code 409 (phase 1). RBL lookup of 223.225.220.20.vulnscan.websitewelcome.com succeeded at REMOTE_ADDR. [file "/opt/mod_security/hg_rules.conf"] [line "1566"] [id "900933"] [msg "Vulnerability Scan RBL: vulnscan.websitewelcome.com"] [hostname "teste.inonebrasil.com.br"] [uri "/wp-Blogs.php"] [unique_id "al9IAyBMYeh5YLVG45xhyAAAAl4"]
[Tue Jul 21 07:20:51.959670 2026] [security2:error] [pid 230252:tid 230485] [client 20.104.96.117:59164] ModSecurity: Access denied with code 409 (phase 1). RBL lookup of 117.96.104.20.vulnscan.websitewelcome.com succeeded at REMOTE_ADDR. [file "/opt/mod_security/hg_rules.conf"] [line "1566"] [id "900933"] [msg "Vulnerability Scan RBL: vulnscan.websitewelcome.com"] [hostname "leoamaraldev.com.br"] [uri "/black.php"] [unique_id "al9IA00Dwhk5-Z44Xro8bQAAAv4"]
[Tue Jul 21 07:20:51.994632 2026] [security2:error] [pid 230252:tid 230501] [client 114.119.136.64:49323] ModSecurity: Access denied with code 406 (phase 1). Pattern match "ZoominfoBot|NetcraftSurveyAgent|MJ12bot|(?i:BUbiNG)|D(?i:otbot)| oBot/|MegaIndex\\\\.ru|Barkrowler|Spbot|DomainCrawler|Seznam|CCBot|SiteExplorer|OpenLinkProfiler|Sogou web spider|360Spider|Semrush|Panscient|crawler\\\\.feedback([+]\\\\S+)?@gmail\\\\.com|MauiBo ..." at REQUEST_HEADERS:User-Agent. [file "/opt/mod_security/hg_rules.conf"] [line "585"] [id "999812"] [msg "Problematic Crawler"] [hostname "www.vivaconcierge.com.br"] [uri "/wp-content/uploads/2018/09/04-23-142-1170x738.jpg"] [unique_id "al9IA00Dwhk5-Z44Xro8bwAAAw4"], referer: https://www.vivaconcierge.com.br/wp-content/uploads/2018/09/04-23-142-1170x738.jpg
[Tue Jul 21 07:20:52.002404 2026] [security2:error] [pid 230252:tid 230473] [client 20.151.10.161:45897] ModSecurity: Access denied with code 409 (phase 1). RBL lookup of 161.10.151.20.vulnscan.websitewelcome.com succeeded at REMOTE_ADDR. [file "/opt/mod_security/hg_rules.conf"] [line "1566"] [id "900933"] [msg "Vulnerability Scan RBL: vulnscan.websitewelcome.com"] [hostname "prospecta.agendaclique.com.br"] [uri "/chosen.php"] [unique_id "al9IBE0Dwhk5-Z44Xro8cAAAAvI"]
[Tue Jul 21 07:20:52.027065 2026] [security2:error] [pid 230252:tid 230465] [client 134.19.179.187:53484] ModSecurity: Access denied with code 409 (phase 1). RBL lookup of 187.179.19.134.testwprbl.websitewelcome.com succeeded at REMOTE_ADDR. [file "/opt/mod_security/hg_rules.conf"] [line "176"] [id "900407"] [msg "Wordpress and Joomla Brute RBL: testwprbl.websitewelcome.com"] [hostname "topudi.online"] [uri "/xmlrpc.php"] [unique_id "al9IBE0Dwhk5-Z44Xro8cQAAAuo"]
[Tue Jul 21 07:20:52.027191 2026] [security2:error] [pid 230252:tid 230465] [client 134.19.179.187:53484] ModSecurity: Warning. Pattern match "POST" at REQUEST_METHOD. [file "/opt/mod_security/hg_rules.conf"] [line "151"] [id "900405"] [msg "xmlrpc POST logging"] [data "409"] [hostname "topudi.online"] [uri "/xmlrpc.php"] [unique_id "al9IBE0Dwhk5-Z44Xro8cQAAAuo"]
[Tue Jul 21 07:20:52.143536 2026] [security2:error] [pid 229246:tid 229439] [client 136.144.33.104:49553] ModSecurity: Access denied with code 409 (phase 1). RBL lookup of 104.33.144.136.vulnscan.websitewelcome.com succeeded at REMOTE_ADDR. [file "/opt/mod_security/hg_rules.conf"] [line "1566"] [id "900933"] [msg "Vulnerability Scan RBL: vulnscan.websitewelcome.com"] [hostname "moldurasbrilhante.com.br"] [uri "/wp-admin/index.php"] [unique_id "al9IBCBMYeh5YLVG45xhygAAAlM"], referer: https://moldurasbrilhante.com.br/wp-login.php
[Tue Jul 21 07:20:52.199059 2026] [security2:error] [pid 229246:tid 229449] [client 105.96.79.38:60876] ModSecurity: Access denied with code 409 (phase 1). RBL lookup of 38.79.96.105.testwprbl.websitewelcome.com succeeded at REMOTE_ADDR. [file "/opt/mod_security/hg_rules.conf"] [line "176"] [id "900407"] [msg "Wordpress and Joomla Brute RBL: testwprbl.websitewelcome.com"] [hostname "giovanaviana.online"] [uri "/xmlrpc.php"] [unique_id "al9IAyBMYeh5YLVG45xhuAAAAl0"]
[Tue Jul 21 07:20:52.199275 2026] [security2:error] [pid 229246:tid 229449] [client 105.96.79.38:60876] ModSecurity: Warning. Pattern match "POST" at REQUEST_METHOD. [file "/opt/mod_security/hg_rules.conf"] [line "151"] [id "900405"] [msg "xmlrpc POST logging"] [data "409"] [hostname "giovanaviana.online"] [uri "/xmlrpc.php"] [unique_id "al9IAyBMYeh5YLVG45xhuAAAAl0"]
[Tue Jul 21 07:20:52.297977 2026] [security2:error] [pid 230252:tid 230428] [client 20.151.10.161:12068] ModSecurity: Access denied with code 409 (phase 1). RBL lookup of 161.10.151.20.vulnscan.websitewelcome.com succeeded at REMOTE_ADDR. [file "/opt/mod_security/hg_rules.conf"] [line "1566"] [id "900933"] [msg "Vulnerability Scan RBL: vulnscan.websitewelcome.com"] [hostname "webdisk.jandel.com.br"] [uri "/ccou.php"] [unique_id "al9IBE0Dwhk5-Z44Xro8dAAAAsU"]
[Tue Jul 21 07:20:52.307913 2026] [http2:warn] [pid 230252:tid 230431] [client 57.141.18.49:20468] h2_stream(230252-26-1,CLEANUP): started=1, scheduled=1, ready=0, out_buffer=0
[Tue Jul 21 07:20:52.342515 2026] [security2:error] [pid 230252:tid 230412] [client 74.249.245.134:49971] ModSecurity: Access denied with code 409 (phase 1). RBL lookup of 134.245.249.74.vulnscan.websitewelcome.com succeeded at REMOTE_ADDR. [file "/opt/mod_security/hg_rules.conf"] [line "1566"] [id "900933"] [msg "Vulnerability Scan RBL: vulnscan.websitewelcome.com"] [hostname "drjoaoguedes.com"] [uri "/404.php"] [unique_id "al9IBE0Dwhk5-Z44Xro8dQAAArU"]
[Tue Jul 21 07:20:52.564648 2026] [security2:error] [pid 230252:tid 230378] [remote 136.232.157.230:0] ModSecurity: Access denied with code 409 (phase 1). RBL lookup of 230.157.232.136.testwprbl.websitewelcome.com succeeded at REMOTE_ADDR. [file "/opt/mod_security/hg_rules.conf"] [line "176"] [id "900407"] [msg "Wordpress and Joomla Brute RBL: testwprbl.websitewelcome.com"] [hostname "compranawebprodutos.com"] [uri "/xmlrpc.php"] [unique_id "al9IBE0Dwhk5-Z44Xro8dgAC0Hs"]
[Tue Jul 21 07:20:52.564843 2026] [security2:error] [pid 230252:tid 230439] [client 136.232.157.230:0] ModSecurity: Warning. Pattern match "POST" at REQUEST_METHOD. [file "/opt/mod_security/hg_rules.conf"] [line "151"] [id "900405"] [msg "xmlrpc POST logging"] [data "409"] [hostname "compranawebprodutos.com"] [uri "/xmlrpc.php"] [unique_id "al9IBE0Dwhk5-Z44Xro8dgAC0Hs"]
[Tue Jul 21 07:20:52.683742 2026] [security2:error] [pid 229246:tid 229466] [client 20.151.10.161:45982] ModSecurity: Access denied with code 409 (phase 1). RBL lookup of 161.10.151.20.vulnscan.websitewelcome.com succeeded at REMOTE_ADDR. [file "/opt/mod_security/hg_rules.conf"] [line "1566"] [id "900933"] [msg "Vulnerability Scan RBL: vulnscan.websitewelcome.com"] [hostname "prospecta.agendaclique.com.br"] [uri "/als.php"] [unique_id "al9IBCBMYeh5YLVG45xh0QAAAm4"]
[Tue Jul 21 07:20:52.897292 2026] [http2:warn] [pid 230252:tid 230441] [client 57.141.18.14:55194] h2_stream(230252-27-1,CLEANUP): started=1, scheduled=1, ready=0, out_buffer=0
[Tue Jul 21 07:20:52.929669 2026] [security2:error] [pid 229246:tid 229436] [client 20.104.96.117:59651] ModSecurity: Access denied with code 409 (phase 1). RBL lookup of 117.96.104.20.vulnscan.websitewelcome.com succeeded at REMOTE_ADDR. [file "/opt/mod_security/hg_rules.conf"] [line "1566"] [id "900933"] [msg "Vulnerability Scan RBL: vulnscan.websitewelcome.com"] [hostname "leoamaraldev.com.br"] [uri "/zlece.php"] [unique_id "al9IBCBMYeh5YLVG45xh1QAAAlA"]
[Tue Jul 21 07:20:52.977061 2026] [security2:error] [pid 230252:tid 230486] [client 68.235.38.2:35918] ModSecurity: Access denied with code 409 (phase 1). RBL lookup of 2.38.235.68.testwprbl.websitewelcome.com succeeded at REMOTE_ADDR. [file "/opt/mod_security/hg_rules.conf"] [line "176"] [id "900407"] [msg "Wordpress and Joomla Brute RBL: testwprbl.websitewelcome.com"] [hostname "treeoflifehealth.online"] [uri "/xmlrpc.php"] [unique_id "al9IBE0Dwhk5-Z44Xro8eAAAAv8"]
[Tue Jul 21 07:20:52.977177 2026] [security2:error] [pid 230252:tid 230486] [client 68.235.38.2:35918] ModSecurity: Warning. Pattern match "POST" at REQUEST_METHOD. [file "/opt/mod_security/hg_rules.conf"] [line "151"] [id "900405"] [msg "xmlrpc POST logging"] [data "409"] [hostname "treeoflifehealth.online"] [uri "/xmlrpc.php"] [unique_id "al9IBE0Dwhk5-Z44Xro8eAAAAv8"]
[Tue Jul 21 07:20:52.996997 2026] [security2:error] [pid 230252:tid 230458] [client 4.204.201.85:17911] ModSecurity: Access denied with code 409 (phase 1). RBL lookup of 85.201.204.4.vulnscan.websitewelcome.com succeeded at REMOTE_ADDR. [file "/opt/mod_security/hg_rules.conf"] [line "1566"] [id "900933"] [msg "Vulnerability Scan RBL: vulnscan.websitewelcome.com"] [hostname "beezar.com.br"] [uri "/test2.php"] [unique_id "al9IBE0Dwhk5-Z44Xro8eQAAAuM"]
[Tue Jul 21 07:20:53.099423 2026] [security2:error] [pid 230252:tid 230342] [remote 151.255.40.189:0] ModSecurity: Access denied with code 409 (phase 1). RBL lookup of 189.40.255.151.testwprbl.websitewelcome.com succeeded at REMOTE_ADDR. [file "/opt/mod_security/hg_rules.conf"] [line "176"] [id "900407"] [msg "Wordpress and Joomla Brute RBL: testwprbl.websitewelcome.com"] [hostname "drasumaiajacob.com"] [uri "/xmlrpc.php"] [unique_id "al9IBU0Dwhk5-Z44Xro8ewAC9Vc"]
[Tue Jul 21 07:20:53.099620 2026] [security2:error] [pid 230252:tid 230476] [client 151.255.40.189:0] ModSecurity: Warning. Pattern match "POST" at REQUEST_METHOD. [file "/opt/mod_security/hg_rules.conf"] [line "151"] [id "900405"] [msg "xmlrpc POST logging"] [data "409"] [hostname "drasumaiajacob.com"] [uri "/xmlrpc.php"] [unique_id "al9IBU0Dwhk5-Z44Xro8ewAC9Vc"]
[Tue Jul 21 07:20:53.103667 2026] [security2:error] [pid 230252:tid 230426] [client 114.119.137.28:35199] ModSecurity: Access denied with code 406 (phase 1). Pattern match "ZoominfoBot|NetcraftSurveyAgent|MJ12bot|(?i:BUbiNG)|D(?i:otbot)| oBot/|MegaIndex\\\\.ru|Barkrowler|Spbot|DomainCrawler|Seznam|CCBot|SiteExplorer|OpenLinkProfiler|Sogou web spider|360Spider|Semrush|Panscient|crawler\\\\.feedback([+]\\\\S+)?@gmail\\\\.com|MauiBo ..." at REQUEST_HEADERS:User-Agent. [file "/opt/mod_security/hg_rules.conf"] [line "585"] [id "999812"] [msg "Problematic Crawler"] [hostname "jandel.com.br"] [uri "/ldwy6t6/waterford-crystal-made-in-germany"] [unique_id "al9IBU0Dwhk5-Z44Xro8fAAAAsM"], referer: https://jandel.com.br/ldwy6t6/waterford-crystal-made-in-germany
[Tue Jul 21 07:20:53.231927 2026] [core:alert] [pid 229246:tid 229381] [client 57.141.18.25:0] /home1/hostag18/fs3manutencao.com/.htaccess: </IfModule> without matching <IfModule> section
[Tue Jul 21 07:20:53.514029 2026] [http2:warn] [pid 230252:tid 230488] [client 57.141.18.55:53226] h2_stream(230252-30-1,CLEANUP): started=1, scheduled=1, ready=0, out_buffer=0
[Tue Jul 21 07:20:53.531236 2026] [security2:error] [pid 229246:tid 229503] [client 20.151.10.161:45984] ModSecurity: Access denied with code 409 (phase 1). RBL lookup of 161.10.151.20.vulnscan.websitewelcome.com succeeded at REMOTE_ADDR. [file "/opt/mod_security/hg_rules.conf"] [line "1566"] [id "900933"] [msg "Vulnerability Scan RBL: vulnscan.websitewelcome.com"] [hostname "prospecta.agendaclique.com.br"] [uri "/pol.php"] [unique_id "al9IBSBMYeh5YLVG45xh3gAAApM"]
[Tue Jul 21 07:20:53.753235 2026] [security2:error] [pid 229246:tid 229495] [client 14.139.42.196:13493] ModSecurity: Access denied with code 409 (phase 1). RBL lookup of 196.42.139.14.testwprbl.websitewelcome.com succeeded at REMOTE_ADDR. [file "/opt/mod_security/hg_rules.conf"] [line "176"] [id "900407"] [msg "Wordpress and Joomla Brute RBL: testwprbl.websitewelcome.com"] [hostname "potencialilimitado.com.br"] [uri "/xmlrpc.php"] [unique_id "al9IBSBMYeh5YLVG45xh4gAAAos"]
[Tue Jul 21 07:20:53.753393 2026] [security2:error] [pid 229246:tid 229495] [client 14.139.42.196:13493] ModSecurity: Warning. Pattern match "POST" at REQUEST_METHOD. [file "/opt/mod_security/hg_rules.conf"] [line "151"] [id "900405"] [msg "xmlrpc POST logging"] [data "409"] [hostname "potencialilimitado.com.br"] [uri "/xmlrpc.php"] [unique_id "al9IBSBMYeh5YLVG45xh4gAAAos"]
[Tue Jul 21 07:20:54.016238 2026] [security2:error] [pid 229246:tid 229387] [client 20.220.225.223:43041] ModSecurity: Access denied with code 409 (phase 1). RBL lookup of 223.225.220.20.vulnscan.websitewelcome.com succeeded at REMOTE_ADDR. [file "/opt/mod_security/hg_rules.conf"] [line "1566"] [id "900933"] [msg "Vulnerability Scan RBL: vulnscan.websitewelcome.com"] [hostname "teste.inonebrasil.com.br"] [uri "/wp-css.php"] [unique_id "al9IBiBMYeh5YLVG45xh5gAAAh8"]
[Tue Jul 21 07:20:54.144828 2026] [security2:error] [pid 229246:tid 229348] [remote 152.53.111.131:0] ModSecurity: Access denied with code 409 (phase 1). RBL lookup of 131.111.53.152.testwprbl.websitewelcome.com succeeded at REMOTE_ADDR. [file "/opt/mod_security/hg_rules.conf"] [line "176"] [id "900407"] [msg "Wordpress and Joomla Brute RBL: testwprbl.websitewelcome.com"] [hostname "vidrosprovetro.com.br"] [uri "/wp-login.php"] [unique_id "al9IBiBMYeh5YLVG45xh5wACWGU"]
[Tue Jul 21 07:20:54.199890 2026] [security2:error] [pid 230252:tid 230465] [client 20.151.10.161:45968] ModSecurity: Access denied with code 409 (phase 1). RBL lookup of 161.10.151.20.vulnscan.websitewelcome.com succeeded at REMOTE_ADDR. [file "/opt/mod_security/hg_rules.conf"] [line "1566"] [id "900933"] [msg "Vulnerability Scan RBL: vulnscan.websitewelcome.com"] [hostname "prospecta.agendaclique.com.br"] [uri "/file5.php"] [unique_id "al9IBk0Dwhk5-Z44Xro8igAAAuo"]
[Tue Jul 21 07:20:54.253008 2026] [security2:error] [pid 230252:tid 230511] [client 20.104.96.117:59650] ModSecurity: Access denied with code 409 (phase 1). RBL lookup of 117.96.104.20.vulnscan.websitewelcome.com succeeded at REMOTE_ADDR. [file "/opt/mod_security/hg_rules.conf"] [line "1566"] [id "900933"] [msg "Vulnerability Scan RBL: vulnscan.websitewelcome.com"] [hostname "leoamaraldev.com.br"] [uri "/vssrs.php"] [unique_id "al9IBk0Dwhk5-Z44Xro8iwAAAxg"]
[Tue Jul 21 07:20:54.348992 2026] [security2:error] [pid 229246:tid 229403] [client 4.204.201.85:44009] ModSecurity: Access denied with code 409 (phase 1). RBL lookup of 85.201.204.4.vulnscan.websitewelcome.com succeeded at REMOTE_ADDR. [file "/opt/mod_security/hg_rules.conf"] [line "1566"] [id "900933"] [msg "Vulnerability Scan RBL: vulnscan.websitewelcome.com"] [hostname "beezar.com.br"] [uri "/buy.php"] [unique_id "al9IBiBMYeh5YLVG45xh7QAAAi8"]
[Tue Jul 21 07:20:54.455577 2026] [security2:error] [pid 230252:tid 230430] [client 20.151.10.161:53621] ModSecurity: Access denied with code 409 (phase 1). RBL lookup of 161.10.151.20.vulnscan.websitewelcome.com succeeded at REMOTE_ADDR. [file "/opt/mod_security/hg_rules.conf"] [line "1566"] [id "900933"] [msg "Vulnerability Scan RBL: vulnscan.websitewelcome.com"] [hostname "webdisk.jandel.com.br"] [uri "/dr.php"] [unique_id "al9IBk0Dwhk5-Z44Xro8jQAAAsc"]
[Tue Jul 21 07:20:54.496577 2026] [security2:error] [pid 230252:tid 230501] [client 45.251.232.145:63733] ModSecurity: Access denied with code 409 (phase 1). RBL lookup of 145.232.251.45.testwprbl.websitewelcome.com succeeded at REMOTE_ADDR. [file "/opt/mod_security/hg_rules.conf"] [line "176"] [id "900407"] [msg "Wordpress and Joomla Brute RBL: testwprbl.websitewelcome.com"] [hostname "havoy.com.br"] [uri "/xmlrpc.php"] [unique_id "al9IBk0Dwhk5-Z44Xro8kAAAAw4"]
[Tue Jul 21 07:20:54.496719 2026] [security2:error] [pid 230252:tid 230501] [client 45.251.232.145:63733] ModSecurity: Warning. Pattern match "POST" at REQUEST_METHOD. [file "/opt/mod_security/hg_rules.conf"] [line "151"] [id "900405"] [msg "xmlrpc POST logging"] [data "409"] [hostname "havoy.com.br"] [uri "/xmlrpc.php"] [unique_id "al9IBk0Dwhk5-Z44Xro8kAAAAw4"]
[Tue Jul 21 07:20:54.634881 2026] [security2:error] [pid 230252:tid 230496] [client 20.151.10.161:45891] ModSecurity: Access denied with code 409 (phase 1). RBL lookup of 161.10.151.20.vulnscan.websitewelcome.com succeeded at REMOTE_ADDR. [file "/opt/mod_security/hg_rules.conf"] [line "1566"] [id "900933"] [msg "Vulnerability Scan RBL: vulnscan.websitewelcome.com"] [hostname "prospecta.agendaclique.com.br"] [uri "/4PJcpMFsD8B.php"] [unique_id "al9IBk0Dwhk5-Z44Xro8kQAAAwk"]
[Tue Jul 21 07:20:54.881271 2026] [http2:warn] [pid 230252:tid 230398] [client 57.141.18.44:24762] h2_stream(230252-32-1,CLEANUP): started=1, scheduled=1, ready=0, out_buffer=0
[Tue Jul 21 07:20:54.882162 2026] [security2:error] [pid 230252:tid 230489] [client 20.220.225.223:34207] ModSecurity: Access denied with code 409 (phase 1). RBL lookup of 223.225.220.20.vulnscan.websitewelcome.com succeeded at REMOTE_ADDR. [file "/opt/mod_security/hg_rules.conf"] [line "1566"] [id "900933"] [msg "Vulnerability Scan RBL: vulnscan.websitewelcome.com"] [hostname "quattrotech.com.br"] [uri "/2352356666.php"] [unique_id "al9IBk0Dwhk5-Z44Xro8kgAAAwI"]
[Tue Jul 21 07:20:54.979631 2026] [security2:error] [pid 229246:tid 229391] [client 92.119.178.3:44374] ModSecurity: Access denied with code 409 (phase 1). RBL lookup of 3.178.119.92.testwprbl.websitewelcome.com succeeded at REMOTE_ADDR. [file "/opt/mod_security/hg_rules.conf"] [line "176"] [id "900407"] [msg "Wordpress and Joomla Brute RBL: testwprbl.websitewelcome.com"] [hostname "lifezen.online"] [uri "/xmlrpc.php"] [unique_id "al9IBiBMYeh5YLVG45xh9gAAAiM"]
[Tue Jul 21 07:20:54.979745 2026] [security2:error] [pid 229246:tid 229391] [client 92.119.178.3:44374] ModSecurity: Warning. Pattern match "POST" at REQUEST_METHOD. [file "/opt/mod_security/hg_rules.conf"] [line "151"] [id "900405"] [msg "xmlrpc POST logging"] [data "409"] [hostname "lifezen.online"] [uri "/xmlrpc.php"] [unique_id "al9IBiBMYeh5YLVG45xh9gAAAiM"]
[Tue Jul 21 07:20:55.012914 2026] [security2:error] [pid 230252:tid 230353] [remote 2401:4900:88d1:e59:19d5:3e3b:eedf:b645:0] ModSecurity: Access denied with code 406 (phase 2). Operator GT matched 0 at USER:bf_block. [file "/opt/mod_security/hg_rules.conf"] [line "1482"] [id "909121"] [msg "IP address blocked, too many xmlrpc.php failures"] [hostname "aud-7.com"] [uri "/xmlrpc.php"] [unique_id "al9IB00Dwhk5-Z44Xro8kwAC0GI"]
[Tue Jul 21 07:20:55.013100 2026] [security2:error] [pid 230252:tid 230439] [client 2401:4900:88d1:e59:19d5:3e3b:eedf:b645:0] ModSecurity: Warning. Pattern match "POST" at REQUEST_METHOD. [file "/opt/mod_security/hg_rules.conf"] [line "151"] [id "900405"] [msg "xmlrpc POST logging"] [data "406"] [hostname "aud-7.com"] [uri "/xmlrpc.php"] [unique_id "al9IB00Dwhk5-Z44Xro8kwAC0GI"]
[Tue Jul 21 07:20:55.032737 2026] [security2:error] [pid 230252:tid 230486] [client 4.204.201.85:17823] ModSecurity: Access denied with code 409 (phase 1). RBL lookup of 85.201.204.4.vulnscan.websitewelcome.com succeeded at REMOTE_ADDR. [file "/opt/mod_security/hg_rules.conf"] [line "1566"] [id "900933"] [msg "Vulnerability Scan RBL: vulnscan.websitewelcome.com"] [hostname "beezar.com.br"] [uri "/ssend.php"] [unique_id "al9IB00Dwhk5-Z44Xro8lAAAAv8"]
[Tue Jul 21 07:20:55.148307 2026] [security2:error] [pid 230252:tid 230426] [client 20.151.10.161:46027] ModSecurity: Access denied with code 409 (phase 1). RBL lookup of 161.10.151.20.vulnscan.websitewelcome.com succeeded at REMOTE_ADDR. [file "/opt/mod_security/hg_rules.conf"] [line "1566"] [id "900933"] [msg "Vulnerability Scan RBL: vulnscan.websitewelcome.com"] [hostname "prospecta.agendaclique.com.br"] [uri "/file.php"] [unique_id "al9IB00Dwhk5-Z44Xro8lgAAAsM"]
[Tue Jul 21 07:20:55.275151 2026] [http2:warn] [pid 229246:tid 229488] [client 57.141.18.102:37838] h2_stream(229246-260-1,CLEANUP): started=1, scheduled=1, ready=0, out_buffer=0
[Tue Jul 21 07:20:55.304582 2026] [security2:error] [pid 229246:tid 229497] [client 20.220.225.223:43050] ModSecurity: Access denied with code 409 (phase 1). RBL lookup of 223.225.220.20.vulnscan.websitewelcome.com succeeded at REMOTE_ADDR. [file "/opt/mod_security/hg_rules.conf"] [line "1566"] [id "900933"] [msg "Vulnerability Scan RBL: vulnscan.websitewelcome.com"] [hostname "teste.inonebrasil.com.br"] [uri "/wp-explorer.php"] [unique_id "al9IByBMYeh5YLVG45xh-wAAAo0"]
[Tue Jul 21 07:20:55.514188 2026] [security2:error] [pid 230252:tid 230424] [client 20.151.10.161:45976] ModSecurity: Access denied with code 409 (phase 1). RBL lookup of 161.10.151.20.vulnscan.websitewelcome.com succeeded at REMOTE_ADDR. [file "/opt/mod_security/hg_rules.conf"] [line "1566"] [id "900933"] [msg "Vulnerability Scan RBL: vulnscan.websitewelcome.com"] [hostname "prospecta.agendaclique.com.br"] [uri "/cfile.php"] [unique_id "al9IB00Dwhk5-Z44Xro8nwAAAsE"]
[Tue Jul 21 07:20:55.661870 2026] [security2:error] [pid 230252:tid 230464] [client 4.204.201.85:17812] ModSecurity: Access denied with code 409 (phase 1). RBL lookup of 85.201.204.4.vulnscan.websitewelcome.com succeeded at REMOTE_ADDR. [file "/opt/mod_security/hg_rules.conf"] [line "1566"] [id "900933"] [msg "Vulnerability Scan RBL: vulnscan.websitewelcome.com"] [hostname "beezar.com.br"] [uri "/item.php"] [unique_id "al9IB00Dwhk5-Z44Xro8oAAAAuk"]
[Tue Jul 21 07:20:55.808419 2026] [security2:error] [pid 229246:tid 229392] [client 20.104.96.117:59158] ModSecurity: Access denied with code 409 (phase 1). RBL lookup of 117.96.104.20.vulnscan.websitewelcome.com succeeded at REMOTE_ADDR. [file "/opt/mod_security/hg_rules.conf"] [line "1566"] [id "900933"] [msg "Vulnerability Scan RBL: vulnscan.websitewelcome.com"] [hostname "leoamaraldev.com.br"] [uri "/wicked.php"] [unique_id "al9IByBMYeh5YLVG45xiBQAAAiQ"]
[Tue Jul 21 07:20:55.830331 2026] [security2:error] [pid 229246:tid 229484] [client 34.86.210.0:52702] ModSecurity: Access denied with code 409 (phase 1). RBL lookup of 0.210.86.34.testwprbl.websitewelcome.com succeeded at REMOTE_ADDR. [file "/opt/mod_security/hg_rules.conf"] [line "176"] [id "900407"] [msg "Wordpress and Joomla Brute RBL: testwprbl.websitewelcome.com"] [hostname "unigein.com.br"] [uri "/xmlrpc.php"] [unique_id "al9IByBMYeh5YLVG45xiBgAAAoA"]
[Tue Jul 21 07:20:55.830419 2026] [security2:error] [pid 229246:tid 229484] [client 34.86.210.0:52702] ModSecurity: Warning. Pattern match "POST" at REQUEST_METHOD. [file "/opt/mod_security/hg_rules.conf"] [line "151"] [id "900405"] [msg "xmlrpc POST logging"] [data "409"] [hostname "unigein.com.br"] [uri "/xmlrpc.php"] [unique_id "al9IByBMYeh5YLVG45xiBgAAAoA"]
[Tue Jul 21 07:20:55.874960 2026] [security2:error] [pid 230252:tid 230440] [client 20.151.10.161:46079] ModSecurity: Access denied with code 409 (phase 1). RBL lookup of 161.10.151.20.vulnscan.websitewelcome.com succeeded at REMOTE_ADDR. [file "/opt/mod_security/hg_rules.conf"] [line "1566"] [id "900933"] [msg "Vulnerability Scan RBL: vulnscan.websitewelcome.com"] [hostname "prospecta.agendaclique.com.br"] [uri "/class-wp.php"] [unique_id "al9IB00Dwhk5-Z44Xro8ogAAAtE"]
[Tue Jul 21 07:20:55.938464 2026] [security2:error] [pid 230252:tid 230430] [client 20.206.105.145:30669] ModSecurity: Access denied with code 409 (phase 1). RBL lookup of 145.105.206.20.vulnscan.websitewelcome.com succeeded at REMOTE_ADDR. [file "/opt/mod_security/hg_rules.conf"] [line "1566"] [id "900933"] [msg "Vulnerability Scan RBL: vulnscan.websitewelcome.com"] [hostname "webdisk.psicologafernandaguedes.com"] [uri "/wp-content/plugins/hellopress/wp_filemanager.php"] [unique_id "al9IB00Dwhk5-Z44Xro8owAAAsc"]
[Tue Jul 21 07:20:55.975869 2026] [security2:error] [pid 230252:tid 230428] [client 74.7.230.29:0] ModSecurity: Warning. Matched phrase "oBot" at REQUEST_HEADERS:user-agent. [file "/opt/mod_security/hg_rules.conf"] [line "168"] [id "350001"] [msg "BAD BOT - Detected LOGGING"] [data "401"] [hostname "webdisk.agrocibus.com"] [uri "/___proxy_subdomain_webdisk/robots.txt"] [unique_id "al9IB00Dwhk5-Z44Xro8pAAAAsU"]
[Tue Jul 21 07:20:56.093279 2026] [security2:error] [pid 229246:tid 229335] [remote 178.18.124.148:36070] ModSecurity: Access denied with code 409 (phase 1). RBL lookup of 148.124.18.178.testwprbl.websitewelcome.com succeeded at REMOTE_ADDR. [file "/opt/mod_security/hg_rules.conf"] [line "176"] [id "900407"] [msg "Wordpress and Joomla Brute RBL: testwprbl.websitewelcome.com"] [hostname "tecnoturbo.com.br"] [uri "/wp-login.php"] [unique_id "al9ICCBMYeh5YLVG45xiDQACkVg"]
[Tue Jul 21 07:20:56.292451 2026] [security2:error] [pid 230252:tid 230496] [client 20.151.10.161:45890] ModSecurity: Access denied with code 409 (phase 1). RBL lookup of 161.10.151.20.vulnscan.websitewelcome.com succeeded at REMOTE_ADDR. [file "/opt/mod_security/hg_rules.conf"] [line "1566"] [id "900933"] [msg "Vulnerability Scan RBL: vulnscan.websitewelcome.com"] [hostname "prospecta.agendaclique.com.br"] [uri "/admin.php"] [unique_id "al9ICE0Dwhk5-Z44Xro8pwAAAwk"]
[Tue Jul 21 07:20:56.372238 2026] [security2:error] [pid 230252:tid 230471] [client 4.204.201.85:17874] ModSecurity: Access denied with code 409 (phase 1). RBL lookup of 85.201.204.4.vulnscan.websitewelcome.com succeeded at REMOTE_ADDR. [file "/opt/mod_security/hg_rules.conf"] [line "1566"] [id "900933"] [msg "Vulnerability Scan RBL: vulnscan.websitewelcome.com"] [hostname "beezar.com.br"] [uri "/ss.php"] [unique_id "al9ICE0Dwhk5-Z44Xro8qAAAAvA"]
[Tue Jul 21 07:20:56.410397 2026] [security2:error] [pid 230252:tid 230410] [client 136.144.33.99:32859] ModSecurity: Access denied with code 409 (phase 1). RBL lookup of 99.33.144.136.vulnscan.websitewelcome.com succeeded at REMOTE_ADDR. [file "/opt/mod_security/hg_rules.conf"] [line "1566"] [id "900933"] [msg "Vulnerability Scan RBL: vulnscan.websitewelcome.com"] [hostname "moldurasbrilhante.com.br"] [uri "/wp-login.php"] [unique_id "al9ICE0Dwhk5-Z44Xro8pgAAArM"], referer: https://moldurasbrilhante.com.br/wp-login.php
[Tue Jul 21 07:20:56.418269 2026] [security2:error] [pid 230252:tid 230419] [client 20.151.10.161:55283] ModSecurity: Access denied with code 409 (phase 1). RBL lookup of 161.10.151.20.vulnscan.websitewelcome.com succeeded at REMOTE_ADDR. [file "/opt/mod_security/hg_rules.conf"] [line "1566"] [id "900933"] [msg "Vulnerability Scan RBL: vulnscan.websitewelcome.com"] [hostname "webdisk.jandel.com.br"] [uri "/xamp.php"] [unique_id "al9ICE0Dwhk5-Z44Xro8vgAAArw"]
[Tue Jul 21 07:20:56.749473 2026] [http2:warn] [pid 229246:tid 229451] [client 57.141.18.64:53814] h2_stream(229246-262-1,CLEANUP): started=1, scheduled=1, ready=0, out_buffer=0
[Tue Jul 21 07:20:56.876109 2026] [security2:error] [pid 230252:tid 230476] [client 114.119.158.18:56025] ModSecurity: Access denied with code 406 (phase 1). Pattern match "ZoominfoBot|NetcraftSurveyAgent|MJ12bot|(?i:BUbiNG)|D(?i:otbot)| oBot/|MegaIndex\\\\.ru|Barkrowler|Spbot|DomainCrawler|Seznam|CCBot|SiteExplorer|OpenLinkProfiler|Sogou web spider|360Spider|Semrush|Panscient|crawler\\\\.feedback([+]\\\\S+)?@gmail\\\\.com|MauiBo ..." at REQUEST_HEADERS:User-Agent. [file "/opt/mod_security/hg_rules.conf"] [line "585"] [id "999812"] [msg "Problematic Crawler"] [hostname "www.gradiente.com"] [uri "/site/produtos/view.asp"] [unique_id "al9ICE0Dwhk5-Z44Xro8wgAAAvU"], referer: https://www.bernabauer.com/gradiente-gf930/
[Tue Jul 21 07:20:57.020677 2026] [security2:error] [pid 230252:tid 230401] [client 20.151.10.161:45853] ModSecurity: Access denied with code 409 (phase 1). RBL lookup of 161.10.151.20.vulnscan.websitewelcome.com succeeded at REMOTE_ADDR. [file "/opt/mod_security/hg_rules.conf"] [line "1566"] [id "900933"] [msg "Vulnerability Scan RBL: vulnscan.websitewelcome.com"] [hostname "prospecta.agendaclique.com.br"] [uri "/aa2.php"] [unique_id "al9ICU0Dwhk5-Z44Xro8xgAAAqo"]
[Tue Jul 21 07:20:57.156097 2026] [security2:error] [pid 229246:tid 229404] [client 20.220.225.223:52793] ModSecurity: Access denied with code 409 (phase 1). RBL lookup of 223.225.220.20.vulnscan.websitewelcome.com succeeded at REMOTE_ADDR. [file "/opt/mod_security/hg_rules.conf"] [line "1566"] [id "900933"] [msg "Vulnerability Scan RBL: vulnscan.websitewelcome.com"] [hostname "irrigaplus.com.br"] [uri "/pn.php"] [unique_id "al9ICSBMYeh5YLVG45xiFwAAAjA"]
[Tue Jul 21 07:20:57.159017 2026] [security2:error] [pid 230252:tid 230510] [client 4.204.201.85:17913] ModSecurity: Access denied with code 409 (phase 1). RBL lookup of 85.201.204.4.vulnscan.websitewelcome.com succeeded at REMOTE_ADDR. [file "/opt/mod_security/hg_rules.conf"] [line "1566"] [id "900933"] [msg "Vulnerability Scan RBL: vulnscan.websitewelcome.com"] [hostname "beezar.com.br"] [uri "/hypo.php"] [unique_id "al9ICU0Dwhk5-Z44Xro8ygAAAxc"]
[Tue Jul 21 07:20:57.346493 2026] [http2:warn] [pid 230252:tid 230478] [client 57.141.18.97:23062] h2_stream(230252-40-1,CLEANUP): started=1, scheduled=1, ready=0, out_buffer=0
[Tue Jul 21 07:20:57.497596 2026] [security2:error] [pid 230252:tid 230424] [client 20.206.105.145:30661] ModSecurity: Access denied with code 409 (phase 1). RBL lookup of 145.105.206.20.vulnscan.websitewelcome.com succeeded at REMOTE_ADDR. [file "/opt/mod_security/hg_rules.conf"] [line "1566"] [id "900933"] [msg "Vulnerability Scan RBL: vulnscan.websitewelcome.com"] [hostname "webdisk.psicologafernandaguedes.com"] [uri "/this_is_a_new_hello_world.php"] [unique_id "al9ICU0Dwhk5-Z44Xro8zgAAAsE"]
[Tue Jul 21 07:20:57.703064 2026] [security2:error] [pid 230252:tid 230283] [remote 2001:4490:4ec1:ec62:f01d:f50d:c923:184c:0] ModSecurity: Access denied with code 406 (phase 2). Operator GT matched 0 at USER:bf_block. [file "/opt/mod_security/hg_rules.conf"] [line "1482"] [id "909121"] [msg "IP address blocked, too many xmlrpc.php failures"] [hostname "getveltrixhealth.com"] [uri "/xmlrpc.php"] [unique_id "al9ICU0Dwhk5-Z44Xro80gACrx0"]
[Tue Jul 21 07:20:57.703238 2026] [security2:error] [pid 230252:tid 230406] [client 2001:4490:4ec1:ec62:f01d:f50d:c923:184c:0] ModSecurity: Warning. Pattern match "POST" at REQUEST_METHOD. [file "/opt/mod_security/hg_rules.conf"] [line "151"] [id "900405"] [msg "xmlrpc POST logging"] [data "406"] [hostname "getveltrixhealth.com"] [uri "/xmlrpc.php"] [unique_id "al9ICU0Dwhk5-Z44Xro80gACrx0"]
[Tue Jul 21 07:20:57.768076 2026] [security2:error] [pid 230252:tid 230408] [client 20.220.225.223:59496] ModSecurity: Access denied with code 409 (phase 1). RBL lookup of 223.225.220.20.vulnscan.websitewelcome.com succeeded at REMOTE_ADDR. [file "/opt/mod_security/hg_rules.conf"] [line "1566"] [id "900933"] [msg "Vulnerability Scan RBL: vulnscan.websitewelcome.com"] [hostname "teste.inonebrasil.com.br"] [uri "/akismet.php"] [unique_id "al9ICU0Dwhk5-Z44Xro80wAAArE"]
[Tue Jul 21 07:20:57.962947 2026] [security2:error] [pid 230252:tid 230464] [client 20.104.96.117:59180] ModSecurity: Access denied with code 409 (phase 1). RBL lookup of 117.96.104.20.vulnscan.websitewelcome.com succeeded at REMOTE_ADDR. [file "/opt/mod_security/hg_rules.conf"] [line "1566"] [id "900933"] [msg "Vulnerability Scan RBL: vulnscan.websitewelcome.com"] [hostname "leoamaraldev.com.br"] [uri "/24.php"] [unique_id "al9ICU0Dwhk5-Z44Xro81AAAAuk"]
[Tue Jul 21 07:20:57.977452 2026] [security2:error] [pid 230252:tid 230452] [client 4.204.201.85:17873] ModSecurity: Access denied with code 409 (phase 1). RBL lookup of 85.201.204.4.vulnscan.websitewelcome.com succeeded at REMOTE_ADDR. [file "/opt/mod_security/hg_rules.conf"] [line "1566"] [id "900933"] [msg "Vulnerability Scan RBL: vulnscan.websitewelcome.com"] [hostname "beezar.com.br"] [uri "/users.php"] [unique_id "al9ICU0Dwhk5-Z44Xro81QAAAt0"]
[Tue Jul 21 07:20:58.065625 2026] [security2:error] [pid 230252:tid 230312] [remote 103.190.239.132:0] ModSecurity: Access denied with code 409 (phase 1). RBL lookup of 132.239.190.103.testwprbl.websitewelcome.com succeeded at REMOTE_ADDR. [file "/opt/mod_security/hg_rules.conf"] [line "176"] [id "900407"] [msg "Wordpress and Joomla Brute RBL: testwprbl.websitewelcome.com"] [hostname "vidrosprovetro.com.br"] [uri "/xmlrpc.php"] [unique_id "al9ICk0Dwhk5-Z44Xro82AACtzo"]
[Tue Jul 21 07:20:58.065775 2026] [security2:error] [pid 230252:tid 230414] [client 103.190.239.132:0] ModSecurity: Warning. Pattern match "POST" at REQUEST_METHOD. [file "/opt/mod_security/hg_rules.conf"] [line "151"] [id "900405"] [msg "xmlrpc POST logging"] [data "409"] [hostname "vidrosprovetro.com.br"] [uri "/xmlrpc.php"] [unique_id "al9ICk0Dwhk5-Z44Xro82AACtzo"]
[Tue Jul 21 07:20:58.174327 2026] [security2:error] [pid 230252:tid 230457] [client 20.151.10.161:45919] ModSecurity: Access denied with code 409 (phase 1). RBL lookup of 161.10.151.20.vulnscan.websitewelcome.com succeeded at REMOTE_ADDR. [file "/opt/mod_security/hg_rules.conf"] [line "1566"] [id "900933"] [msg "Vulnerability Scan RBL: vulnscan.websitewelcome.com"] [hostname "prospecta.agendaclique.com.br"] [uri "/ccou.php"] [unique_id "al9ICk0Dwhk5-Z44Xro83AAAAuI"]
[Tue Jul 21 07:20:58.176147 2026] [security2:error] [pid 229246:tid 229487] [client 20.151.10.161:12059] ModSecurity: Access denied with code 409 (phase 1). RBL lookup of 161.10.151.20.vulnscan.websitewelcome.com succeeded at REMOTE_ADDR. [file "/opt/mod_security/hg_rules.conf"] [line "1566"] [id "900933"] [msg "Vulnerability Scan RBL: vulnscan.websitewelcome.com"] [hostname "webdisk.jandel.com.br"] [uri "/bless.php"] [unique_id "al9ICiBMYeh5YLVG45xiIwAAAoM"]
[Tue Jul 21 07:20:58.397893 2026] [security2:error] [pid 230252:tid 230357] [remote 128.0.83.186:0] ModSecurity: Access denied with code 409 (phase 1). RBL lookup of 186.83.0.128.testwprbl.websitewelcome.com succeeded at REMOTE_ADDR. [file "/opt/mod_security/hg_rules.conf"] [line "176"] [id "900407"] [msg "Wordpress and Joomla Brute RBL: testwprbl.websitewelcome.com"] [hostname "botzappro.com.br"] [uri "/xmlrpc.php"] [unique_id "al9ICk0Dwhk5-Z44Xro85AACnGY"]
[Tue Jul 21 07:20:58.398014 2026] [security2:error] [pid 230252:tid 230387] [client 128.0.83.186:0] ModSecurity: Warning. Pattern match "POST" at REQUEST_METHOD. [file "/opt/mod_security/hg_rules.conf"] [line "151"] [id "900405"] [msg "xmlrpc POST logging"] [data "409"] [hostname "botzappro.com.br"] [uri "/xmlrpc.php"] [unique_id "al9ICk0Dwhk5-Z44Xro85AACnGY"]
[Tue Jul 21 07:20:58.599308 2026] [http2:warn] [pid 230252:tid 230403] [client 57.141.18.31:38182] h2_stream(230252-46-1,CLEANUP): started=1, scheduled=1, ready=0, out_buffer=0
[Tue Jul 21 07:20:58.625472 2026] [security2:error] [pid 229246:tid 229481] [client 139.135.44.145:54494] ModSecurity: Access denied with code 409 (phase 1). RBL lookup of 145.44.135.139.testwprbl.websitewelcome.com succeeded at REMOTE_ADDR. [file "/opt/mod_security/hg_rules.conf"] [line "176"] [id "900407"] [msg "Wordpress and Joomla Brute RBL: testwprbl.websitewelcome.com"] [hostname "pexbrasil.com"] [uri "/xmlrpc.php"] [unique_id "al9ICiBMYeh5YLVG45xiKAAAAn0"]
[Tue Jul 21 07:20:58.625627 2026] [security2:error] [pid 229246:tid 229481] [client 139.135.44.145:54494] ModSecurity: Warning. Pattern match "POST" at REQUEST_METHOD. [file "/opt/mod_security/hg_rules.conf"] [line "151"] [id "900405"] [msg "xmlrpc POST logging"] [data "409"] [hostname "pexbrasil.com"] [uri "/xmlrpc.php"] [unique_id "al9ICiBMYeh5YLVG45xiKAAAAn0"]
[Tue Jul 21 07:20:58.669562 2026] [security2:error] [pid 230252:tid 230439] [client 4.204.201.85:17834] ModSecurity: Access denied with code 409 (phase 1). RBL lookup of 85.201.204.4.vulnscan.websitewelcome.com succeeded at REMOTE_ADDR. [file "/opt/mod_security/hg_rules.conf"] [line "1566"] [id "900933"] [msg "Vulnerability Scan RBL: vulnscan.websitewelcome.com"] [hostname "beezar.com.br"] [uri "/177.php"] [unique_id "al9ICk0Dwhk5-Z44Xro88AAAAtA"]
[Tue Jul 21 07:20:58.782975 2026] [security2:error] [pid 230252:tid 230441] [client 20.197.192.193:27189] ModSecurity: Access denied with code 409 (phase 1). RBL lookup of 193.192.197.20.vulnscan.websitewelcome.com succeeded at REMOTE_ADDR. [file "/opt/mod_security/hg_rules.conf"] [line "1566"] [id "900933"] [msg "Vulnerability Scan RBL: vulnscan.websitewelcome.com"] [hostname "webmail.oticapersona.com.br"] [uri "/bootstrap.php"] [unique_id "al9ICk0Dwhk5-Z44Xro88QAAAtI"]
[Tue Jul 21 07:20:58.886406 2026] [security2:error] [pid 230252:tid 230428] [client 175.45.70.82:51813] ModSecurity: Access denied with code 409 (phase 1). RBL lookup of 82.70.45.175.testwprbl.websitewelcome.com succeeded at REMOTE_ADDR. [file "/opt/mod_security/hg_rules.conf"] [line "176"] [id "900407"] [msg "Wordpress and Joomla Brute RBL: testwprbl.websitewelcome.com"] [hostname "filtrokangen.com.br"] [uri "/xmlrpc.php"] [unique_id "al9ICk0Dwhk5-Z44Xro88wAAAsU"]
[Tue Jul 21 07:20:58.886567 2026] [security2:error] [pid 230252:tid 230428] [client 175.45.70.82:51813] ModSecurity: Warning. Pattern match "POST" at REQUEST_METHOD. [file "/opt/mod_security/hg_rules.conf"] [line "151"] [id "900405"] [msg "xmlrpc POST logging"] [data "409"] [hostname "filtrokangen.com.br"] [uri "/xmlrpc.php"] [unique_id "al9ICk0Dwhk5-Z44Xro88wAAAsU"]
[Tue Jul 21 07:20:58.951083 2026] [security2:error] [pid 229246:tid 229503] [client 20.197.192.193:27081] ModSecurity: Access denied with code 409 (phase 1). RBL lookup of 193.192.197.20.vulnscan.websitewelcome.com succeeded at REMOTE_ADDR. [file "/opt/mod_security/hg_rules.conf"] [line "1566"] [id "900933"] [msg "Vulnerability Scan RBL: vulnscan.websitewelcome.com"] [hostname "webmail.oticapersona.com.br"] [uri "/wp-editor.php"] [unique_id "al9ICiBMYeh5YLVG45xiLAAAApM"]
[Tue Jul 21 07:20:58.965514 2026] [security2:error] [pid 230252:tid 230497] [client 20.206.105.145:30692] ModSecurity: Access denied with code 409 (phase 1). RBL lookup of 145.105.206.20.vulnscan.websitewelcome.com succeeded at REMOTE_ADDR. [file "/opt/mod_security/hg_rules.conf"] [line "1566"] [id "900933"] [msg "Vulnerability Scan RBL: vulnscan.websitewelcome.com"] [hostname "webdisk.psicologafernandaguedes.com"] [uri "/media.php"] [unique_id "al9ICk0Dwhk5-Z44Xro89AAAAwo"]
[Tue Jul 21 07:20:59.090553 2026] [security2:error] [pid 230252:tid 230504] [client 20.220.225.223:47831] ModSecurity: Access denied with code 409 (phase 1). RBL lookup of 223.225.220.20.vulnscan.websitewelcome.com succeeded at REMOTE_ADDR. [file "/opt/mod_security/hg_rules.conf"] [line "1566"] [id "900933"] [msg "Vulnerability Scan RBL: vulnscan.websitewelcome.com"] [hostname "irrigaplus.com.br"] [uri "/wp-wpbak.php"] [unique_id "al9IC00Dwhk5-Z44Xro8-AAAAxE"]
[Tue Jul 21 07:20:59.384687 2026] [security2:error] [pid 229246:tid 229452] [client 120.61.173.56:56127] ModSecurity: Access denied with code 409 (phase 1). RBL lookup of 56.173.61.120.testwprbl.websitewelcome.com succeeded at REMOTE_ADDR. [file "/opt/mod_security/hg_rules.conf"] [line "176"] [id "900407"] [msg "Wordpress and Joomla Brute RBL: testwprbl.websitewelcome.com"] [hostname "agmiz.com.br"] [uri "/xmlrpc.php"] [unique_id "al9ICyBMYeh5YLVG45xiMAAAAmA"]
[Tue Jul 21 07:20:59.384890 2026] [security2:error] [pid 229246:tid 229452] [client 120.61.173.56:56127] ModSecurity: Warning. Pattern match "POST" at REQUEST_METHOD. [file "/opt/mod_security/hg_rules.conf"] [line "151"] [id "900405"] [msg "xmlrpc POST logging"] [data "409"] [hostname "agmiz.com.br"] [uri "/xmlrpc.php"] [unique_id "al9ICyBMYeh5YLVG45xiMAAAAmA"]
[Tue Jul 21 07:20:59.395085 2026] [security2:error] [pid 230252:tid 230485] [client 92.119.178.3:59610] ModSecurity: Access denied with code 409 (phase 1). RBL lookup of 3.178.119.92.testwprbl.websitewelcome.com succeeded at REMOTE_ADDR. [file "/opt/mod_security/hg_rules.conf"] [line "176"] [id "900407"] [msg "Wordpress and Joomla Brute RBL: testwprbl.websitewelcome.com"] [hostname "factorial.studio"] [uri "/xmlrpc.php"] [unique_id "al9IC00Dwhk5-Z44Xro9AgAAAv4"]
[Tue Jul 21 07:20:59.395227 2026] [security2:error] [pid 230252:tid 230485] [client 92.119.178.3:59610] ModSecurity: Warning. Pattern match "POST" at REQUEST_METHOD. [file "/opt/mod_security/hg_rules.conf"] [line "151"] [id "900405"] [msg "xmlrpc POST logging"] [data "409"] [hostname "factorial.studio"] [uri "/xmlrpc.php"] [unique_id "al9IC00Dwhk5-Z44Xro9AgAAAv4"]
[Tue Jul 21 07:20:59.428414 2026] [security2:error] [pid 229246:tid 229410] [client 20.226.60.151:54479] ModSecurity: Access denied with code 409 (phase 1). RBL lookup of 151.60.226.20.vulnscan.websitewelcome.com succeeded at REMOTE_ADDR. [file "/opt/mod_security/hg_rules.conf"] [line "1566"] [id "900933"] [msg "Vulnerability Scan RBL: vulnscan.websitewelcome.com"] [hostname "cpanel.acupunturaebemestar.com.br"] [uri "/iywwi.php"] [unique_id "al9ICyBMYeh5YLVG45xiMQAAAjY"]
[Tue Jul 21 07:20:59.491103 2026] [http2:warn] [pid 230252:tid 230455] [client 57.141.18.75:31802] h2_stream(230252-50-1,CLEANUP): started=1, scheduled=1, ready=0, out_buffer=0
[Tue Jul 21 07:20:59.518332 2026] [security2:error] [pid 229246:tid 229401] [client 114.119.136.139:54203] ModSecurity: Access denied with code 406 (phase 1). Pattern match "ZoominfoBot|NetcraftSurveyAgent|MJ12bot|(?i:BUbiNG)|D(?i:otbot)| oBot/|MegaIndex\\\\.ru|Barkrowler|Spbot|DomainCrawler|Seznam|CCBot|SiteExplorer|OpenLinkProfiler|Sogou web spider|360Spider|Semrush|Panscient|crawler\\\\.feedback([+]\\\\S+)?@gmail\\\\.com|MauiBo ..." at REQUEST_HEADERS:User-Agent. [file "/opt/mod_security/hg_rules.conf"] [line "585"] [id "999812"] [msg "Problematic Crawler"] [hostname "transitoaberto.com.br"] [uri "/pat-disponibiliza-635-vagas-de-emprego-em-varias-areas-em-sao-jose/"] [unique_id "al9ICyBMYeh5YLVG45xiMgAAAi0"], referer: https://transitoaberto.com.br/post-sitemap7.xml
[Tue Jul 21 07:20:59.567534 2026] [security2:error] [pid 230252:tid 230465] [client 4.204.201.85:17868] ModSecurity: Access denied with code 409 (phase 1). RBL lookup of 85.201.204.4.vulnscan.websitewelcome.com succeeded at REMOTE_ADDR. [file "/opt/mod_security/hg_rules.conf"] [line "1566"] [id "900933"] [msg "Vulnerability Scan RBL: vulnscan.websitewelcome.com"] [hostname "beezar.com.br"] [uri "/config.php"] [unique_id "al9IC00Dwhk5-Z44Xro9BgAAAuo"]
[Tue Jul 21 07:20:59.923326 2026] [security2:error] [pid 230252:tid 230398] [client 20.220.225.223:34270] ModSecurity: Access denied with code 409 (phase 1). RBL lookup of 223.225.220.20.vulnscan.websitewelcome.com succeeded at REMOTE_ADDR. [file "/opt/mod_security/hg_rules.conf"] [line "1566"] [id "900933"] [msg "Vulnerability Scan RBL: vulnscan.websitewelcome.com"] [hostname "quattrotech.com.br"] [uri "/pn.php"] [unique_id "al9IC00Dwhk5-Z44Xro9EgAAAqc"]
[Tue Jul 21 07:20:59.979887 2026] [security2:error] [pid 229246:tid 229477] [client 20.104.96.117:59152] ModSecurity: Access denied with code 409 (phase 1). RBL lookup of 117.96.104.20.vulnscan.websitewelcome.com succeeded at REMOTE_ADDR. [file "/opt/mod_security/hg_rules.conf"] [line "1566"] [id "900933"] [msg "Vulnerability Scan RBL: vulnscan.websitewelcome.com"] [hostname "leoamaraldev.com.br"] [uri "/xacs.php"] [unique_id "al9ICyBMYeh5YLVG45xiNgAAAnk"]
[Tue Jul 21 07:21:00.382509 2026] [security2:error] [pid 229246:tid 229284] [remote 217.165.161.233:0] ModSecurity: Access denied with code 409 (phase 1). RBL lookup of 233.161.165.217.testwprbl.websitewelcome.com succeeded at REMOTE_ADDR. [file "/opt/mod_security/hg_rules.conf"] [line "176"] [id "900407"] [msg "Wordpress and Joomla Brute RBL: testwprbl.websitewelcome.com"] [hostname "royalbsolutions.com"] [uri "/xmlrpc.php"] [unique_id "al9IDCBMYeh5YLVG45xiOwACfCU"]
[Tue Jul 21 07:21:00.382641 2026] [security2:error] [pid 229246:tid 229480] [client 217.165.161.233:0] ModSecurity: Warning. Pattern match "POST" at REQUEST_METHOD. [file "/opt/mod_security/hg_rules.conf"] [line "151"] [id "900405"] [msg "xmlrpc POST logging"] [data "409"] [hostname "royalbsolutions.com"] [uri "/xmlrpc.php"] [unique_id "al9IDCBMYeh5YLVG45xiOwACfCU"]
[Tue Jul 21 07:21:00.504575 2026] [security2:error] [pid 229246:tid 229429] [client 20.206.105.145:30597] ModSecurity: Access denied with code 409 (phase 1). RBL lookup of 145.105.206.20.vulnscan.websitewelcome.com succeeded at REMOTE_ADDR. [file "/opt/mod_security/hg_rules.conf"] [line "1566"] [id "900933"] [msg "Vulnerability Scan RBL: vulnscan.websitewelcome.com"] [hostname "webdisk.psicologafernandaguedes.com"] [uri "/images.php"] [unique_id "al9IDCBMYeh5YLVG45xiPgAAAkk"]
[Tue Jul 21 07:21:00.547243 2026] [security2:error] [pid 230252:tid 230493] [client 20.220.225.223:40859] ModSecurity: Access denied with code 409 (phase 1). RBL lookup of 223.225.220.20.vulnscan.websitewelcome.com succeeded at REMOTE_ADDR. [file "/opt/mod_security/hg_rules.conf"] [line "1566"] [id "900933"] [msg "Vulnerability Scan RBL: vulnscan.websitewelcome.com"] [hostname "teste.inonebrasil.com.br"] [uri "/ace2.php"] [unique_id "al9IDE0Dwhk5-Z44Xro9JAAAAwY"]
[Tue Jul 21 07:21:00.570457 2026] [http2:warn] [pid 230252:tid 230509] [client 57.141.18.115:47810] h2_stream(230252-51-1,CLEANUP): started=1, scheduled=1, ready=0, out_buffer=0
[Tue Jul 21 07:21:00.775248 2026] [security2:error] [pid 229246:tid 229430] [client 4.204.201.85:44002] ModSecurity: Access denied with code 409 (phase 1). RBL lookup of 85.201.204.4.vulnscan.websitewelcome.com succeeded at REMOTE_ADDR. [file "/opt/mod_security/hg_rules.conf"] [line "1566"] [id "900933"] [msg "Vulnerability Scan RBL: vulnscan.websitewelcome.com"] [hostname "beezar.com.br"] [uri "/gettest.php"] [unique_id "al9IDCBMYeh5YLVG45xiQQAAAko"]
[Tue Jul 21 07:21:00.873480 2026] [security2:error] [pid 229246:tid 229454] [client 20.151.10.161:12045] ModSecurity: Access denied with code 409 (phase 1). RBL lookup of 161.10.151.20.vulnscan.websitewelcome.com succeeded at REMOTE_ADDR. [file "/opt/mod_security/hg_rules.conf"] [line "1566"] [id "900933"] [msg "Vulnerability Scan RBL: vulnscan.websitewelcome.com"] [hostname "webdisk.jandel.com.br"] [uri "/file46.php"] [unique_id "al9IDCBMYeh5YLVG45xiRAAAAmI"]
[Tue Jul 21 07:21:00.911922 2026] [security2:error] [pid 230252:tid 230425] [client 20.151.10.161:45964] ModSecurity: Access denied with code 409 (phase 1). RBL lookup of 161.10.151.20.vulnscan.websitewelcome.com succeeded at REMOTE_ADDR. [file "/opt/mod_security/hg_rules.conf"] [line "1566"] [id "900933"] [msg "Vulnerability Scan RBL: vulnscan.websitewelcome.com"] [hostname "prospecta.agendaclique.com.br"] [uri "/dr.php"] [unique_id "al9IDE0Dwhk5-Z44Xro9LQAAAsI"]
[Tue Jul 21 07:21:00.944190 2026] [security2:error] [pid 230252:tid 230481] [client 74.249.245.134:61928] ModSecurity: Access denied with code 409 (phase 1). RBL lookup of 134.245.249.74.vulnscan.websitewelcome.com succeeded at REMOTE_ADDR. [file "/opt/mod_security/hg_rules.conf"] [line "1566"] [id "900933"] [msg "Vulnerability Scan RBL: vulnscan.websitewelcome.com"] [hostname "drjoaoguedes.com"] [uri "/file3.php"] [unique_id "al9IDE0Dwhk5-Z44Xro9LgAAAvo"]
[Tue Jul 21 07:21:00.956415 2026] [security2:error] [pid 230252:tid 230454] [client 193.36.225.54:62433] ModSecurity: Access denied with code 409 (phase 1). RBL lookup of 54.225.36.193.vulnscan.websitewelcome.com succeeded at REMOTE_ADDR. [file "/opt/mod_security/hg_rules.conf"] [line "1566"] [id "900933"] [msg "Vulnerability Scan RBL: vulnscan.websitewelcome.com"] [hostname "moldurasbrilhante.com.br"] [uri "/wp-admin/index.php"] [unique_id "al9IDE0Dwhk5-Z44Xro9LwAAAt8"], referer: https://moldurasbrilhante.com.br/wp-login.php
[Tue Jul 21 07:21:01.507823 2026] [http2:warn] [pid 229246:tid 229447] [client 57.141.18.2:26722] h2_stream(229246-275-1,CLEANUP): started=1, scheduled=1, ready=0, out_buffer=0
[Tue Jul 21 07:21:01.526880 2026] [security2:error] [pid 230252:tid 230457] [client 20.206.105.145:30681] ModSecurity: Access denied with code 409 (phase 1). RBL lookup of 145.105.206.20.vulnscan.websitewelcome.com succeeded at REMOTE_ADDR. [file "/opt/mod_security/hg_rules.conf"] [line "1566"] [id "900933"] [msg "Vulnerability Scan RBL: vulnscan.websitewelcome.com"] [hostname "webdisk.psicologafernandaguedes.com"] [uri "/adminner.php"] [unique_id "al9IDU0Dwhk5-Z44Xro9PAAAAuI"]
[Tue Jul 21 07:21:01.587457 2026] [security2:error] [pid 230252:tid 230495] [client 20.104.96.117:59663] ModSecurity: Access denied with code 409 (phase 1). RBL lookup of 117.96.104.20.vulnscan.websitewelcome.com succeeded at REMOTE_ADDR. [file "/opt/mod_security/hg_rules.conf"] [line "1566"] [id "900933"] [msg "Vulnerability Scan RBL: vulnscan.websitewelcome.com"] [hostname "leoamaraldev.com.br"] [uri "/zildan.php"] [unique_id "al9IDU0Dwhk5-Z44Xro9PgAAAwg"]
[Tue Jul 21 07:21:01.616879 2026] [security2:error] [pid 230252:tid 230445] [client 20.197.192.193:27100] ModSecurity: Access denied with code 409 (phase 1). RBL lookup of 193.192.197.20.vulnscan.websitewelcome.com succeeded at REMOTE_ADDR. [file "/opt/mod_security/hg_rules.conf"] [line "1566"] [id "900933"] [msg "Vulnerability Scan RBL: vulnscan.websitewelcome.com"] [hostname "webmail.oticapersona.com.br"] [uri "/cro.php"] [unique_id "al9IDU0Dwhk5-Z44Xro9QgAAAtY"]
[Tue Jul 21 07:21:01.635784 2026] [security2:error] [pid 229246:tid 229275] [remote 199.189.225.40:50855] ModSecurity: Access denied with code 409 (phase 1). RBL lookup of 40.225.189.199.testwprbl.websitewelcome.com succeeded at REMOTE_ADDR. [file "/opt/mod_security/hg_rules.conf"] [line "176"] [id "900407"] [msg "Wordpress and Joomla Brute RBL: testwprbl.websitewelcome.com"] [hostname "brasilcertdigital.com.br"] [uri "/wp-login.php"] [unique_id "al9IDSBMYeh5YLVG45xiSgACjRw"]
