[Tue Jul 21 07:20:21.335202 2026] [security2:error] [pid 229246:tid 229426] [client 35.219.104.147:45330] ModSecurity: Warning. Matched phrase "BuiltWith" at REQUEST_HEADERS:User-Agent. [file "/opt/mod_security/hg_rules.conf"] [line "168"] [id "350001"] [msg "BAD BOT - Detected LOGGING"] [data "200"] [hostname "www.tabelionatoportoalegre.com.br"] [uri "/"] [unique_id "al9H5SBMYeh5YLVG45xfVgAAAkY"]
[Tue Jul 21 07:20:21.523557 2026] [security2:error] [pid 229246:tid 229414] [client 4.204.201.85:43988] ModSecurity: Access denied with code 409 (phase 1). RBL lookup of 85.201.204.4.vulnscan.websitewelcome.com succeeded at REMOTE_ADDR. [file "/opt/mod_security/hg_rules.conf"] [line "1566"] [id "900933"] [msg "Vulnerability Scan RBL: vulnscan.websitewelcome.com"] [hostname "beezar.com.br"] [uri "/wp-blog.php"] [unique_id "al9H5SBMYeh5YLVG45xfYQAAAjo"]
[Tue Jul 21 07:20:21.569877 2026] [security2:error] [pid 230252:tid 230466] [client 20.104.96.117:0] ModSecurity: Access denied with code 409 (phase 1). RBL lookup of 117.96.104.20.vulnscan.websitewelcome.com succeeded at REMOTE_ADDR. [file "/opt/mod_security/hg_rules.conf"] [line "1566"] [id "900933"] [msg "Vulnerability Scan RBL: vulnscan.websitewelcome.com"] [hostname "ocara.io"] [uri "/txets.php"] [unique_id "al9H5U0Dwhk5-Z44Xro5vwAAAus"]
[Tue Jul 21 07:20:21.638342 2026] [security2:error] [pid 230252:tid 230497] [client 20.151.10.161:12081] ModSecurity: Access denied with code 409 (phase 1). RBL lookup of 161.10.151.20.vulnscan.websitewelcome.com succeeded at REMOTE_ADDR. [file "/opt/mod_security/hg_rules.conf"] [line "1566"] [id "900933"] [msg "Vulnerability Scan RBL: vulnscan.websitewelcome.com"] [hostname "webdisk.jandel.com.br"] [uri "/themes.php"] [unique_id "al9H5U0Dwhk5-Z44Xro5wQAAAwo"]
[Tue Jul 21 07:20:21.688792 2026] [security2:error] [pid 230252:tid 230406] [client 35.219.104.147:0] ModSecurity: Warning. Matched phrase "BuiltWith" at REQUEST_HEADERS:User-Agent. [file "/opt/mod_security/hg_rules.conf"] [line "168"] [id "350001"] [msg "BAD BOT - Detected LOGGING"] [data "200"] [hostname "www.tabelionatoportoalegre.com.br"] [uri "/wp-content/endurance-page-cache/_index.html"] [unique_id "al9H5U0Dwhk5-Z44Xro5xAAAAq8"]
[Tue Jul 21 07:20:21.689282 2026] [security2:error] [pid 230252:tid 230451] [client 35.219.104.147:45334] ModSecurity: Warning. Matched phrase "BuiltWith" at REQUEST_HEADERS:User-Agent. [file "/opt/mod_security/hg_rules.conf"] [line "168"] [id "350001"] [msg "BAD BOT - Detected LOGGING"] [data "200"] [hostname "www.tabelionatoportoalegre.com.br"] [uri "/"] [unique_id "al9H5U0Dwhk5-Z44Xro5wgAAAtw"]
[Tue Jul 21 07:20:21.717591 2026] [security2:error] [pid 230252:tid 230454] [client 14.139.42.196:22082] ModSecurity: Access denied with code 409 (phase 1). RBL lookup of 196.42.139.14.testwprbl.websitewelcome.com succeeded at REMOTE_ADDR. [file "/opt/mod_security/hg_rules.conf"] [line "176"] [id "900407"] [msg "Wordpress and Joomla Brute RBL: testwprbl.websitewelcome.com"] [hostname "potencialilimitado.com.br"] [uri "/xmlrpc.php"] [unique_id "al9H5U0Dwhk5-Z44Xro5xQAAAt8"]
[Tue Jul 21 07:20:21.717685 2026] [security2:error] [pid 230252:tid 230454] [client 14.139.42.196:22082] ModSecurity: Warning. Pattern match "POST" at REQUEST_METHOD. [file "/opt/mod_security/hg_rules.conf"] [line "151"] [id "900405"] [msg "xmlrpc POST logging"] [data "409"] [hostname "potencialilimitado.com.br"] [uri "/xmlrpc.php"] [unique_id "al9H5U0Dwhk5-Z44Xro5xQAAAt8"]
[Tue Jul 21 07:20:21.851967 2026] [security2:error] [pid 229246:tid 229432] [client 20.104.96.117:0] ModSecurity: Access denied with code 409 (phase 1). RBL lookup of 117.96.104.20.vulnscan.websitewelcome.com succeeded at REMOTE_ADDR. [file "/opt/mod_security/hg_rules.conf"] [line "1566"] [id "900933"] [msg "Vulnerability Scan RBL: vulnscan.websitewelcome.com"] [hostname "ocara.io"] [uri "/dex.php"] [unique_id "al9H5SBMYeh5YLVG45xfZAAAAkw"]
[Tue Jul 21 07:20:21.950899 2026] [security2:error] [pid 229246:tid 229410] [client 20.197.192.193:6392] ModSecurity: Access denied with code 409 (phase 1). RBL lookup of 193.192.197.20.vulnscan.websitewelcome.com succeeded at REMOTE_ADDR. [file "/opt/mod_security/hg_rules.conf"] [line "1566"] [id "900933"] [msg "Vulnerability Scan RBL: vulnscan.websitewelcome.com"] [hostname "mail.eltonmelo.com.br"] [uri "/wpx.php"] [unique_id "al9H5SBMYeh5YLVG45xfZQAAAjY"]
[Tue Jul 21 07:20:22.133659 2026] [security2:error] [pid 230252:tid 230428] [client 20.104.96.117:0] ModSecurity: Access denied with code 409 (phase 1). RBL lookup of 117.96.104.20.vulnscan.websitewelcome.com succeeded at REMOTE_ADDR. [file "/opt/mod_security/hg_rules.conf"] [line "1566"] [id "900933"] [msg "Vulnerability Scan RBL: vulnscan.websitewelcome.com"] [hostname "ocara.io"] [uri "/xpwer1.php"] [unique_id "al9H5k0Dwhk5-Z44Xro5yQAAAsU"]
[Tue Jul 21 07:20:22.275266 2026] [security2:error] [pid 230252:tid 230510] [client 20.151.10.161:45892] ModSecurity: Access denied with code 409 (phase 1). RBL lookup of 161.10.151.20.vulnscan.websitewelcome.com succeeded at REMOTE_ADDR. [file "/opt/mod_security/hg_rules.conf"] [line "1566"] [id "900933"] [msg "Vulnerability Scan RBL: vulnscan.websitewelcome.com"] [hostname "prospecta.agendaclique.com.br"] [uri "/8.php"] [unique_id "al9H5k0Dwhk5-Z44Xro5ywAAAxc"]
[Tue Jul 21 07:20:22.429200 2026] [security2:error] [pid 229246:tid 229405] [client 20.104.96.117:0] ModSecurity: Access denied with code 409 (phase 1). RBL lookup of 117.96.104.20.vulnscan.websitewelcome.com succeeded at REMOTE_ADDR. [file "/opt/mod_security/hg_rules.conf"] [line "1566"] [id "900933"] [msg "Vulnerability Scan RBL: vulnscan.websitewelcome.com"] [hostname "ocara.io"] [uri "/flox.php"] [unique_id "al9H5iBMYeh5YLVG45xfbAAAAjE"]
[Tue Jul 21 07:20:22.433820 2026] [http2:warn] [pid 229246:tid 229455] [client 57.141.18.87:45288] h2_stream(229246-131-1,CLEANUP): started=1, scheduled=1, ready=0, out_buffer=0
[Tue Jul 21 07:20:22.720050 2026] [security2:error] [pid 230252:tid 230395] [client 20.220.225.223:59511] ModSecurity: Access denied with code 409 (phase 1). RBL lookup of 223.225.220.20.vulnscan.websitewelcome.com succeeded at REMOTE_ADDR. [file "/opt/mod_security/hg_rules.conf"] [line "1566"] [id "900933"] [msg "Vulnerability Scan RBL: vulnscan.websitewelcome.com"] [hostname "irrigaplus.com.br"] [uri "/this_is_a_new_hello_world.php"] [unique_id "al9H5k0Dwhk5-Z44Xro5zwAAAqQ"]
[Tue Jul 21 07:20:22.720933 2026] [security2:error] [pid 229246:tid 229477] [client 4.204.201.85:43987] ModSecurity: Access denied with code 409 (phase 1). RBL lookup of 85.201.204.4.vulnscan.websitewelcome.com succeeded at REMOTE_ADDR. [file "/opt/mod_security/hg_rules.conf"] [line "1566"] [id "900933"] [msg "Vulnerability Scan RBL: vulnscan.websitewelcome.com"] [hostname "beezar.com.br"] [uri "/wp-content/admin.php"] [unique_id "al9H5iBMYeh5YLVG45xfcgAAAnk"]
[Tue Jul 21 07:20:22.721659 2026] [security2:error] [pid 230252:tid 230486] [client 20.104.96.117:0] ModSecurity: Access denied with code 409 (phase 1). RBL lookup of 117.96.104.20.vulnscan.websitewelcome.com succeeded at REMOTE_ADDR. [file "/opt/mod_security/hg_rules.conf"] [line "1566"] [id "900933"] [msg "Vulnerability Scan RBL: vulnscan.websitewelcome.com"] [hostname "ocara.io"] [uri "/popo.php"] [unique_id "al9H5k0Dwhk5-Z44Xro50AAAAv8"]
[Tue Jul 21 07:20:22.928074 2026] [http2:warn] [pid 229246:tid 229449] [client 57.141.18.13:21514] h2_stream(229246-132-1,CLEANUP): started=1, scheduled=1, ready=0, out_buffer=0
[Tue Jul 21 07:20:23.035712 2026] [security2:error] [pid 230252:tid 230401] [client 20.104.96.117:0] ModSecurity: Access denied with code 409 (phase 1). RBL lookup of 117.96.104.20.vulnscan.websitewelcome.com succeeded at REMOTE_ADDR. [file "/opt/mod_security/hg_rules.conf"] [line "1566"] [id "900933"] [msg "Vulnerability Scan RBL: vulnscan.websitewelcome.com"] [hostname "ocara.io"] [uri "/yas.php"] [unique_id "al9H500Dwhk5-Z44Xro50gAAAqo"]
[Tue Jul 21 07:20:23.056944 2026] [security2:error] [pid 230252:tid 230440] [client 20.151.10.161:55238] ModSecurity: Access denied with code 409 (phase 1). RBL lookup of 161.10.151.20.vulnscan.websitewelcome.com succeeded at REMOTE_ADDR. [file "/opt/mod_security/hg_rules.conf"] [line "1566"] [id "900933"] [msg "Vulnerability Scan RBL: vulnscan.websitewelcome.com"] [hostname "webdisk.jandel.com.br"] [uri "/dx.php"] [unique_id "al9H500Dwhk5-Z44Xro50wAAAtE"]
[Tue Jul 21 07:20:23.060547 2026] [security2:error] [pid 229246:tid 229388] [client 45.251.232.145:62173] ModSecurity: Access denied with code 409 (phase 1). RBL lookup of 145.232.251.45.testwprbl.websitewelcome.com succeeded at REMOTE_ADDR. [file "/opt/mod_security/hg_rules.conf"] [line "176"] [id "900407"] [msg "Wordpress and Joomla Brute RBL: testwprbl.websitewelcome.com"] [hostname "havoy.com.br"] [uri "/xmlrpc.php"] [unique_id "al9H5yBMYeh5YLVG45xfdQAAAiA"]
[Tue Jul 21 07:20:23.060660 2026] [security2:error] [pid 229246:tid 229388] [client 45.251.232.145:62173] ModSecurity: Warning. Pattern match "POST" at REQUEST_METHOD. [file "/opt/mod_security/hg_rules.conf"] [line "151"] [id "900405"] [msg "xmlrpc POST logging"] [data "409"] [hostname "havoy.com.br"] [uri "/xmlrpc.php"] [unique_id "al9H5yBMYeh5YLVG45xfdQAAAiA"]
[Tue Jul 21 07:20:23.268615 2026] [http2:warn] [pid 229246:tid 229456] [client 57.141.18.96:32164] h2_stream(229246-134-1,CLEANUP): started=1, scheduled=1, ready=0, out_buffer=0
[Tue Jul 21 07:20:23.318165 2026] [security2:error] [pid 230252:tid 230407] [client 20.104.96.117:0] ModSecurity: Access denied with code 409 (phase 1). RBL lookup of 117.96.104.20.vulnscan.websitewelcome.com succeeded at REMOTE_ADDR. [file "/opt/mod_security/hg_rules.conf"] [line "1566"] [id "900933"] [msg "Vulnerability Scan RBL: vulnscan.websitewelcome.com"] [hostname "ocara.io"] [uri "/file61.php"] [unique_id "al9H500Dwhk5-Z44Xro51gAAArA"]
[Tue Jul 21 07:20:23.331240 2026] [security2:error] [pid 230252:tid 230508] [client 4.204.201.85:43845] ModSecurity: Access denied with code 409 (phase 1). RBL lookup of 85.201.204.4.vulnscan.websitewelcome.com succeeded at REMOTE_ADDR. [file "/opt/mod_security/hg_rules.conf"] [line "1566"] [id "900933"] [msg "Vulnerability Scan RBL: vulnscan.websitewelcome.com"] [hostname "beezar.com.br"] [uri "/ms-edit.php"] [unique_id "al9H500Dwhk5-Z44Xro51wAAAxU"]
[Tue Jul 21 07:20:23.336059 2026] [security2:error] [pid 230252:tid 230500] [client 20.197.192.193:27097] ModSecurity: Access denied with code 409 (phase 1). RBL lookup of 193.192.197.20.vulnscan.websitewelcome.com succeeded at REMOTE_ADDR. [file "/opt/mod_security/hg_rules.conf"] [line "1566"] [id "900933"] [msg "Vulnerability Scan RBL: vulnscan.websitewelcome.com"] [hostname "webmail.oticapersona.com.br"] [uri "/berlin.php"] [unique_id "al9H500Dwhk5-Z44Xro52AAAAw0"]
[Tue Jul 21 07:20:23.408475 2026] [security2:error] [pid 229246:tid 229381] [client 20.197.192.193:6395] ModSecurity: Access denied with code 409 (phase 1). RBL lookup of 193.192.197.20.vulnscan.websitewelcome.com succeeded at REMOTE_ADDR. [file "/opt/mod_security/hg_rules.conf"] [line "1566"] [id "900933"] [msg "Vulnerability Scan RBL: vulnscan.websitewelcome.com"] [hostname "mail.eltonmelo.com.br"] [uri "/berlin.php"] [unique_id "al9H5yBMYeh5YLVG45xfeQAAAhk"]
[Tue Jul 21 07:20:23.470524 2026] [security2:error] [pid 230252:tid 230255] [remote 2401:4900:88d1:e59:19d5:3e3b:eedf:b645:0] ModSecurity: Access denied with code 406 (phase 2). Operator GT matched 0 at USER:bf_block. [file "/opt/mod_security/hg_rules.conf"] [line "1482"] [id "909121"] [msg "IP address blocked, too many xmlrpc.php failures"] [hostname "aud-7.com"] [uri "/xmlrpc.php"] [unique_id "al9H500Dwhk5-Z44Xro53AACsgE"]
[Tue Jul 21 07:20:23.470648 2026] [security2:error] [pid 230252:tid 230409] [client 2401:4900:88d1:e59:19d5:3e3b:eedf:b645:0] ModSecurity: Warning. Pattern match "POST" at REQUEST_METHOD. [file "/opt/mod_security/hg_rules.conf"] [line "151"] [id "900405"] [msg "xmlrpc POST logging"] [data "406"] [hostname "aud-7.com"] [uri "/xmlrpc.php"] [unique_id "al9H500Dwhk5-Z44Xro53AACsgE"]
[Tue Jul 21 07:20:23.591965 2026] [security2:error] [pid 230252:tid 230497] [client 20.104.96.117:0] ModSecurity: Access denied with code 409 (phase 1). RBL lookup of 117.96.104.20.vulnscan.websitewelcome.com succeeded at REMOTE_ADDR. [file "/opt/mod_security/hg_rules.conf"] [line "1566"] [id "900933"] [msg "Vulnerability Scan RBL: vulnscan.websitewelcome.com"] [hostname "ocara.io"] [uri "/water.php"] [unique_id "al9H500Dwhk5-Z44Xro53QAAAwo"]
[Tue Jul 21 07:20:23.610982 2026] [security2:error] [pid 230252:tid 230437] [client 20.151.10.161:55269] ModSecurity: Access denied with code 409 (phase 1). RBL lookup of 161.10.151.20.vulnscan.websitewelcome.com succeeded at REMOTE_ADDR. [file "/opt/mod_security/hg_rules.conf"] [line "1566"] [id "900933"] [msg "Vulnerability Scan RBL: vulnscan.websitewelcome.com"] [hostname "webdisk.jandel.com.br"] [uri "/p.php"] [unique_id "al9H500Dwhk5-Z44Xro54AAAAs4"]
[Tue Jul 21 07:20:23.673508 2026] [security2:error] [pid 230252:tid 230451] [client 4.204.201.85:43916] ModSecurity: Access denied with code 409 (phase 1). RBL lookup of 85.201.204.4.vulnscan.websitewelcome.com succeeded at REMOTE_ADDR. [file "/opt/mod_security/hg_rules.conf"] [line "1566"] [id "900933"] [msg "Vulnerability Scan RBL: vulnscan.websitewelcome.com"] [hostname "beezar.com.br"] [uri "/cgi-bin/index.php"] [unique_id "al9H500Dwhk5-Z44Xro54QAAAtw"]
[Tue Jul 21 07:20:23.891516 2026] [security2:error] [pid 230252:tid 230461] [client 20.104.96.117:0] ModSecurity: Access denied with code 409 (phase 1). RBL lookup of 117.96.104.20.vulnscan.websitewelcome.com succeeded at REMOTE_ADDR. [file "/opt/mod_security/hg_rules.conf"] [line "1566"] [id "900933"] [msg "Vulnerability Scan RBL: vulnscan.websitewelcome.com"] [hostname "ocara.io"] [uri "/nano.php"] [unique_id "al9H500Dwhk5-Z44Xro55QAAAuY"]
[Tue Jul 21 07:20:23.970541 2026] [security2:error] [pid 230252:tid 230430] [client 20.220.225.223:34298] ModSecurity: Access denied with code 409 (phase 1). RBL lookup of 223.225.220.20.vulnscan.websitewelcome.com succeeded at REMOTE_ADDR. [file "/opt/mod_security/hg_rules.conf"] [line "1566"] [id "900933"] [msg "Vulnerability Scan RBL: vulnscan.websitewelcome.com"] [hostname "quattrotech.com.br"] [uri "/dp.php"] [unique_id "al9H500Dwhk5-Z44Xro55gAAAsc"]
[Tue Jul 21 07:20:24.184205 2026] [security2:error] [pid 230252:tid 230422] [client 20.104.96.117:0] ModSecurity: Access denied with code 409 (phase 1). RBL lookup of 117.96.104.20.vulnscan.websitewelcome.com succeeded at REMOTE_ADDR. [file "/opt/mod_security/hg_rules.conf"] [line "1566"] [id "900933"] [msg "Vulnerability Scan RBL: vulnscan.websitewelcome.com"] [hostname "ocara.io"] [uri "/moon.php"] [unique_id "al9H6E0Dwhk5-Z44Xro56gAAAr8"]
[Tue Jul 21 07:20:24.329767 2026] [security2:error] [pid 229246:tid 229424] [client 114.119.144.38:45201] ModSecurity: Access denied with code 406 (phase 1). Pattern match "ZoominfoBot|NetcraftSurveyAgent|MJ12bot|(?i:BUbiNG)|D(?i:otbot)| oBot/|MegaIndex\\\\.ru|Barkrowler|Spbot|DomainCrawler|Seznam|CCBot|SiteExplorer|OpenLinkProfiler|Sogou web spider|360Spider|Semrush|Panscient|crawler\\\\.feedback([+]\\\\S+)?@gmail\\\\.com|MauiBo ..." at REQUEST_HEADERS:User-Agent. [file "/opt/mod_security/hg_rules.conf"] [line "585"] [id "999812"] [msg "Problematic Crawler"] [hostname "www.tempex.com.br"] [uri "/category/dicas"] [unique_id "al9H6CBMYeh5YLVG45xfhAAAAkQ"], referer: https://www.tempex.com.br/blog
[Tue Jul 21 07:20:24.371236 2026] [security2:error] [pid 230252:tid 230434] [client 184.75.221.3:56966] ModSecurity: Access denied with code 409 (phase 1). RBL lookup of 3.221.75.184.testwprbl.websitewelcome.com succeeded at REMOTE_ADDR. [file "/opt/mod_security/hg_rules.conf"] [line "176"] [id "900407"] [msg "Wordpress and Joomla Brute RBL: testwprbl.websitewelcome.com"] [hostname "topudi.online"] [uri "/xmlrpc.php"] [unique_id "al9H6E0Dwhk5-Z44Xro57AAAAss"]
[Tue Jul 21 07:20:24.371364 2026] [security2:error] [pid 230252:tid 230434] [client 184.75.221.3:56966] ModSecurity: Warning. Pattern match "POST" at REQUEST_METHOD. [file "/opt/mod_security/hg_rules.conf"] [line "151"] [id "900405"] [msg "xmlrpc POST logging"] [data "409"] [hostname "topudi.online"] [uri "/xmlrpc.php"] [unique_id "al9H6E0Dwhk5-Z44Xro57AAAAss"]
[Tue Jul 21 07:20:24.452199 2026] [security2:error] [pid 230252:tid 230464] [client 4.204.201.85:44012] ModSecurity: Access denied with code 409 (phase 1). RBL lookup of 85.201.204.4.vulnscan.websitewelcome.com succeeded at REMOTE_ADDR. [file "/opt/mod_security/hg_rules.conf"] [line "1566"] [id "900933"] [msg "Vulnerability Scan RBL: vulnscan.websitewelcome.com"] [hostname "beezar.com.br"] [uri "/BDKR28WP.php"] [unique_id "al9H6E0Dwhk5-Z44Xro58AAAAuk"]
[Tue Jul 21 07:20:24.465912 2026] [security2:error] [pid 230252:tid 230504] [client 20.104.96.117:0] ModSecurity: Access denied with code 409 (phase 1). RBL lookup of 117.96.104.20.vulnscan.websitewelcome.com succeeded at REMOTE_ADDR. [file "/opt/mod_security/hg_rules.conf"] [line "1566"] [id "900933"] [msg "Vulnerability Scan RBL: vulnscan.websitewelcome.com"] [hostname "ocara.io"] [uri "/wp-info.php"] [unique_id "al9H6E0Dwhk5-Z44Xro58QAAAxE"]
[Tue Jul 21 07:20:24.686688 2026] [security2:error] [pid 230252:tid 230458] [client 173.252.95.13:52814] ModSecurity: Access denied with code 409 (phase 1). RBL lookup of 13.95.252.173.vulnscan.websitewelcome.com succeeded at REMOTE_ADDR. [file "/opt/mod_security/hg_rules.conf"] [line "1566"] [id "900933"] [msg "Vulnerability Scan RBL: vulnscan.websitewelcome.com"] [hostname "saude.agendaclique.com.br"] [uri "/webhook/meta_router.php"] [unique_id "al9H6E0Dwhk5-Z44Xro58gAAAuM"]
[Tue Jul 21 07:20:24.751645 2026] [http2:warn] [pid 229246:tid 229500] [client 57.141.18.17:25310] h2_stream(229246-147-1,CLEANUP): started=1, scheduled=1, ready=0, out_buffer=0
[Tue Jul 21 07:20:24.754224 2026] [security2:error] [pid 230252:tid 230384] [client 20.104.96.117:0] ModSecurity: Access denied with code 409 (phase 1). RBL lookup of 117.96.104.20.vulnscan.websitewelcome.com succeeded at REMOTE_ADDR. [file "/opt/mod_security/hg_rules.conf"] [line "1566"] [id "900933"] [msg "Vulnerability Scan RBL: vulnscan.websitewelcome.com"] [hostname "ocara.io"] [uri "/2000.php"] [unique_id "al9H6E0Dwhk5-Z44Xro59gAAApk"]
[Tue Jul 21 07:20:24.989620 2026] [security2:error] [pid 230252:tid 230400] [client 20.151.10.161:55270] ModSecurity: Access denied with code 409 (phase 1). RBL lookup of 161.10.151.20.vulnscan.websitewelcome.com succeeded at REMOTE_ADDR. [file "/opt/mod_security/hg_rules.conf"] [line "1566"] [id "900933"] [msg "Vulnerability Scan RBL: vulnscan.websitewelcome.com"] [hostname "webdisk.jandel.com.br"] [uri "/bthil.php"] [unique_id "al9H6E0Dwhk5-Z44Xro5-QAAAqk"]
[Tue Jul 21 07:20:25.049039 2026] [security2:error] [pid 229246:tid 229431] [client 20.104.96.117:0] ModSecurity: Access denied with code 409 (phase 1). RBL lookup of 117.96.104.20.vulnscan.websitewelcome.com succeeded at REMOTE_ADDR. [file "/opt/mod_security/hg_rules.conf"] [line "1566"] [id "900933"] [msg "Vulnerability Scan RBL: vulnscan.websitewelcome.com"] [hostname "ocara.io"] [uri "/122.php"] [unique_id "al9H6SBMYeh5YLVG45xfigAAAks"]
[Tue Jul 21 07:20:25.072564 2026] [security2:error] [pid 230252:tid 230466] [client 20.151.10.161:45997] ModSecurity: Warning. Pattern match "/1\\\\.php" at REQUEST_URI. [file "/opt/mod_security/hg_rules.conf"] [line "1543"] [id "900921"] [msg "temporary TUW-72162 logging rule"] [hostname "prospecta.agendaclique.com.br"] [uri "/1.php"] [unique_id "al9H6U0Dwhk5-Z44Xro5_AAAAus"]
[Tue Jul 21 07:20:25.072677 2026] [security2:error] [pid 230252:tid 230466] [client 20.151.10.161:45997] ModSecurity: Access denied with code 409 (phase 1). RBL lookup of 161.10.151.20.vulnscan.websitewelcome.com succeeded at REMOTE_ADDR. [file "/opt/mod_security/hg_rules.conf"] [line "1566"] [id "900933"] [msg "Vulnerability Scan RBL: vulnscan.websitewelcome.com"] [hostname "prospecta.agendaclique.com.br"] [uri "/1.php"] [unique_id "al9H6U0Dwhk5-Z44Xro5_AAAAus"]
[Tue Jul 21 07:20:25.329267 2026] [security2:error] [pid 229246:tid 229407] [client 20.104.96.117:0] ModSecurity: Access denied with code 409 (phase 1). RBL lookup of 117.96.104.20.vulnscan.websitewelcome.com succeeded at REMOTE_ADDR. [file "/opt/mod_security/hg_rules.conf"] [line "1566"] [id "900933"] [msg "Vulnerability Scan RBL: vulnscan.websitewelcome.com"] [hostname "ocara.io"] [uri "/mds.php"] [unique_id "al9H6SBMYeh5YLVG45xfkAAAAjM"]
[Tue Jul 21 07:20:25.381591 2026] [security2:error] [pid 229246:tid 229455] [client 68.235.38.2:56568] ModSecurity: Access denied with code 409 (phase 1). RBL lookup of 2.38.235.68.testwprbl.websitewelcome.com succeeded at REMOTE_ADDR. [file "/opt/mod_security/hg_rules.conf"] [line "176"] [id "900407"] [msg "Wordpress and Joomla Brute RBL: testwprbl.websitewelcome.com"] [hostname "healthandwellnessdaily.online"] [uri "/xmlrpc.php"] [unique_id "al9H6SBMYeh5YLVG45xfkgAAAmM"]
[Tue Jul 21 07:20:25.381671 2026] [security2:error] [pid 229246:tid 229455] [client 68.235.38.2:56568] ModSecurity: Warning. Pattern match "POST" at REQUEST_METHOD. [file "/opt/mod_security/hg_rules.conf"] [line "151"] [id "900405"] [msg "xmlrpc POST logging"] [data "409"] [hostname "healthandwellnessdaily.online"] [uri "/xmlrpc.php"] [unique_id "al9H6SBMYeh5YLVG45xfkgAAAmM"]
[Tue Jul 21 07:20:25.405827 2026] [security2:error] [pid 230252:tid 230451] [client 20.197.192.193:6346] ModSecurity: Access denied with code 409 (phase 1). RBL lookup of 193.192.197.20.vulnscan.websitewelcome.com succeeded at REMOTE_ADDR. [file "/opt/mod_security/hg_rules.conf"] [line "1566"] [id "900933"] [msg "Vulnerability Scan RBL: vulnscan.websitewelcome.com"] [hostname "mail.eltonmelo.com.br"] [uri "/billur.php"] [unique_id "al9H6U0Dwhk5-Z44Xro6BAAAAtw"]
[Tue Jul 21 07:20:25.448391 2026] [security2:error] [pid 230252:tid 230462] [client 4.204.201.85:43928] ModSecurity: Access denied with code 409 (phase 1). RBL lookup of 85.201.204.4.vulnscan.websitewelcome.com succeeded at REMOTE_ADDR. [file "/opt/mod_security/hg_rules.conf"] [line "1566"] [id "900933"] [msg "Vulnerability Scan RBL: vulnscan.websitewelcome.com"] [hostname "beezar.com.br"] [uri "/abcd.php"] [unique_id "al9H6U0Dwhk5-Z44Xro6BgAAAuc"]
[Tue Jul 21 07:20:25.494129 2026] [security2:error] [pid 229246:tid 229289] [remote 2001:4490:4ec1:ec62:f01d:f50d:c923:184c:0] ModSecurity: Access denied with code 406 (phase 2). Operator GT matched 0 at USER:bf_block. [file "/opt/mod_security/hg_rules.conf"] [line "1482"] [id "909121"] [msg "IP address blocked, too many xmlrpc.php failures"] [hostname "getveltrixhealth.com"] [uri "/xmlrpc.php"] [unique_id "al9H6SBMYeh5YLVG45xflAACZyo"]
[Tue Jul 21 07:20:25.494289 2026] [security2:error] [pid 229246:tid 229459] [client 2001:4490:4ec1:ec62:f01d:f50d:c923:184c:0] ModSecurity: Warning. Pattern match "POST" at REQUEST_METHOD. [file "/opt/mod_security/hg_rules.conf"] [line "151"] [id "900405"] [msg "xmlrpc POST logging"] [data "406"] [hostname "getveltrixhealth.com"] [uri "/xmlrpc.php"] [unique_id "al9H6SBMYeh5YLVG45xflAACZyo"]
[Tue Jul 21 07:20:25.515718 2026] [security2:error] [pid 230252:tid 230452] [client 193.36.225.64:61645] ModSecurity: Access denied with code 409 (phase 1). RBL lookup of 64.225.36.193.vulnscan.websitewelcome.com succeeded at REMOTE_ADDR. [file "/opt/mod_security/hg_rules.conf"] [line "1566"] [id "900933"] [msg "Vulnerability Scan RBL: vulnscan.websitewelcome.com"] [hostname "moldurasbrilhante.com.br"] [uri "/wp-admin/index.php"] [unique_id "al9H6U0Dwhk5-Z44Xro6BwAAAt0"], referer: https://moldurasbrilhante.com.br/wp-login.php
[Tue Jul 21 07:20:25.612050 2026] [security2:error] [pid 230252:tid 230430] [client 20.104.96.117:0] ModSecurity: Access denied with code 409 (phase 1). RBL lookup of 117.96.104.20.vulnscan.websitewelcome.com succeeded at REMOTE_ADDR. [file "/opt/mod_security/hg_rules.conf"] [line "1566"] [id "900933"] [msg "Vulnerability Scan RBL: vulnscan.websitewelcome.com"] [hostname "ocara.io"] [uri "/wp-blink.php"] [unique_id "al9H6U0Dwhk5-Z44Xro6CAAAAsc"]
[Tue Jul 21 07:20:25.622801 2026] [core:error] [pid 229246:tid 229267] [remote 40.77.167.14:50307] AH00124: Request exceeded the limit of 10 internal redirects due to probable configuration error. Use 'LimitInternalRecursion' to increase the limit if necessary. Use 'LogLevel debug' to get a backtrace.
[Tue Jul 21 07:20:25.622839 2026] [core:error] [pid 229246:tid 229267] [remote 40.77.167.14:50307] AH00124: Request exceeded the limit of 10 internal redirects due to probable configuration error. Use 'LimitInternalRecursion' to increase the limit if necessary. Use 'LogLevel debug' to get a backtrace.
[Tue Jul 21 07:20:25.726592 2026] [security2:error] [pid 230252:tid 230493] [client 20.226.60.151:54495] ModSecurity: Access denied with code 409 (phase 1). RBL lookup of 151.60.226.20.vulnscan.websitewelcome.com succeeded at REMOTE_ADDR. [file "/opt/mod_security/hg_rules.conf"] [line "1566"] [id "900933"] [msg "Vulnerability Scan RBL: vulnscan.websitewelcome.com"] [hostname "cpanel.acupunturaebemestar.com.br"] [uri "/32e17094cfindex.php"] [unique_id "al9H6U0Dwhk5-Z44Xro6DAAAAwY"]
[Tue Jul 21 07:20:25.750589 2026] [core:error] [pid 229246:tid 229334] [remote 40.77.167.14:50307] AH00124: Request exceeded the limit of 10 internal redirects due to probable configuration error. Use 'LimitInternalRecursion' to increase the limit if necessary. Use 'LogLevel debug' to get a backtrace.
[Tue Jul 21 07:20:25.750608 2026] [core:error] [pid 229246:tid 229334] [remote 40.77.167.14:50307] AH00124: Request exceeded the limit of 10 internal redirects due to probable configuration error. Use 'LimitInternalRecursion' to increase the limit if necessary. Use 'LogLevel debug' to get a backtrace.
[Tue Jul 21 07:20:25.836708 2026] [security2:error] [pid 230252:tid 230289] [remote 91.92.241.196:0] ModSecurity: Access denied with code 406 (phase 2). Pattern match "(?:\\\\b(?:\\\\.(?:ht(?:access|passwd|group)|www_?acl)|global\\\\.asa|httpd\\\\.conf|boot\\\\.ini|web.config)\\\\b|( |^|\\\\.\\\\.)/etc/|/\\\\.(?:history|bash_history|sh_history|env)$)" at REQUEST_FILENAME. [file "/etc/httpd/modsecurity.d/10_asl_rules.conf"] [line "211"] [id "390709"] [rev "30"] [msg "Atomicorp.com WAF Rules: Attempt to access protected file remotely"] [data "/.env"] [severity "CRITICAL"] [hostname "samuelsilva1755793355195.0711679.meusitehostgator.com.br"] [uri "/.env"] [unique_id "al9H6U0Dwhk5-Z44Xro6DgAC0yM"]
[Tue Jul 21 07:20:25.877268 2026] [core:error] [pid 229246:tid 229358] [remote 40.77.167.14:50307] AH00124: Request exceeded the limit of 10 internal redirects due to probable configuration error. Use 'LimitInternalRecursion' to increase the limit if necessary. Use 'LogLevel debug' to get a backtrace.
[Tue Jul 21 07:20:25.877287 2026] [core:error] [pid 229246:tid 229358] [remote 40.77.167.14:50307] AH00124: Request exceeded the limit of 10 internal redirects due to probable configuration error. Use 'LimitInternalRecursion' to increase the limit if necessary. Use 'LogLevel debug' to get a backtrace.
[Tue Jul 21 07:20:25.895487 2026] [security2:error] [pid 230252:tid 230425] [client 20.104.96.117:0] ModSecurity: Access denied with code 409 (phase 1). RBL lookup of 117.96.104.20.vulnscan.websitewelcome.com succeeded at REMOTE_ADDR. [file "/opt/mod_security/hg_rules.conf"] [line "1566"] [id "900933"] [msg "Vulnerability Scan RBL: vulnscan.websitewelcome.com"] [hostname "ocara.io"] [uri "/zc-208.php"] [unique_id "al9H6U0Dwhk5-Z44Xro6DwAAAsI"]
[Tue Jul 21 07:20:25.962921 2026] [http2:warn] [pid 229246:tid 229492] [client 57.141.18.16:35796] h2_stream(229246-154-1,CLEANUP): started=1, scheduled=1, ready=0, out_buffer=0
[Tue Jul 21 07:20:26.054996 2026] [security2:error] [pid 229246:tid 229446] [client 4.204.201.85:43859] ModSecurity: Access denied with code 409 (phase 1). RBL lookup of 85.201.204.4.vulnscan.websitewelcome.com succeeded at REMOTE_ADDR. [file "/opt/mod_security/hg_rules.conf"] [line "1566"] [id "900933"] [msg "Vulnerability Scan RBL: vulnscan.websitewelcome.com"] [hostname "beezar.com.br"] [uri "/file15.php"] [unique_id "al9H6iBMYeh5YLVG45xfmwAAAlo"]
[Tue Jul 21 07:20:26.136421 2026] [security2:error] [pid 229246:tid 229470] [client 20.197.192.193:6371] ModSecurity: Access denied with code 409 (phase 1). RBL lookup of 193.192.197.20.vulnscan.websitewelcome.com succeeded at REMOTE_ADDR. [file "/opt/mod_security/hg_rules.conf"] [line "1566"] [id "900933"] [msg "Vulnerability Scan RBL: vulnscan.websitewelcome.com"] [hostname "mail.eltonmelo.com.br"] [uri "/mimpi.php"] [unique_id "al9H6iBMYeh5YLVG45xfnAAAAnI"]
[Tue Jul 21 07:20:26.192024 2026] [security2:error] [pid 229246:tid 229424] [client 20.104.96.117:0] ModSecurity: Access denied with code 409 (phase 1). RBL lookup of 117.96.104.20.vulnscan.websitewelcome.com succeeded at REMOTE_ADDR. [file "/opt/mod_security/hg_rules.conf"] [line "1566"] [id "900933"] [msg "Vulnerability Scan RBL: vulnscan.websitewelcome.com"] [hostname "ocara.io"] [uri "/sid4.php"] [unique_id "al9H6iBMYeh5YLVG45xfngAAAkQ"]
[Tue Jul 21 07:20:26.262929 2026] [security2:error] [pid 230252:tid 230404] [client 139.135.44.145:53940] ModSecurity: Access denied with code 409 (phase 1). RBL lookup of 145.44.135.139.testwprbl.websitewelcome.com succeeded at REMOTE_ADDR. [file "/opt/mod_security/hg_rules.conf"] [line "176"] [id "900407"] [msg "Wordpress and Joomla Brute RBL: testwprbl.websitewelcome.com"] [hostname "pexbrasil.com"] [uri "/xmlrpc.php"] [unique_id "al9H6k0Dwhk5-Z44Xro6FgAAAq0"]
[Tue Jul 21 07:20:26.263029 2026] [security2:error] [pid 230252:tid 230404] [client 139.135.44.145:53940] ModSecurity: Warning. Pattern match "POST" at REQUEST_METHOD. [file "/opt/mod_security/hg_rules.conf"] [line "151"] [id "900405"] [msg "xmlrpc POST logging"] [data "409"] [hostname "pexbrasil.com"] [uri "/xmlrpc.php"] [unique_id "al9H6k0Dwhk5-Z44Xro6FgAAAq0"]
[Tue Jul 21 07:20:26.407620 2026] [security2:error] [pid 229246:tid 229404] [client 91.92.241.196:0] ModSecurity: Access denied with code 406 (phase 2). Pattern match "(?:\\\\b(?:\\\\.(?:ht(?:access|passwd|group)|www_?acl)|global\\\\.asa|httpd\\\\.conf|boot\\\\.ini|web.config)\\\\b|( |^|\\\\.\\\\.)/etc/|/\\\\.(?:history|bash_history|sh_history|env)$)" at REQUEST_FILENAME. [file "/etc/httpd/modsecurity.d/10_asl_rules.conf"] [line "211"] [id "390709"] [rev "30"] [msg "Atomicorp.com WAF Rules: Attempt to access protected file remotely"] [data "/.env"] [severity "CRITICAL"] [hostname "samuelsilva1755793355195.0711679.meusitehostgator.com.br"] [uri "/.env"] [unique_id "al9H6iBMYeh5YLVG45xfowAAAjA"]
[Tue Jul 21 07:20:26.417212 2026] [security2:error] [pid 229246:tid 229296] [remote 103.190.239.132:0] ModSecurity: Access denied with code 409 (phase 1). RBL lookup of 132.239.190.103.testwprbl.websitewelcome.com succeeded at REMOTE_ADDR. [file "/opt/mod_security/hg_rules.conf"] [line "176"] [id "900407"] [msg "Wordpress and Joomla Brute RBL: testwprbl.websitewelcome.com"] [hostname "vidrosprovetro.com.br"] [uri "/xmlrpc.php"] [unique_id "al9H6iBMYeh5YLVG45xfpAACjTE"]
[Tue Jul 21 07:20:26.417389 2026] [security2:error] [pid 229246:tid 229497] [client 103.190.239.132:0] ModSecurity: Warning. Pattern match "POST" at REQUEST_METHOD. [file "/opt/mod_security/hg_rules.conf"] [line "151"] [id "900405"] [msg "xmlrpc POST logging"] [data "409"] [hostname "vidrosprovetro.com.br"] [uri "/xmlrpc.php"] [unique_id "al9H6iBMYeh5YLVG45xfpAACjTE"]
[Tue Jul 21 07:20:26.436699 2026] [security2:error] [pid 229246:tid 229478] [client 74.249.245.134:48075] ModSecurity: Access denied with code 409 (phase 1). RBL lookup of 134.245.249.74.vulnscan.websitewelcome.com succeeded at REMOTE_ADDR. [file "/opt/mod_security/hg_rules.conf"] [line "1566"] [id "900933"] [msg "Vulnerability Scan RBL: vulnscan.websitewelcome.com"] [hostname "drjoaoguedes.com"] [uri "/ws83.php"] [unique_id "al9H6iBMYeh5YLVG45xfpQAAAno"]
[Tue Jul 21 07:20:26.664740 2026] [security2:error] [pid 229246:tid 229276] [remote 128.0.83.186:0] ModSecurity: Access denied with code 409 (phase 1). RBL lookup of 186.83.0.128.testwprbl.websitewelcome.com succeeded at REMOTE_ADDR. [file "/opt/mod_security/hg_rules.conf"] [line "176"] [id "900407"] [msg "Wordpress and Joomla Brute RBL: testwprbl.websitewelcome.com"] [hostname "botzappro.com.br"] [uri "/xmlrpc.php"] [unique_id "al9H6iBMYeh5YLVG45xfqAACVR0"]
[Tue Jul 21 07:20:26.664912 2026] [security2:error] [pid 229246:tid 229441] [client 128.0.83.186:0] ModSecurity: Warning. Pattern match "POST" at REQUEST_METHOD. [file "/opt/mod_security/hg_rules.conf"] [line "151"] [id "900405"] [msg "xmlrpc POST logging"] [data "409"] [hostname "botzappro.com.br"] [uri "/xmlrpc.php"] [unique_id "al9H6iBMYeh5YLVG45xfqAACVR0"]
[Tue Jul 21 07:20:26.678745 2026] [security2:error] [pid 229246:tid 229491] [client 20.197.192.193:6382] ModSecurity: Access denied with code 409 (phase 1). RBL lookup of 193.192.197.20.vulnscan.websitewelcome.com succeeded at REMOTE_ADDR. [file "/opt/mod_security/hg_rules.conf"] [line "1566"] [id "900933"] [msg "Vulnerability Scan RBL: vulnscan.websitewelcome.com"] [hostname "mail.eltonmelo.com.br"] [uri "/dp.php"] [unique_id "al9H6iBMYeh5YLVG45xfqQAAAoc"]
[Tue Jul 21 07:20:26.751205 2026] [security2:error] [pid 230252:tid 230401] [client 175.45.70.82:49887] ModSecurity: Access denied with code 409 (phase 1). RBL lookup of 82.70.45.175.testwprbl.websitewelcome.com succeeded at REMOTE_ADDR. [file "/opt/mod_security/hg_rules.conf"] [line "176"] [id "900407"] [msg "Wordpress and Joomla Brute RBL: testwprbl.websitewelcome.com"] [hostname "filtrokangen.com.br"] [uri "/xmlrpc.php"] [unique_id "al9H6k0Dwhk5-Z44Xro6GgAAAqo"]
[Tue Jul 21 07:20:26.751329 2026] [security2:error] [pid 230252:tid 230401] [client 175.45.70.82:49887] ModSecurity: Warning. Pattern match "POST" at REQUEST_METHOD. [file "/opt/mod_security/hg_rules.conf"] [line "151"] [id "900405"] [msg "xmlrpc POST logging"] [data "409"] [hostname "filtrokangen.com.br"] [uri "/xmlrpc.php"] [unique_id "al9H6k0Dwhk5-Z44Xro6GgAAAqo"]
[Tue Jul 21 07:20:26.830258 2026] [security2:error] [pid 229246:tid 229428] [client 74.244.195.153:59523] ModSecurity: Access denied with code 409 (phase 1). RBL lookup of 153.195.244.74.testwprbl.websitewelcome.com succeeded at REMOTE_ADDR. [file "/opt/mod_security/hg_rules.conf"] [line "176"] [id "900407"] [msg "Wordpress and Joomla Brute RBL: testwprbl.websitewelcome.com"] [hostname "mannucarvalho.com"] [uri "/xmlrpc.php"] [unique_id "al9H6iBMYeh5YLVG45xfrAAAAkg"]
[Tue Jul 21 07:20:26.840591 2026] [security2:error] [pid 229246:tid 229428] [client 74.244.195.153:59523] ModSecurity: Warning. Pattern match "POST" at REQUEST_METHOD. [file "/opt/mod_security/hg_rules.conf"] [line "151"] [id "900405"] [msg "xmlrpc POST logging"] [data "409"] [hostname "mannucarvalho.com"] [uri "/xmlrpc.php"] [unique_id "al9H6iBMYeh5YLVG45xfrAAAAkg"]
[Tue Jul 21 07:20:26.974106 2026] [http2:warn] [pid 229246:tid 229413] [client 57.141.18.32:36788] h2_stream(229246-158-1,CLEANUP): started=1, scheduled=1, ready=0, out_buffer=0
[Tue Jul 21 07:20:26.989945 2026] [security2:error] [pid 229246:tid 229462] [client 20.151.10.161:53586] ModSecurity: Access denied with code 409 (phase 1). RBL lookup of 161.10.151.20.vulnscan.websitewelcome.com succeeded at REMOTE_ADDR. [file "/opt/mod_security/hg_rules.conf"] [line "1566"] [id "900933"] [msg "Vulnerability Scan RBL: vulnscan.websitewelcome.com"] [hostname "webdisk.jandel.com.br"] [uri "/7.php"] [unique_id "al9H6iBMYeh5YLVG45xfrQAAAmo"]
[Tue Jul 21 07:20:27.057625 2026] [http2:warn] [pid 229246:tid 229379] [client 57.141.18.79:38222] h2_stream(229246-160-1,CLEANUP): started=1, scheduled=1, ready=0, out_buffer=0
[Tue Jul 21 07:20:27.059490 2026] [security2:error] [pid 229246:tid 229479] [client 20.151.10.161:45956] ModSecurity: Access denied with code 409 (phase 1). RBL lookup of 161.10.151.20.vulnscan.websitewelcome.com succeeded at REMOTE_ADDR. [file "/opt/mod_security/hg_rules.conf"] [line "1566"] [id "900933"] [msg "Vulnerability Scan RBL: vulnscan.websitewelcome.com"] [hostname "prospecta.agendaclique.com.br"] [uri "/100.php"] [unique_id "al9H6yBMYeh5YLVG45xfrgAAAns"]
[Tue Jul 21 07:20:27.297376 2026] [security2:error] [pid 230252:tid 230510] [client 20.197.192.193:6391] ModSecurity: Access denied with code 409 (phase 1). RBL lookup of 193.192.197.20.vulnscan.websitewelcome.com succeeded at REMOTE_ADDR. [file "/opt/mod_security/hg_rules.conf"] [line "1566"] [id "900933"] [msg "Vulnerability Scan RBL: vulnscan.websitewelcome.com"] [hostname "mail.eltonmelo.com.br"] [uri "/bootstrap.php"] [unique_id "al9H600Dwhk5-Z44Xro6JQAAAxc"]
[Tue Jul 21 07:20:27.355676 2026] [security2:error] [pid 230252:tid 230494] [client 20.104.96.117:0] ModSecurity: Access denied with code 409 (phase 1). RBL lookup of 117.96.104.20.vulnscan.websitewelcome.com succeeded at REMOTE_ADDR. [file "/opt/mod_security/hg_rules.conf"] [line "1566"] [id "900933"] [msg "Vulnerability Scan RBL: vulnscan.websitewelcome.com"] [hostname "ocara.io"] [uri "/wmore1.php"] [unique_id "al9H600Dwhk5-Z44Xro6JwAAAwc"]
[Tue Jul 21 07:20:27.413925 2026] [security2:error] [pid 230252:tid 230473] [client 120.61.173.56:54618] ModSecurity: Access denied with code 409 (phase 1). RBL lookup of 56.173.61.120.testwprbl.websitewelcome.com succeeded at REMOTE_ADDR. [file "/opt/mod_security/hg_rules.conf"] [line "176"] [id "900407"] [msg "Wordpress and Joomla Brute RBL: testwprbl.websitewelcome.com"] [hostname "agmiz.com.br"] [uri "/xmlrpc.php"] [unique_id "al9H600Dwhk5-Z44Xro6KAAAAvI"]
[Tue Jul 21 07:20:27.414097 2026] [security2:error] [pid 230252:tid 230473] [client 120.61.173.56:54618] ModSecurity: Warning. Pattern match "POST" at REQUEST_METHOD. [file "/opt/mod_security/hg_rules.conf"] [line "151"] [id "900405"] [msg "xmlrpc POST logging"] [data "409"] [hostname "agmiz.com.br"] [uri "/xmlrpc.php"] [unique_id "al9H600Dwhk5-Z44Xro6KAAAAvI"]
[Tue Jul 21 07:20:27.625104 2026] [security2:error] [pid 229246:tid 229380] [client 20.220.225.223:36840] ModSecurity: Access denied with code 409 (phase 1). RBL lookup of 223.225.220.20.vulnscan.websitewelcome.com succeeded at REMOTE_ADDR. [file "/opt/mod_security/hg_rules.conf"] [line "1566"] [id "900933"] [msg "Vulnerability Scan RBL: vulnscan.websitewelcome.com"] [hostname "irrigaplus.com.br"] [uri "/dp.php"] [unique_id "al9H6yBMYeh5YLVG45xftQAAAhg"]
[Tue Jul 21 07:20:27.637757 2026] [security2:error] [pid 230252:tid 230442] [client 20.104.96.117:0] ModSecurity: Access denied with code 409 (phase 1). RBL lookup of 117.96.104.20.vulnscan.websitewelcome.com succeeded at REMOTE_ADDR. [file "/opt/mod_security/hg_rules.conf"] [line "1566"] [id "900933"] [msg "Vulnerability Scan RBL: vulnscan.websitewelcome.com"] [hostname "ocara.io"] [uri "/solo1.php"] [unique_id "al9H600Dwhk5-Z44Xro6KQAAAtM"]
[Tue Jul 21 07:20:27.694794 2026] [security2:error] [pid 230252:tid 230412] [client 74.249.245.134:44585] ModSecurity: Access denied with code 409 (phase 1). RBL lookup of 134.245.249.74.vulnscan.websitewelcome.com succeeded at REMOTE_ADDR. [file "/opt/mod_security/hg_rules.conf"] [line "1566"] [id "900933"] [msg "Vulnerability Scan RBL: vulnscan.websitewelcome.com"] [hostname "drjoaoguedes.com"] [uri "/CDX1.php"] [unique_id "al9H600Dwhk5-Z44Xro6KgAAArU"]
[Tue Jul 21 07:20:27.700032 2026] [security2:error] [pid 230252:tid 230491] [client 4.204.201.85:43963] ModSecurity: Access denied with code 409 (phase 1). RBL lookup of 85.201.204.4.vulnscan.websitewelcome.com succeeded at REMOTE_ADDR. [file "/opt/mod_security/hg_rules.conf"] [line "1566"] [id "900933"] [msg "Vulnerability Scan RBL: vulnscan.websitewelcome.com"] [hostname "beezar.com.br"] [uri "/jp.php"] [unique_id "al9H600Dwhk5-Z44Xro6KwAAAwQ"]
[Tue Jul 21 07:20:27.856506 2026] [security2:error] [pid 230252:tid 230428] [client 173.252.95.18:57226] ModSecurity: Access denied with code 409 (phase 1). RBL lookup of 18.95.252.173.vulnscan.websitewelcome.com succeeded at REMOTE_ADDR. [file "/opt/mod_security/hg_rules.conf"] [line "1566"] [id "900933"] [msg "Vulnerability Scan RBL: vulnscan.websitewelcome.com"] [hostname "saude.agendaclique.com.br"] [uri "/webhook/meta_router.php"] [unique_id "al9H6U0Dwhk5-Z44Xro6CgAAAsU"]
[Tue Jul 21 07:20:28.198684 2026] [security2:error] [pid 230252:tid 230401] [client 20.104.96.117:0] ModSecurity: Access denied with code 409 (phase 1). RBL lookup of 117.96.104.20.vulnscan.websitewelcome.com succeeded at REMOTE_ADDR. [file "/opt/mod_security/hg_rules.conf"] [line "1566"] [id "900933"] [msg "Vulnerability Scan RBL: vulnscan.websitewelcome.com"] [hostname "ocara.io"] [uri "/cong.php"] [unique_id "al9H7E0Dwhk5-Z44Xro6NAAAAqo"]
[Tue Jul 21 07:20:28.201652 2026] [security2:error] [pid 229246:tid 229364] [remote 91.92.241.196:0] ModSecurity: Access denied with code 406 (phase 2). Pattern match "(?:\\\\b(?:\\\\.(?:ht(?:access|passwd|group)|www_?acl)|global\\\\.asa|httpd\\\\.conf|boot\\\\.ini|web.config)\\\\b|( |^|\\\\.\\\\.)/etc/|/\\\\.(?:history|bash_history|sh_history|env)$)" at REQUEST_FILENAME. [file "/etc/httpd/modsecurity.d/10_asl_rules.conf"] [line "211"] [id "390709"] [rev "30"] [msg "Atomicorp.com WAF Rules: Attempt to access protected file remotely"] [data "/.env"] [severity "CRITICAL"] [hostname "samuelsilva1755793355195.0711679.meusitehostgator.com.br"] [uri "/api/.env"] [unique_id "al9H7CBMYeh5YLVG45xfvwACYnU"]
[Tue Jul 21 07:20:28.416156 2026] [http2:warn] [pid 229246:tid 229458] [client 57.141.18.35:61098] h2_stream(229246-166-1,CLEANUP): started=1, scheduled=1, ready=0, out_buffer=0
[Tue Jul 21 07:20:28.562624 2026] [security2:error] [pid 230252:tid 230464] [client 173.252.95.17:44336] ModSecurity: Access denied with code 409 (phase 1). RBL lookup of 17.95.252.173.vulnscan.websitewelcome.com succeeded at REMOTE_ADDR. [file "/opt/mod_security/hg_rules.conf"] [line "1566"] [id "900933"] [msg "Vulnerability Scan RBL: vulnscan.websitewelcome.com"] [hostname "saude.agendaclique.com.br"] [uri "/webhook/meta_router.php"] [unique_id "al9H7E0Dwhk5-Z44Xro6OwAAAuk"]
[Tue Jul 21 07:20:28.646093 2026] [security2:error] [pid 229246:tid 229478] [client 20.151.10.161:12047] ModSecurity: Access denied with code 409 (phase 1). RBL lookup of 161.10.151.20.vulnscan.websitewelcome.com succeeded at REMOTE_ADDR. [file "/opt/mod_security/hg_rules.conf"] [line "1566"] [id "900933"] [msg "Vulnerability Scan RBL: vulnscan.websitewelcome.com"] [hostname "webdisk.jandel.com.br"] [uri "/8.php"] [unique_id "al9H7CBMYeh5YLVG45xfwwAAAno"]
[Tue Jul 21 07:20:28.694281 2026] [security2:error] [pid 230252:tid 230335] [remote 217.165.161.233:0] ModSecurity: Access denied with code 409 (phase 1). RBL lookup of 233.161.165.217.testwprbl.websitewelcome.com succeeded at REMOTE_ADDR. [file "/opt/mod_security/hg_rules.conf"] [line "176"] [id "900407"] [msg "Wordpress and Joomla Brute RBL: testwprbl.websitewelcome.com"] [hostname "royalbsolutions.com"] [uri "/xmlrpc.php"] [unique_id "al9H7E0Dwhk5-Z44Xro6PgACxlA"]
[Tue Jul 21 07:20:28.694468 2026] [security2:error] [pid 230252:tid 230429] [client 217.165.161.233:0] ModSecurity: Warning. Pattern match "POST" at REQUEST_METHOD. [file "/opt/mod_security/hg_rules.conf"] [line "151"] [id "900405"] [msg "xmlrpc POST logging"] [data "409"] [hostname "royalbsolutions.com"] [uri "/xmlrpc.php"] [unique_id "al9H7E0Dwhk5-Z44Xro6PgACxlA"]
[Tue Jul 21 07:20:28.767205 2026] [security2:error] [pid 230252:tid 230462] [client 20.104.96.117:0] ModSecurity: Access denied with code 409 (phase 1). RBL lookup of 117.96.104.20.vulnscan.websitewelcome.com succeeded at REMOTE_ADDR. [file "/opt/mod_security/hg_rules.conf"] [line "1566"] [id "900933"] [msg "Vulnerability Scan RBL: vulnscan.websitewelcome.com"] [hostname "ocara.io"] [uri "/public/css.php"] [unique_id "al9H7E0Dwhk5-Z44Xro6PwAAAuc"]
[Tue Jul 21 07:20:28.773235 2026] [security2:error] [pid 230252:tid 230406] [client 20.151.10.161:46058] ModSecurity: Access denied with code 409 (phase 1). RBL lookup of 161.10.151.20.vulnscan.websitewelcome.com succeeded at REMOTE_ADDR. [file "/opt/mod_security/hg_rules.conf"] [line "1566"] [id "900933"] [msg "Vulnerability Scan RBL: vulnscan.websitewelcome.com"] [hostname "prospecta.agendaclique.com.br"] [uri "/about.php"] [unique_id "al9H7E0Dwhk5-Z44Xro6QAAAAq8"]
[Tue Jul 21 07:20:28.914598 2026] [security2:error] [pid 230252:tid 230461] [client 91.92.241.196:0] ModSecurity: Access denied with code 406 (phase 2). Pattern match "(?:\\\\b(?:\\\\.(?:ht(?:access|passwd|group)|www_?acl)|global\\\\.asa|httpd\\\\.conf|boot\\\\.ini|web.config)\\\\b|( |^|\\\\.\\\\.)/etc/|/\\\\.(?:history|bash_history|sh_history|env)$)" at REQUEST_FILENAME. [file "/etc/httpd/modsecurity.d/10_asl_rules.conf"] [line "211"] [id "390709"] [rev "30"] [msg "Atomicorp.com WAF Rules: Attempt to access protected file remotely"] [data "/.env"] [severity "CRITICAL"] [hostname "samuelsilva1755793355195.0711679.meusitehostgator.com.br"] [uri "/api/.env"] [unique_id "al9H7E0Dwhk5-Z44Xro6QQAAAuY"]
[Tue Jul 21 07:20:29.051314 2026] [security2:error] [pid 229246:tid 229496] [client 20.104.96.117:0] ModSecurity: Access denied with code 409 (phase 1). RBL lookup of 117.96.104.20.vulnscan.websitewelcome.com succeeded at REMOTE_ADDR. [file "/opt/mod_security/hg_rules.conf"] [line "1566"] [id "900933"] [msg "Vulnerability Scan RBL: vulnscan.websitewelcome.com"] [hostname "ocara.io"] [uri "/output.php"] [unique_id "al9H7SBMYeh5YLVG45xfyQAAAow"]
[Tue Jul 21 07:20:29.223032 2026] [http2:warn] [pid 229246:tid 229493] [client 57.141.18.120:26156] h2_stream(229246-168-1,CLEANUP): started=1, scheduled=1, ready=0, out_buffer=0
[Tue Jul 21 07:20:29.327574 2026] [security2:error] [pid 230252:tid 230502] [client 20.104.96.117:0] ModSecurity: Access denied with code 409 (phase 1). RBL lookup of 117.96.104.20.vulnscan.websitewelcome.com succeeded at REMOTE_ADDR. [file "/opt/mod_security/hg_rules.conf"] [line "1566"] [id "900933"] [msg "Vulnerability Scan RBL: vulnscan.websitewelcome.com"] [hostname "ocara.io"] [uri "/wp-file-120.php"] [unique_id "al9H7U0Dwhk5-Z44Xro6QgAAAw8"]
[Tue Jul 21 07:20:29.331682 2026] [security2:error] [pid 230252:tid 230493] [client 20.151.10.161:12069] ModSecurity: Warning. Pattern match "/1\\\\.php" at REQUEST_URI. [file "/opt/mod_security/hg_rules.conf"] [line "1543"] [id "900921"] [msg "temporary TUW-72162 logging rule"] [hostname "webdisk.jandel.com.br"] [uri "/1.php"] [unique_id "al9H7U0Dwhk5-Z44Xro6QwAAAwY"]
[Tue Jul 21 07:20:29.331772 2026] [security2:error] [pid 230252:tid 230493] [client 20.151.10.161:12069] ModSecurity: Access denied with code 409 (phase 1). RBL lookup of 161.10.151.20.vulnscan.websitewelcome.com succeeded at REMOTE_ADDR. [file "/opt/mod_security/hg_rules.conf"] [line "1566"] [id "900933"] [msg "Vulnerability Scan RBL: vulnscan.websitewelcome.com"] [hostname "webdisk.jandel.com.br"] [uri "/1.php"] [unique_id "al9H7U0Dwhk5-Z44Xro6QwAAAwY"]
[Tue Jul 21 07:20:29.386803 2026] [security2:error] [pid 230252:tid 230511] [client 4.204.201.85:43992] ModSecurity: Access denied with code 409 (phase 1). RBL lookup of 85.201.204.4.vulnscan.websitewelcome.com succeeded at REMOTE_ADDR. [file "/opt/mod_security/hg_rules.conf"] [line "1566"] [id "900933"] [msg "Vulnerability Scan RBL: vulnscan.websitewelcome.com"] [hostname "beezar.com.br"] [uri "/f35.php"] [unique_id "al9H7U0Dwhk5-Z44Xro6RAAAAxg"]
[Tue Jul 21 07:20:29.463151 2026] [security2:error] [pid 230252:tid 230486] [client 92.119.178.3:44230] ModSecurity: Access denied with code 409 (phase 1). RBL lookup of 3.178.119.92.testwprbl.websitewelcome.com succeeded at REMOTE_ADDR. [file "/opt/mod_security/hg_rules.conf"] [line "176"] [id "900407"] [msg "Wordpress and Joomla Brute RBL: testwprbl.websitewelcome.com"] [hostname "topudi.online"] [uri "/xmlrpc.php"] [unique_id "al9H7U0Dwhk5-Z44Xro6RwAAAv8"]
[Tue Jul 21 07:20:29.463234 2026] [security2:error] [pid 230252:tid 230486] [client 92.119.178.3:44230] ModSecurity: Warning. Pattern match "POST" at REQUEST_METHOD. [file "/opt/mod_security/hg_rules.conf"] [line "151"] [id "900405"] [msg "xmlrpc POST logging"] [data "409"] [hostname "topudi.online"] [uri "/xmlrpc.php"] [unique_id "al9H7U0Dwhk5-Z44Xro6RwAAAv8"]
[Tue Jul 21 07:20:29.532226 2026] [http2:warn] [pid 229246:tid 229450] [client 57.141.18.71:28578] h2_stream(229246-169-1,CLEANUP): started=1, scheduled=1, ready=0, out_buffer=0
[Tue Jul 21 07:20:29.616801 2026] [security2:error] [pid 230252:tid 230440] [client 20.104.96.117:0] ModSecurity: Access denied with code 409 (phase 1). RBL lookup of 117.96.104.20.vulnscan.websitewelcome.com succeeded at REMOTE_ADDR. [file "/opt/mod_security/hg_rules.conf"] [line "1566"] [id "900933"] [msg "Vulnerability Scan RBL: vulnscan.websitewelcome.com"] [hostname "ocara.io"] [uri "/special.php"] [unique_id "al9H7U0Dwhk5-Z44Xro6TAAAAtE"]
[Tue Jul 21 07:20:29.734717 2026] [core:error] [pid 229246:tid 229362] [remote 40.77.167.49:64068] AH00124: Request exceeded the limit of 10 internal redirects due to probable configuration error. Use 'LimitInternalRecursion' to increase the limit if necessary. Use 'LogLevel debug' to get a backtrace.
[Tue Jul 21 07:20:29.734744 2026] [core:error] [pid 229246:tid 229362] [remote 40.77.167.49:64068] AH00124: Request exceeded the limit of 10 internal redirects due to probable configuration error. Use 'LimitInternalRecursion' to increase the limit if necessary. Use 'LogLevel debug' to get a backtrace.
[Tue Jul 21 07:20:29.932552 2026] [http2:warn] [pid 230252:tid 230496] [client 45.80.104.96:51773] h2_stream(230252-4-1,CLEANUP): started=1, scheduled=1, ready=0, out_buffer=0
